 {"id":113,"date":"2022-02-11T15:31:49","date_gmt":"2022-02-11T14:31:49","guid":{"rendered":"https:\/\/blogs.univ-tlse2.fr\/dimedd\/?page_id=113"},"modified":"2022-02-11T15:44:39","modified_gmt":"2022-02-11T14:44:39","slug":"recommandations-pedagogiques","status":"publish","type":"page","link":"https:\/\/blogs.univ-tlse2.fr\/dimedd\/recommandations-pedagogiques\/","title":{"rendered":"Recommandations p\u00e9dagogiques"},"content":{"rendered":"\n<p>Livret de recommandations p\u00e9dagogiques bas\u00e9es sur les r\u00e9sultats des recherches du projet DIMEDD men\u00e9 dans les coll\u00e8ges partenaires :<\/p>\n\n\n\n<div data-wp-interactive=\"core\/file\" class=\"wp-block-file\"><object data-wp-bind--hidden=\"!state.hasPdfPreview\" hidden class=\"wp-block-file__embed\" data=\"https:\/\/blogs.univ-tlse2.fr\/dimedd\/files\/2022\/02\/DIMEDD-POUCEDD-Rapport-des-e\u0301tudes-et-recommandations-pe\u0301dagogiques.pdf\" type=\"application\/pdf\" style=\"width:100%;height:600px\" aria-label=\"Contenu embarqu\u00e9 Contenu embarqu\u00e9 DIMEDD-POUCEDD-Rapport-des-e\u0301tudes-et-recommandations-pe\u0301dagogiques..\"><\/object><a id=\"wp-block-file--media-daf6dedd-ef40-4014-94ac-96f63151b7f6\" href=\"https:\/\/blogs.univ-tlse2.fr\/dimedd\/files\/2022\/02\/DIMEDD-POUCEDD-Rapport-des-e\u0301tudes-et-recommandations-pe\u0301dagogiques.pdf\">DIMEDD-POUCEDD-Rapport-des-e\u0301tudes-et-recommandations-pe\u0301dagogiques<\/a><a href=\"https:\/\/blogs.univ-tlse2.fr\/dimedd\/files\/2022\/02\/DIMEDD-POUCEDD-Rapport-des-e\u0301tudes-et-recommandations-pe\u0301dagogiques.pdf\" class=\"wp-block-file__button\" download aria-describedby=\"wp-block-file--media-daf6dedd-ef40-4014-94ac-96f63151b7f6\">T\u00e9l\u00e9charger<\/a><\/div>\n\n\n\n<figure class=\"wp-block-embed is-type-video is-provider-youtube wp-block-embed-youtube wp-embed-aspect-16-9 wp-has-aspect-ratio\"><div class=\"wp-block-embed__wrapper\">\n<iframe loading=\"lazy\" title=\"POUCEDD - Module Vide\u0301o\" width=\"630\" height=\"354\" src=\"https:\/\/www.youtube.com\/embed\/C71F3ho82b8?feature=oembed\" frameborder=\"0\" allow=\"accelerometer; autoplay; clipboard-write; encrypted-media; gyroscope; picture-in-picture; web-share\" referrerpolicy=\"strict-origin-when-cross-origin\" allowfullscreen><\/iframe>\n<\/div><\/figure>\n\n\n\n<figure class=\"wp-block-embed is-type-video is-provider-youtube wp-block-embed-youtube wp-embed-aspect-16-9 wp-has-aspect-ratio\"><div class=\"wp-block-embed__wrapper\">\n<iframe loading=\"lazy\" title=\"POUCEDD - Module Tri de me\u0301dias\" width=\"630\" height=\"354\" src=\"https:\/\/www.youtube.com\/embed\/lEyKm4eQYsU?feature=oembed\" frameborder=\"0\" allow=\"accelerometer; autoplay; clipboard-write; encrypted-media; gyroscope; picture-in-picture; web-share\" referrerpolicy=\"strict-origin-when-cross-origin\" allowfullscreen><\/iframe>\n<\/div><\/figure>\n\n\n\n<figure class=\"wp-block-embed is-type-video is-provider-youtube wp-block-embed-youtube wp-embed-aspect-16-9 wp-has-aspect-ratio\"><div class=\"wp-block-embed__wrapper\">\n<iframe loading=\"lazy\" title=\"POUCEDD - Modules Questions et QCM\" width=\"630\" height=\"354\" src=\"https:\/\/www.youtube.com\/embed\/F-SJpUTd1p0?feature=oembed\" frameborder=\"0\" allow=\"accelerometer; autoplay; clipboard-write; encrypted-media; gyroscope; picture-in-picture; web-share\" referrerpolicy=\"strict-origin-when-cross-origin\" allowfullscreen><\/iframe>\n<\/div><\/figure>\n","protected":false},"excerpt":{"rendered":"<p>Livret de recommandations p\u00e9dagogiques bas\u00e9es sur les r\u00e9sultats des recherches du projet DIMEDD men\u00e9 dans les coll\u00e8ges partenaires :<\/p>\n","protected":false},"author":134,"featured_media":0,"parent":0,"menu_order":0,"comment_status":"closed","ping_status":"closed","template":"","meta":{"footnotes":""},"class_list":["post-113","page","type-page","status-publish","hentry"],"_links":{"self":[{"href":"https:\/\/blogs.univ-tlse2.fr\/dimedd\/wp-json\/wp\/v2\/pages\/113","targetHints":{"allow":["GET"]}}],"collection":[{"href":"https:\/\/blogs.univ-tlse2.fr\/dimedd\/wp-json\/wp\/v2\/pages"}],"about":[{"href":"https:\/\/blogs.univ-tlse2.fr\/dimedd\/wp-json\/wp\/v2\/types\/page"}],"author":[{"embeddable":true,"href":"https:\/\/blogs.univ-tlse2.fr\/dimedd\/wp-json\/wp\/v2\/users\/134"}],"replies":[{"embeddable":true,"href":"https:\/\/blogs.univ-tlse2.fr\/dimedd\/wp-json\/wp\/v2\/comments?post=113"}],"version-history":[{"count":3,"href":"https:\/\/blogs.univ-tlse2.fr\/dimedd\/wp-json\/wp\/v2\/pages\/113\/revisions"}],"predecessor-version":[{"id":120,"href":"https:\/\/blogs.univ-tlse2.fr\/dimedd\/wp-json\/wp\/v2\/pages\/113\/revisions\/120"}],"wp:attachment":[{"href":"https:\/\/blogs.univ-tlse2.fr\/dimedd\/wp-json\/wp\/v2\/media?parent=113"}],"curies":[{"name":"wp","href":"https:\/\/api.w.org\/{rel}","templated":true}]}}