 {"id":31,"date":"2015-10-28T11:32:56","date_gmt":"2015-10-28T10:32:56","guid":{"rendered":"https:\/\/blogs.univ-tlse2.fr\/dynamiquesrurales\/?page_id=31"},"modified":"2016-03-18T16:41:36","modified_gmt":"2016-03-18T15:41:36","slug":"informations-pratiques","status":"publish","type":"page","link":"https:\/\/blogs.univ-tlse2.fr\/dynamiquesrurales\/informations-pratiques\/","title":{"rendered":"Informations pratiques"},"content":{"rendered":"<p>Vous trouverez sur cette pages toutes les informations n\u00e9cessaires pour vous rendre sur les lieux du colloque.<\/p>\n<p><a href=\"http:\/\/www.univ-tlse2.fr\"><img loading=\"lazy\" decoding=\"async\" class=\"wp-image-93 aligncenter\" src=\"https:\/\/blogs.univ-tlse2.fr\/dynamiquesrurales\/files\/2015\/10\/UTJJ-300x80.jpg\" alt=\"UTJJ\" width=\"236\" height=\"63\" srcset=\"https:\/\/blogs.univ-tlse2.fr\/dynamiquesrurales\/files\/2015\/10\/UTJJ-300x80.jpg 300w, https:\/\/blogs.univ-tlse2.fr\/dynamiquesrurales\/files\/2015\/10\/UTJJ.jpg 400w\" sizes=\"auto, (max-width: 236px) 100vw, 236px\" \/><\/a><\/p>\n<p>Moyens d&rsquo;acc\u00e8s au campus de l&rsquo;Universit\u00e9 Jean Jaur\u00e8s : <a href=\"http:\/\/www.univ-tlse2.fr\/accueil\/infos\/pratique\/adresses-et-acces\/moyens-d-acces-au-campus-du-mirail-256988.kjsp?RH=adrloc\" target=\"_blank\">ICI<\/a><\/p>\n<p>Plans du campus : <a href=\"http:\/\/www.univ-tlse2.fr\/accueil\/infos\/pratique\/adresses-et-acces\/plans-du-campus--6337.kjsp?RH=adrloc\" target=\"_blank\">ICI<\/a><\/p>\n<p style=\"text-align: center\"><a href=\"http:\/\/dynamiques-rurales.univ-tlse2.fr\/\"><img loading=\"lazy\" decoding=\"async\" class=\"alignnone wp-image-169 \" src=\"https:\/\/blogs.univ-tlse2.fr\/dynamiquesrurales\/files\/2016\/03\/LISTT-DR-300x148.jpg\" alt=\"\" width=\"229\" height=\"113\" srcset=\"https:\/\/blogs.univ-tlse2.fr\/dynamiquesrurales\/files\/2016\/03\/LISTT-DR-300x148.jpg 300w, https:\/\/blogs.univ-tlse2.fr\/dynamiquesrurales\/files\/2016\/03\/LISTT-DR-768x380.jpg 768w, https:\/\/blogs.univ-tlse2.fr\/dynamiquesrurales\/files\/2016\/03\/LISTT-DR-1024x507.jpg 1024w, https:\/\/blogs.univ-tlse2.fr\/dynamiquesrurales\/files\/2016\/03\/LISTT-DR.jpg 1063w\" sizes=\"auto, (max-width: 229px) 100vw, 229px\" \/><\/a><\/p>\n<p>En cas de difficult\u00e9s vous pouvez joindre l&rsquo;\u00e9quipe en charge de l&rsquo;organisation du colloque \u00e0 l&rsquo;adresse suivante : <strong>&lt;<\/strong><a href=\"&#x6d;a&#x69;&#x6c;t&#x6f;&#x3a;r&#x75;&#x72;a&#x6c;&#x2e;c&#x6f;&#x6e;f&#x65;&#114;e&#x6e;&#99;e&#x40;&#117;n&#x69;&#118;-&#x74;&#108;s&#x65;&#50;&#46;&#x66;&#114;\"><strong>r&#117;&#x72;al&#x2e;&#x63;o&#110;&#x66;&#x65;r&#101;&#x6e;ce&#x40;&#x75;n&#105;&#x76;&#x2d;t&#108;&#x73;e2&#x2e;&#x66;r<\/strong><\/a><strong>&gt;<\/strong><\/p>\n<p>&nbsp;<\/p>\n","protected":false},"excerpt":{"rendered":"<p>Vous trouverez sur cette pages toutes les informations n\u00e9cessaires pour vous rendre sur les lieux du colloque. Moyens d&rsquo;acc\u00e8s au campus de l&rsquo;Universit\u00e9 Jean Jaur\u00e8s : ICI Plans du campus : ICI En cas de difficult\u00e9s vous pouvez joindre l&rsquo;\u00e9quipe en charge de l&rsquo;organisation du colloque \u00e0 l&rsquo;adresse suivante : &lt;&#x72;&#x75;&#x72;&#x61;&#108;&#46;con&#x66;&#x65;&#x72;&#x65;&#110;ce&#64;u&#x6e;&#x69;&#x76;&#x2d;&#116;lse2&#x2e;&#x66;&#x72;&gt; &nbsp;<\/p>\n","protected":false},"author":289,"featured_media":0,"parent":0,"menu_order":0,"comment_status":"closed","ping_status":"closed","template":"","meta":{"footnotes":""},"class_list":["post-31","page","type-page","status-publish","hentry"],"_links":{"self":[{"href":"https:\/\/blogs.univ-tlse2.fr\/dynamiquesrurales\/wp-json\/wp\/v2\/pages\/31","targetHints":{"allow":["GET"]}}],"collection":[{"href":"https:\/\/blogs.univ-tlse2.fr\/dynamiquesrurales\/wp-json\/wp\/v2\/pages"}],"about":[{"href":"https:\/\/blogs.univ-tlse2.fr\/dynamiquesrurales\/wp-json\/wp\/v2\/types\/page"}],"author":[{"embeddable":true,"href":"https:\/\/blogs.univ-tlse2.fr\/dynamiquesrurales\/wp-json\/wp\/v2\/users\/289"}],"replies":[{"embeddable":true,"href":"https:\/\/blogs.univ-tlse2.fr\/dynamiquesrurales\/wp-json\/wp\/v2\/comments?post=31"}],"version-history":[{"count":6,"href":"https:\/\/blogs.univ-tlse2.fr\/dynamiquesrurales\/wp-json\/wp\/v2\/pages\/31\/revisions"}],"predecessor-version":[{"id":172,"href":"https:\/\/blogs.univ-tlse2.fr\/dynamiquesrurales\/wp-json\/wp\/v2\/pages\/31\/revisions\/172"}],"wp:attachment":[{"href":"https:\/\/blogs.univ-tlse2.fr\/dynamiquesrurales\/wp-json\/wp\/v2\/media?parent=31"}],"curies":[{"name":"wp","href":"https:\/\/api.w.org\/{rel}","templated":true}]}}

<p>Vous trouverez sur cette pages toutes les informations nécessaires pour vous rendre sur les lieux du colloque.</p>
<p><a href="http://www.univ-tlse2.fr"><img loading="lazy" decoding="async" class="wp-image-93 aligncenter" src="https://blogs.univ-tlse2.fr/dynamiquesrurales/files/2015/10/UTJJ-300x80.jpg" alt="UTJJ" width="236" height="63" srcset="https://blogs.univ-tlse2.fr/dynamiquesrurales/files/2015/10/UTJJ-300x80.jpg 300w, https://blogs.univ-tlse2.fr/dynamiquesrurales/files/2015/10/UTJJ.jpg 400w" sizes="auto, (max-width: 236px) 100vw, 236px" /></a></p>
<p>Moyens d&rsquo;accès au campus de l&rsquo;Université Jean Jaurès : <a href="http://www.univ-tlse2.fr/accueil/infos/pratique/adresses-et-acces/moyens-d-acces-au-campus-du-mirail-256988.kjsp?RH=adrloc" target="_blank">ICI</a></p>
<p>Plans du campus : <a href="http://www.univ-tlse2.fr/accueil/infos/pratique/adresses-et-acces/plans-du-campus--6337.kjsp?RH=adrloc" target="_blank">ICI</a></p>
<p style="text-align: center"><a href="http://dynamiques-rurales.univ-tlse2.fr/"><img loading="lazy" decoding="async" class="alignnone wp-image-169 " src="https://blogs.univ-tlse2.fr/dynamiquesrurales/files/2016/03/LISTT-DR-300x148.jpg" alt="" width="229" height="113" srcset="https://blogs.univ-tlse2.fr/dynamiquesrurales/files/2016/03/LISTT-DR-300x148.jpg 300w, https://blogs.univ-tlse2.fr/dynamiquesrurales/files/2016/03/LISTT-DR-768x380.jpg 768w, https://blogs.univ-tlse2.fr/dynamiquesrurales/files/2016/03/LISTT-DR-1024x507.jpg 1024w, https://blogs.univ-tlse2.fr/dynamiquesrurales/files/2016/03/LISTT-DR.jpg 1063w" sizes="auto, (max-width: 229px) 100vw, 229px" /></a></p>
<p>En cas de difficultés vous pouvez joindre l&rsquo;équipe en charge de l&rsquo;organisation du colloque à l&rsquo;adresse suivante : <strong>&lt;</strong><a href="&#x6d;a&#x69;&#x6c;t&#x6f;&#x3a;r&#x75;&#x72;a&#x6c;&#x2e;c&#x6f;&#x6e;f&#x65;&#114;e&#x6e;&#99;e&#x40;&#117;n&#x69;&#118;-&#x74;&#108;s&#x65;&#50;&#46;&#x66;&#114;"><strong>r&#117;&#x72;al&#x2e;&#x63;o&#110;&#x66;&#x65;r&#101;&#x6e;ce&#x40;&#x75;n&#105;&#x76;&#x2d;t&#108;&#x73;e2&#x2e;&#x66;r</strong></a><strong>&gt;</strong></p>
<p>&nbsp;</p>

<p>Vous trouverez sur cette pages toutes les informations nécessaires pour vous rendre sur les lieux du colloque. Moyens d&rsquo;accès au campus de l&rsquo;Université Jean Jaurès : ICI Plans du campus : ICI En cas de difficultés vous pouvez joindre l&rsquo;équipe en charge de l&rsquo;organisation du colloque à l&rsquo;adresse suivante : &lt;&#x72;&#x75;&#x72;&#x61;&#108;&#46;con&#x66;&#x65;&#x72;&#x65;&#110;ce&#64;u&#x6e;&#x69;&#x76;&#x2d;&#116;lse2&#x2e;&#x66;&#x72;&gt; &nbsp;</p>
