 {"id":2,"date":"2025-06-13T14:19:08","date_gmt":"2025-06-13T12:19:08","guid":{"rendered":"https:\/\/blogs.univ-tlse2.fr\/eco\/?page_id=2"},"modified":"2025-11-24T11:56:49","modified_gmt":"2025-11-24T10:56:49","slug":"a-propos","status":"publish","type":"page","link":"https:\/\/blogs.univ-tlse2.fr\/eco\/a-propos\/","title":{"rendered":"\u00c0 propos"},"content":{"rendered":"\n<p>Ce blog explore les liens entre langue et nature \u00e0 travers l&rsquo;\u00e9tude d&rsquo;une pratique langagi\u00e8re unique : l\u2019occitan siffl\u00e9, <em>lo shiular d\u2019Aas<\/em>. Il accueille nos r\u00e9flexions sur la mani\u00e8re dont une langue presque oubli\u00e9e peut retrouver une place vivante dans le pr\u00e9sent, en r\u00e9sonance avec les habitants et le territoire. Il suit les chemins du projet ECO <em>Revitaliser l\u2019occitan siffl\u00e9 : renouer paysage, habitants, pratiques<\/em>, et donne \u00e0 entendre les voix de celles et ceux qui s&rsquo;y sont engag\u00e9s.<\/p>\n\n\n\n<p>Destin\u00e9 aux habitants, artistes, chercheurs, \u00e9tudiants et toute personne curieuse int\u00e9ress\u00e9s par la culture occitane, la parole, l\u2019anthropologie sonore, le patrimoine immat\u00e9riel et les humanit\u00e9s vivantes, ce blog est un espace de partage. Il h\u00e9bergera les avanc\u00e9es de la recherche, des extraits de terrain, des exp\u00e9rimentations, des r\u00e9cits sensibles, des t\u00e9moignages et des dialogues siffl\u00e9s, ainsi que nos r\u00e9flexions autour de cette pratique et du lien langue-nature.<\/p>\n\n\n\n<p>Enfin, ce carnet garde la trace de nos cheminements en tant qu\u2019acteurs et actrices d\u2019un projet collaboratif et co-construit, o\u00f9 les voix des partenaires, qu\u2019ils viennent du monde acad\u00e9mique ou de la soci\u00e9t\u00e9 civile, r\u00e9sonnent et dissonent avec une force \u00e9gale dans l\u2019\u00e9laboration des questions comme des r\u00e9ponses.<\/p>\n\n\n\n<h3 class=\"wp-block-heading has-accent-4-color has-text-color has-link-color wp-elements-d8417032c78876bf92afc5f4d0c28e85\">Continuez vers <a href=\"https:\/\/blogs.univ-tlse2.fr\/eco\/le-projet\/\" data-type=\"page\" data-id=\"62\">Le projet<\/a><\/h3>\n\n\n\n<h3 class=\"wp-block-heading\"><a href=\"https:\/\/revirada.eu\/reader?src_lang=fra&amp;tgt_lang=oci_gascon&amp;url=https:\/\/blogs.univ-tlse2.fr\/eco\/a-propos\/\" target=\"_blank\" rel=\"noreferrer noopener\">Lisez ce contenu en occitan<\/a><\/h3>\n\n\n\n<div class=\"wp-block-comments\"><h2 id=\"comments\" class=\"wp-block-comments-title\">Une r\u00e9ponse \u00e0 &#8220;\u00c0 propos&#8221;<\/h2>\n\n<ol class=\"wp-block-comment-template\"><li id=\"comment-6\" class=\"pingback even thread-even depth-1\">\n\n<div class=\"wp-block-columns is-layout-flex wp-container-core-columns-is-layout-28f84493 wp-block-columns-is-layout-flex\">\n<div class=\"wp-block-column is-layout-flow wp-block-column-is-layout-flow\" style=\"flex-basis:40px\"><div class=\"wp-block-avatar\">  <\/div><\/div>\n\n\n\n<div class=\"wp-block-column is-layout-flow wp-block-column-is-layout-flow\"><div class=\"wp-block-comment-author-name has-small-font-size\"><a rel=\"external nofollow ugc\" href=\"https:\/\/tiris.univ-toulouse.fr\/actualite\/retour-sur-les-journees-scientifiques-tiris-2025-entre-recherche-formation-innovation-et-societe-quelles-transversalites\/\" target=\"_self\" >Retour sur les Journ\u00e9es Scientifiques TIRIS 2025 : \u00a0\u00ab\u00a0Entre Recherche, Formation, Innovation et Soci\u00e9t\u00e9\u00a0: quelles transversalit\u00e9s\u00a0?\u00a0\u00bb &#8211; TIRIS &#8211; Toulouse&#039;s Science In and For Society<\/a><\/div>\n\n\n<div class=\"wp-block-group is-layout-flex wp-block-group-is-layout-flex\" style=\"margin-top:0px;margin-bottom:0px\"><div class=\"wp-block-comment-date has-small-font-size\"><time datetime=\"2025-11-21T17:20:02+01:00\"><a href=\"https:\/\/blogs.univ-tlse2.fr\/eco\/a-propos\/#comment-6\">21 novembre 2025<\/a><\/time><\/div>\n\n<\/div>\n\n\n<div class=\"wp-block-comment-content\"><p>[&#8230;] ECO est un projet de co-recherche qui vise \u00e0 revitaliser le siular d\u2019Aas, une forme siffl\u00e9e de l\u2019occitan, en explorant ses liens avec le corps, le paysage sonore et le territoire afin de redonner vie \u00e0 ce patrimoine immat\u00e9riel. Ce projet, impliquant une structure associative, illustre parfaitement la mani\u00e8re dont l\u2019interdisciplinarit\u00e9 peut na\u00eetre de la relation avec la soci\u00e9t\u00e9 : [&#8230;]<\/p>\n<\/div>\n\n<div class=\"wp-block-comment-reply-link has-small-font-size\"><a rel=\"nofollow\" class=\"comment-reply-link\" href=\"https:\/\/blogs.univ-tlse2.fr\/eco\/a-propos\/?replytocom=6#respond\" data-commentid=\"6\" data-postid=\"2\" data-belowelement=\"comment-6\" data-respondelement=\"respond\" data-replyto=\"R\u00e9pondre \u00e0 Retour sur les Journ\u00e9es Scientifiques TIRIS 2025 : \u00a0\u00ab\u00a0Entre Recherche, Formation, Innovation et Soci\u00e9t\u00e9\u00a0: quelles transversalit\u00e9s\u00a0?\u00a0\u00bb &#8211; TIRIS &#8211; Toulouse&#039;s Science In and For Society\" aria-label=\"R\u00e9pondre \u00e0 Retour sur les Journ\u00e9es Scientifiques TIRIS 2025 : \u00a0\u00ab\u00a0Entre Recherche, Formation, Innovation et Soci\u00e9t\u00e9\u00a0: quelles transversalit\u00e9s\u00a0?\u00a0\u00bb &#8211; TIRIS &#8211; Toulouse&#039;s Science In and For Society\">R\u00e9pondre<\/a><\/div><\/div>\n<\/div>\n\n<\/li><\/ol>\n\n\n\n\t<div id=\"respond\" class=\"comment-respond wp-block-post-comments-form\">\n\t\t<h3 id=\"reply-title\" class=\"comment-reply-title\">Laisser un commentaire <small><a rel=\"nofollow\" id=\"cancel-comment-reply-link\" href=\"\/eco\/wp-json\/wp\/v2\/pages\/2#respond\" style=\"display:none;\">Annuler la r\u00e9ponse<\/a><\/small><\/h3><form action=\"https:\/\/blogs.univ-tlse2.fr\/eco\/wp-comments-post.php\" method=\"post\" id=\"commentform\" class=\"comment-form\"><p class=\"comment-notes\"><span id=\"email-notes\">Votre adresse e-mail ne sera pas publi\u00e9e.<\/span> <span class=\"required-field-message\">Les champs obligatoires sont indiqu\u00e9s avec <span class=\"required\">*<\/span><\/span><\/p><p class=\"comment-form-comment\"><label for=\"comment\">Commentaire <span class=\"required\">*<\/span><\/label> <textarea id=\"comment\" name=\"comment\" cols=\"45\" rows=\"8\" maxlength=\"65525\" required><\/textarea><\/p><p class=\"comment-form-author\"><label for=\"author\">Nom <span class=\"required\">*<\/span><\/label> <input id=\"author\" name=\"author\" type=\"text\" value=\"\" size=\"30\" maxlength=\"245\" autocomplete=\"name\" required \/><\/p>\n<p class=\"comment-form-email\"><label for=\"email\">E-mail <span class=\"required\">*<\/span><\/label> <input id=\"email\" name=\"email\" type=\"email\" value=\"\" size=\"30\" maxlength=\"100\" aria-describedby=\"email-notes\" autocomplete=\"email\" required \/><\/p>\n<p class=\"comment-form-url\"><label for=\"url\">Site web<\/label> <input id=\"url\" name=\"url\" type=\"url\" value=\"\" size=\"30\" maxlength=\"200\" autocomplete=\"url\" \/><\/p>\n<p class=\"comment-form-cookies-consent\"><input id=\"wp-comment-cookies-consent\" name=\"wp-comment-cookies-consent\" type=\"checkbox\" value=\"yes\" \/> <label for=\"wp-comment-cookies-consent\">Enregistrer mon nom, mon e-mail et mon site dans le navigateur pour mon prochain commentaire.<\/label><\/p>\n<p class=\"form-submit wp-block-button\"><input name=\"submit\" type=\"submit\" id=\"submit\" class=\"wp-block-button__link wp-element-button\" value=\"Laisser un commentaire\" \/> <input type='hidden' name='comment_post_ID' value='2' id='comment_post_ID' \/>\n<input type='hidden' name='comment_parent' id='comment_parent' value='0' \/>\n<\/p><\/form>\t<\/div><!-- #respond -->\n\t<\/div>\n\n\n\t<div id=\"respond\" class=\"comment-respond wp-block-post-comments-form\">\n\t\t<h3 id=\"reply-title\" class=\"comment-reply-title\">Laisser un commentaire <small><a rel=\"nofollow\" id=\"cancel-comment-reply-link\" href=\"\/eco\/wp-json\/wp\/v2\/pages\/2#respond\" style=\"display:none;\">Annuler la r\u00e9ponse<\/a><\/small><\/h3><form action=\"https:\/\/blogs.univ-tlse2.fr\/eco\/wp-comments-post.php\" method=\"post\" id=\"commentform\" class=\"comment-form\"><p class=\"comment-notes\"><span id=\"email-notes\">Votre adresse e-mail ne sera pas publi\u00e9e.<\/span> <span class=\"required-field-message\">Les champs obligatoires sont indiqu\u00e9s avec <span class=\"required\">*<\/span><\/span><\/p><p class=\"comment-form-comment\"><label for=\"comment\">Commentaire <span class=\"required\">*<\/span><\/label> <textarea id=\"comment\" name=\"comment\" cols=\"45\" rows=\"8\" maxlength=\"65525\" required><\/textarea><\/p><p class=\"comment-form-author\"><label for=\"author\">Nom <span class=\"required\">*<\/span><\/label> <input id=\"author\" name=\"author\" type=\"text\" value=\"\" size=\"30\" maxlength=\"245\" autocomplete=\"name\" required \/><\/p>\n<p class=\"comment-form-email\"><label for=\"email\">E-mail <span class=\"required\">*<\/span><\/label> <input id=\"email\" name=\"email\" type=\"email\" value=\"\" size=\"30\" maxlength=\"100\" aria-describedby=\"email-notes\" autocomplete=\"email\" required \/><\/p>\n<p class=\"comment-form-url\"><label for=\"url\">Site web<\/label> <input id=\"url\" name=\"url\" type=\"url\" value=\"\" size=\"30\" maxlength=\"200\" autocomplete=\"url\" \/><\/p>\n<p class=\"comment-form-cookies-consent\"><input id=\"wp-comment-cookies-consent\" name=\"wp-comment-cookies-consent\" type=\"checkbox\" value=\"yes\" \/> <label for=\"wp-comment-cookies-consent\">Enregistrer mon nom, mon e-mail et mon site dans le navigateur pour mon prochain commentaire.<\/label><\/p>\n<p class=\"form-submit wp-block-button\"><input name=\"submit\" type=\"submit\" id=\"submit\" class=\"wp-block-button__link wp-element-button\" value=\"Laisser un commentaire\" \/> <input type='hidden' name='comment_post_ID' value='2' id='comment_post_ID' \/>\n<input type='hidden' name='comment_parent' id='comment_parent' value='0' \/>\n<\/p><\/form>\t<\/div><!-- #respond -->\n\t","protected":false},"excerpt":{"rendered":"<p>Ce blog explore les liens entre langue et nature \u00e0 travers l&rsquo;\u00e9tude d&rsquo;une pratique langagi\u00e8re unique : l\u2019occitan siffl\u00e9, lo shiular d\u2019Aas. Il accueille nos r\u00e9flexions sur la mani\u00e8re dont [&hellip;]<\/p>\n","protected":false},"author":1532,"featured_media":16,"parent":0,"menu_order":0,"comment_status":"open","ping_status":"open","template":"","meta":{"_EventAllDay":false,"_EventTimezone":"","_EventStartDate":"","_EventEndDate":"","_EventStartDateUTC":"","_EventEndDateUTC":"","_EventShowMap":false,"_EventShowMapLink":false,"_EventURL":"","_EventCost":"","_EventCostDescription":"","_EventCurrencySymbol":"","_EventCurrencyCode":"","_EventCurrencyPosition":"","_EventDateTimeSeparator":"","_EventTimeRangeSeparator":"","_EventOrganizerID":[],"_EventVenueID":[],"_OrganizerEmail":"","_OrganizerPhone":"","_OrganizerWebsite":"","_VenueAddress":"","_VenueCity":"","_VenueCountry":"","_VenueProvince":"","_VenueState":"","_VenueZip":"","_VenuePhone":"","_VenueURL":"","_VenueStateProvince":"","_VenueLat":"","_VenueLng":"","_VenueShowMap":false,"_VenueShowMapLink":false,"footnotes":""},"class_list":["post-2","page","type-page","status-publish","has-post-thumbnail","hentry"],"_links":{"self":[{"href":"https:\/\/blogs.univ-tlse2.fr\/eco\/wp-json\/wp\/v2\/pages\/2","targetHints":{"allow":["GET"]}}],"collection":[{"href":"https:\/\/blogs.univ-tlse2.fr\/eco\/wp-json\/wp\/v2\/pages"}],"about":[{"href":"https:\/\/blogs.univ-tlse2.fr\/eco\/wp-json\/wp\/v2\/types\/page"}],"author":[{"embeddable":true,"href":"https:\/\/blogs.univ-tlse2.fr\/eco\/wp-json\/wp\/v2\/users\/1532"}],"replies":[{"embeddable":true,"href":"https:\/\/blogs.univ-tlse2.fr\/eco\/wp-json\/wp\/v2\/comments?post=2"}],"version-history":[{"count":29,"href":"https:\/\/blogs.univ-tlse2.fr\/eco\/wp-json\/wp\/v2\/pages\/2\/revisions"}],"predecessor-version":[{"id":410,"href":"https:\/\/blogs.univ-tlse2.fr\/eco\/wp-json\/wp\/v2\/pages\/2\/revisions\/410"}],"wp:featuredmedia":[{"embeddable":true,"href":"https:\/\/blogs.univ-tlse2.fr\/eco\/wp-json\/wp\/v2\/media\/16"}],"wp:attachment":[{"href":"https:\/\/blogs.univ-tlse2.fr\/eco\/wp-json\/wp\/v2\/media?parent=2"}],"curies":[{"name":"wp","href":"https:\/\/api.w.org\/{rel}","templated":true}]}}

À propos

<p>Ce blog explore les liens entre langue et nature à travers l&rsquo;étude d&rsquo;une pratique langagière unique : l’occitan sifflé, <em>lo shiular d’Aas</em>. Il accueille nos réflexions sur la manière dont une langue presque oubliée peut retrouver une place vivante dans le présent, en résonance avec les habitants et le territoire. Il suit les chemins du projet ECO <em>Revitaliser l’occitan sifflé : renouer paysage, habitants, pratiques</em>, et donne à entendre les voix de celles et ceux qui s&rsquo;y sont engagés.</p>



<p>Destiné aux habitants, artistes, chercheurs, étudiants et toute personne curieuse intéressés par la culture occitane, la parole, l’anthropologie sonore, le patrimoine immatériel et les humanités vivantes, ce blog est un espace de partage. Il hébergera les avancées de la recherche, des extraits de terrain, des expérimentations, des récits sensibles, des témoignages et des dialogues sifflés, ainsi que nos réflexions autour de cette pratique et du lien langue-nature.</p>



<p>Enfin, ce carnet garde la trace de nos cheminements en tant qu’acteurs et actrices d’un projet collaboratif et co-construit, où les voix des partenaires, qu’ils viennent du monde académique ou de la société civile, résonnent et dissonent avec une force égale dans l’élaboration des questions comme des réponses.</p>



<h3 class="wp-block-heading has-accent-4-color has-text-color has-link-color wp-elements-d8417032c78876bf92afc5f4d0c28e85">Continuez vers <a href="https://blogs.univ-tlse2.fr/eco/le-projet/" data-type="page" data-id="62">Le projet</a></h3>



<h3 class="wp-block-heading"><a href="https://revirada.eu/reader?src_lang=fra&amp;tgt_lang=oci_gascon&amp;url=https://blogs.univ-tlse2.fr/eco/a-propos/" target="_blank" rel="noreferrer noopener">Lisez ce contenu en occitan</a></h3>



<div class="wp-block-comments"><h2 id="comments" class="wp-block-comments-title">Une réponse à &#8220;À propos&#8221;</h2>

<ol class="wp-block-comment-template"><li id="comment-6" class="pingback even thread-even depth-1">

<div class="wp-block-columns is-layout-flex wp-container-core-columns-is-layout-28f84493 wp-block-columns-is-layout-flex">
<div class="wp-block-column is-layout-flow wp-block-column-is-layout-flow" style="flex-basis:40px"><div class="wp-block-avatar">  </div></div>



<div class="wp-block-column is-layout-flow wp-block-column-is-layout-flow"><div class="wp-block-comment-author-name has-small-font-size"><a rel="external nofollow ugc" href="https://tiris.univ-toulouse.fr/actualite/retour-sur-les-journees-scientifiques-tiris-2025-entre-recherche-formation-innovation-et-societe-quelles-transversalites/" target="_self" >Retour sur les Journées Scientifiques TIRIS 2025 :  « Entre Recherche, Formation, Innovation et Société : quelles transversalités ? » &#8211; TIRIS &#8211; Toulouse&#039;s Science In and For Society</a></div>


<div class="wp-block-group is-layout-flex wp-block-group-is-layout-flex" style="margin-top:0px;margin-bottom:0px"><div class="wp-block-comment-date has-small-font-size"><time datetime="2025-11-21T17:20:02+01:00"><a href="https://blogs.univ-tlse2.fr/eco/a-propos/#comment-6">21 novembre 2025</a></time></div>

</div>


<div class="wp-block-comment-content"><p>[&#8230;] ECO est un projet de co-recherche qui vise à revitaliser le siular d’Aas, une forme sifflée de l’occitan, en explorant ses liens avec le corps, le paysage sonore et le territoire afin de redonner vie à ce patrimoine immatériel. Ce projet, impliquant une structure associative, illustre parfaitement la manière dont l’interdisciplinarité peut naître de la relation avec la société : [&#8230;]</p>
</div>

<div class="wp-block-comment-reply-link has-small-font-size"><a rel="nofollow" class="comment-reply-link" href="https://blogs.univ-tlse2.fr/eco/a-propos/?replytocom=6#respond" data-commentid="6" data-postid="2" data-belowelement="comment-6" data-respondelement="respond" data-replyto="Répondre à Retour sur les Journées Scientifiques TIRIS 2025 :  « Entre Recherche, Formation, Innovation et Société : quelles transversalités ? » &#8211; TIRIS &#8211; Toulouse&#039;s Science In and For Society" aria-label="Répondre à Retour sur les Journées Scientifiques TIRIS 2025 :  « Entre Recherche, Formation, Innovation et Société : quelles transversalités ? » &#8211; TIRIS &#8211; Toulouse&#039;s Science In and For Society">Répondre</a></div></div>
</div>

</li></ol>



	<div id="respond" class="comment-respond wp-block-post-comments-form">
		<h3 id="reply-title" class="comment-reply-title">Laisser un commentaire <small><a rel="nofollow" id="cancel-comment-reply-link" href="/eco/wp-json/wp/v2/pages/2#respond" style="display:none;">Annuler la réponse</a></small></h3><form action="https://blogs.univ-tlse2.fr/eco/wp-comments-post.php" method="post" id="commentform" class="comment-form"><p class="comment-notes"><span id="email-notes">Votre adresse e-mail ne sera pas publiée.</span> <span class="required-field-message">Les champs obligatoires sont indiqués avec <span class="required">*</span></span></p><p class="comment-form-comment"><label for="comment">Commentaire <span class="required">*</span></label> <textarea id="comment" name="comment" cols="45" rows="8" maxlength="65525" required></textarea></p><p class="comment-form-author"><label for="author">Nom <span class="required">*</span></label> <input id="author" name="author" type="text" value="" size="30" maxlength="245" autocomplete="name" required /></p>
<p class="comment-form-email"><label for="email">E-mail <span class="required">*</span></label> <input id="email" name="email" type="email" value="" size="30" maxlength="100" aria-describedby="email-notes" autocomplete="email" required /></p>
<p class="comment-form-url"><label for="url">Site web</label> <input id="url" name="url" type="url" value="" size="30" maxlength="200" autocomplete="url" /></p>
<p class="comment-form-cookies-consent"><input id="wp-comment-cookies-consent" name="wp-comment-cookies-consent" type="checkbox" value="yes" /> <label for="wp-comment-cookies-consent">Enregistrer mon nom, mon e-mail et mon site dans le navigateur pour mon prochain commentaire.</label></p>
<p class="form-submit wp-block-button"><input name="submit" type="submit" id="submit" class="wp-block-button__link wp-element-button" value="Laisser un commentaire" /> <input type='hidden' name='comment_post_ID' value='2' id='comment_post_ID' />
<input type='hidden' name='comment_parent' id='comment_parent' value='0' />
</p></form>	</div><!-- #respond -->
	</div>


	<div id="respond" class="comment-respond wp-block-post-comments-form">
		<h3 id="reply-title" class="comment-reply-title">Laisser un commentaire <small><a rel="nofollow" id="cancel-comment-reply-link" href="/eco/wp-json/wp/v2/pages/2#respond" style="display:none;">Annuler la réponse</a></small></h3><form action="https://blogs.univ-tlse2.fr/eco/wp-comments-post.php" method="post" id="commentform" class="comment-form"><p class="comment-notes"><span id="email-notes">Votre adresse e-mail ne sera pas publiée.</span> <span class="required-field-message">Les champs obligatoires sont indiqués avec <span class="required">*</span></span></p><p class="comment-form-comment"><label for="comment">Commentaire <span class="required">*</span></label> <textarea id="comment" name="comment" cols="45" rows="8" maxlength="65525" required></textarea></p><p class="comment-form-author"><label for="author">Nom <span class="required">*</span></label> <input id="author" name="author" type="text" value="" size="30" maxlength="245" autocomplete="name" required /></p>
<p class="comment-form-email"><label for="email">E-mail <span class="required">*</span></label> <input id="email" name="email" type="email" value="" size="30" maxlength="100" aria-describedby="email-notes" autocomplete="email" required /></p>
<p class="comment-form-url"><label for="url">Site web</label> <input id="url" name="url" type="url" value="" size="30" maxlength="200" autocomplete="url" /></p>
<p class="comment-form-cookies-consent"><input id="wp-comment-cookies-consent" name="wp-comment-cookies-consent" type="checkbox" value="yes" /> <label for="wp-comment-cookies-consent">Enregistrer mon nom, mon e-mail et mon site dans le navigateur pour mon prochain commentaire.</label></p>
<p class="form-submit wp-block-button"><input name="submit" type="submit" id="submit" class="wp-block-button__link wp-element-button" value="Laisser un commentaire" /> <input type='hidden' name='comment_post_ID' value='2' id='comment_post_ID' />
<input type='hidden' name='comment_parent' id='comment_parent' value='0' />
</p></form>	</div><!-- #respond -->

<p>Ce blog explore les liens entre langue et nature à travers l&rsquo;étude d&rsquo;une pratique langagière unique : l’occitan sifflé, lo shiular d’Aas. Il accueille nos réflexions sur la manière dont [&hellip;]</p>
