 {"id":299,"date":"2025-09-29T20:12:26","date_gmt":"2025-09-29T18:12:26","guid":{"rendered":"https:\/\/blogs.univ-tlse2.fr\/eco\/?page_id=299"},"modified":"2025-10-08T20:17:02","modified_gmt":"2025-10-08T18:17:02","slug":"participez","status":"publish","type":"page","link":"https:\/\/blogs.univ-tlse2.fr\/eco\/participez\/","title":{"rendered":"Participez !"},"content":{"rendered":"\n<div class=\"wp-block-buttons is-layout-flex wp-block-buttons-is-layout-flex\">\n<div class=\"wp-block-button\"><a class=\"wp-block-button__link wp-element-button\" href=\"https:\/\/app.wooclap.com\/SHIULAR\/questionnaires\/68dab182f905ad6922e235cc\">Testez votre compr\u00e9hension du siffl\u00e9 b\u00e9arnais !<\/a><\/div>\n<\/div>\n\n\n\n<p>Un petit quiz de 5 minutes pour d\u00e9couvrir le <strong>langage siffl\u00e9 d<\/strong>&lsquo;Aas ! Ce QCM a \u00e9t\u00e9 pr\u00e9sent\u00e9 lors de la <strong>H\u00e8ra deu Hromatge<\/strong> (Foire au Fromage) de cet octobre dernier. M\u00eame sans parler occitan ni conna\u00eetre le siffl\u00e9 b\u00e9arnais, testez-vous : vous avez peut-\u00eatre l\u2019oreille plus fine que vous ne le pensez !<\/p>\n\n\n\n<p>Mettez vos \u00e9couteurs pour une meilleure exp\u00e9rience\u2026 mais attention, \u00e7a siffle fort ! <\/p>\n\n\n\t<div id=\"respond\" class=\"comment-respond wp-block-post-comments-form\">\n\t\t<h3 id=\"reply-title\" class=\"comment-reply-title\">Laisser un commentaire <small><a rel=\"nofollow\" id=\"cancel-comment-reply-link\" href=\"\/eco\/wp-json\/wp\/v2\/pages\/299#respond\" style=\"display:none;\">Annuler la r\u00e9ponse<\/a><\/small><\/h3><form action=\"https:\/\/blogs.univ-tlse2.fr\/eco\/wp-comments-post.php\" method=\"post\" id=\"commentform\" class=\"comment-form\"><p class=\"comment-notes\"><span id=\"email-notes\">Votre adresse e-mail ne sera pas publi\u00e9e.<\/span> <span class=\"required-field-message\">Les champs obligatoires sont indiqu\u00e9s avec <span class=\"required\">*<\/span><\/span><\/p><p class=\"comment-form-comment\"><label for=\"comment\">Commentaire <span class=\"required\">*<\/span><\/label> <textarea id=\"comment\" name=\"comment\" cols=\"45\" rows=\"8\" maxlength=\"65525\" required><\/textarea><\/p><p class=\"comment-form-author\"><label for=\"author\">Nom <span class=\"required\">*<\/span><\/label> <input id=\"author\" name=\"author\" type=\"text\" value=\"\" size=\"30\" maxlength=\"245\" autocomplete=\"name\" required \/><\/p>\n<p class=\"comment-form-email\"><label for=\"email\">E-mail <span class=\"required\">*<\/span><\/label> <input id=\"email\" name=\"email\" type=\"email\" value=\"\" size=\"30\" maxlength=\"100\" aria-describedby=\"email-notes\" autocomplete=\"email\" required \/><\/p>\n<p class=\"comment-form-url\"><label for=\"url\">Site web<\/label> <input id=\"url\" name=\"url\" type=\"url\" value=\"\" size=\"30\" maxlength=\"200\" autocomplete=\"url\" \/><\/p>\n<p class=\"comment-form-cookies-consent\"><input id=\"wp-comment-cookies-consent\" name=\"wp-comment-cookies-consent\" type=\"checkbox\" value=\"yes\" \/> <label for=\"wp-comment-cookies-consent\">Enregistrer mon nom, mon e-mail et mon site dans le navigateur pour mon prochain commentaire.<\/label><\/p>\n<p class=\"form-submit wp-block-button\"><input name=\"submit\" type=\"submit\" id=\"submit\" class=\"wp-block-button__link wp-element-button\" value=\"Laisser un commentaire\" \/> <input type='hidden' name='comment_post_ID' value='299' id='comment_post_ID' \/>\n<input type='hidden' name='comment_parent' id='comment_parent' value='0' \/>\n<\/p><\/form>\t<\/div><!-- #respond -->\n\t","protected":false},"excerpt":{"rendered":"<p>Un petit quiz de 5 minutes pour d\u00e9couvrir le langage siffl\u00e9 d&lsquo;Aas ! Ce QCM a \u00e9t\u00e9 pr\u00e9sent\u00e9 lors de la H\u00e8ra deu Hromatge (Foire au Fromage) de cet octobre [&hellip;]<\/p>\n","protected":false},"author":1532,"featured_media":356,"parent":0,"menu_order":0,"comment_status":"open","ping_status":"closed","template":"","meta":{"_EventAllDay":false,"_EventTimezone":"","_EventStartDate":"","_EventEndDate":"","_EventStartDateUTC":"","_EventEndDateUTC":"","_EventShowMap":false,"_EventShowMapLink":false,"_EventURL":"","_EventCost":"","_EventCostDescription":"","_EventCurrencySymbol":"","_EventCurrencyCode":"","_EventCurrencyPosition":"","_EventDateTimeSeparator":"","_EventTimeRangeSeparator":"","_EventOrganizerID":[],"_EventVenueID":[],"_OrganizerEmail":"","_OrganizerPhone":"","_OrganizerWebsite":"","_VenueAddress":"","_VenueCity":"","_VenueCountry":"","_VenueProvince":"","_VenueState":"","_VenueZip":"","_VenuePhone":"","_VenueURL":"","_VenueStateProvince":"","_VenueLat":"","_VenueLng":"","_VenueShowMap":false,"_VenueShowMapLink":false,"footnotes":""},"class_list":["post-299","page","type-page","status-publish","has-post-thumbnail","hentry"],"_links":{"self":[{"href":"https:\/\/blogs.univ-tlse2.fr\/eco\/wp-json\/wp\/v2\/pages\/299","targetHints":{"allow":["GET"]}}],"collection":[{"href":"https:\/\/blogs.univ-tlse2.fr\/eco\/wp-json\/wp\/v2\/pages"}],"about":[{"href":"https:\/\/blogs.univ-tlse2.fr\/eco\/wp-json\/wp\/v2\/types\/page"}],"author":[{"embeddable":true,"href":"https:\/\/blogs.univ-tlse2.fr\/eco\/wp-json\/wp\/v2\/users\/1532"}],"replies":[{"embeddable":true,"href":"https:\/\/blogs.univ-tlse2.fr\/eco\/wp-json\/wp\/v2\/comments?post=299"}],"version-history":[{"count":8,"href":"https:\/\/blogs.univ-tlse2.fr\/eco\/wp-json\/wp\/v2\/pages\/299\/revisions"}],"predecessor-version":[{"id":406,"href":"https:\/\/blogs.univ-tlse2.fr\/eco\/wp-json\/wp\/v2\/pages\/299\/revisions\/406"}],"wp:featuredmedia":[{"embeddable":true,"href":"https:\/\/blogs.univ-tlse2.fr\/eco\/wp-json\/wp\/v2\/media\/356"}],"wp:attachment":[{"href":"https:\/\/blogs.univ-tlse2.fr\/eco\/wp-json\/wp\/v2\/media?parent=299"}],"curies":[{"name":"wp","href":"https:\/\/api.w.org\/{rel}","templated":true}]}}