 {"id":21,"date":"2023-01-12T11:03:40","date_gmt":"2023-01-12T10:03:40","guid":{"rendered":"https:\/\/blogs.univ-tlse2.fr\/ecobuage-feux-pyrenees\/?page_id=21"},"modified":"2023-01-12T11:39:10","modified_gmt":"2023-01-12T10:39:10","slug":"ecologie-du-feu","status":"publish","type":"page","link":"https:\/\/blogs.univ-tlse2.fr\/ecobuage-feux-pyrenees\/ecologie-du-feu\/","title":{"rendered":"Ecologie du feu"},"content":{"rendered":"\n<div class=\"wp-block-media-text alignfull is-stacked-on-mobile is-vertically-aligned-center\"><figure class=\"wp-block-media-text__media\"><img loading=\"lazy\" decoding=\"async\" width=\"974\" height=\"622\" src=\"https:\/\/blogs.univ-tlse2.fr\/ecobuage-feux-pyrenees\/files\/2023\/01\/Faune.jpg\" alt=\"\" class=\"wp-image-47 size-full\" srcset=\"https:\/\/blogs.univ-tlse2.fr\/ecobuage-feux-pyrenees\/files\/2023\/01\/Faune.jpg 974w, https:\/\/blogs.univ-tlse2.fr\/ecobuage-feux-pyrenees\/files\/2023\/01\/Faune-300x192.jpg 300w, https:\/\/blogs.univ-tlse2.fr\/ecobuage-feux-pyrenees\/files\/2023\/01\/Faune-768x490.jpg 768w\" sizes=\"auto, (max-width: 767px) 89vw, (max-width: 1000px) 54vw, (max-width: 1071px) 543px, 580px\" \/><\/figure><div class=\"wp-block-media-text__content\">\n<h3 class=\"has-text-align-center wp-block-heading\"><strong>Faune<\/strong><\/h3>\n\n\n\n<p class=\"has-text-align-center has-extra-small-font-size\"><\/p>\n<\/div><\/div>\n\n\n\n<div class=\"wp-block-media-text alignfull is-stacked-on-mobile is-vertically-aligned-center\"><figure class=\"wp-block-media-text__media\"><img loading=\"lazy\" decoding=\"async\" width=\"989\" height=\"622\" src=\"https:\/\/blogs.univ-tlse2.fr\/ecobuage-feux-pyrenees\/files\/2023\/01\/Flore_Vegetation.jpg\" alt=\"\" class=\"wp-image-49 size-full\" srcset=\"https:\/\/blogs.univ-tlse2.fr\/ecobuage-feux-pyrenees\/files\/2023\/01\/Flore_Vegetation.jpg 989w, https:\/\/blogs.univ-tlse2.fr\/ecobuage-feux-pyrenees\/files\/2023\/01\/Flore_Vegetation-300x189.jpg 300w, https:\/\/blogs.univ-tlse2.fr\/ecobuage-feux-pyrenees\/files\/2023\/01\/Flore_Vegetation-768x483.jpg 768w\" sizes=\"auto, (max-width: 767px) 89vw, (max-width: 1000px) 54vw, (max-width: 1071px) 543px, 580px\" \/><\/figure><div class=\"wp-block-media-text__content\">\n<h3 class=\"has-text-align-center wp-block-heading\"><strong>Flore\/V\u00e9g\u00e9tation<\/strong><\/h3>\n\n\n\n<p class=\"has-text-align-center has-extra-small-font-size\"><\/p>\n<\/div><\/div>\n\n\n\n<div class=\"wp-block-media-text alignfull is-stacked-on-mobile is-vertically-aligned-center\"><figure class=\"wp-block-media-text__media\"><img loading=\"lazy\" decoding=\"async\" width=\"974\" height=\"622\" src=\"https:\/\/blogs.univ-tlse2.fr\/ecobuage-feux-pyrenees\/files\/2023\/01\/Sols.jpg\" alt=\"\" class=\"wp-image-50 size-full\" srcset=\"https:\/\/blogs.univ-tlse2.fr\/ecobuage-feux-pyrenees\/files\/2023\/01\/Sols.jpg 974w, https:\/\/blogs.univ-tlse2.fr\/ecobuage-feux-pyrenees\/files\/2023\/01\/Sols-300x192.jpg 300w, https:\/\/blogs.univ-tlse2.fr\/ecobuage-feux-pyrenees\/files\/2023\/01\/Sols-768x490.jpg 768w\" sizes=\"auto, (max-width: 767px) 89vw, (max-width: 1000px) 54vw, (max-width: 1071px) 543px, 580px\" \/><\/figure><div class=\"wp-block-media-text__content\">\n<h3 class=\"has-text-align-center wp-block-heading\"><strong>Sols<\/strong><\/h3>\n\n\n\n<p class=\"has-text-align-center has-extra-small-font-size\"><\/p>\n<\/div><\/div>\n\n\n\n<div class=\"wp-block-media-text alignfull is-stacked-on-mobile is-vertically-aligned-center\"><figure class=\"wp-block-media-text__media\"><img loading=\"lazy\" decoding=\"async\" width=\"974\" height=\"622\" src=\"https:\/\/blogs.univ-tlse2.fr\/ecobuage-feux-pyrenees\/files\/2023\/01\/Ressources-pastorales.jpg\" alt=\"\" class=\"wp-image-51 size-full\" srcset=\"https:\/\/blogs.univ-tlse2.fr\/ecobuage-feux-pyrenees\/files\/2023\/01\/Ressources-pastorales.jpg 974w, https:\/\/blogs.univ-tlse2.fr\/ecobuage-feux-pyrenees\/files\/2023\/01\/Ressources-pastorales-300x192.jpg 300w, https:\/\/blogs.univ-tlse2.fr\/ecobuage-feux-pyrenees\/files\/2023\/01\/Ressources-pastorales-768x490.jpg 768w\" sizes=\"auto, (max-width: 767px) 89vw, (max-width: 1000px) 54vw, (max-width: 1071px) 543px, 580px\" \/><\/figure><div class=\"wp-block-media-text__content\">\n<h3 class=\"has-text-align-center wp-block-heading\"><strong>Ressources pastorales<\/strong><\/h3>\n\n\n\n<p class=\"has-text-align-center has-extra-small-font-size\"><\/p>\n<\/div><\/div>\n\n\n\n<div class=\"wp-block-media-text alignfull is-stacked-on-mobile is-vertically-aligned-center\"><figure class=\"wp-block-media-text__media\"><img loading=\"lazy\" decoding=\"async\" width=\"974\" height=\"622\" src=\"https:\/\/blogs.univ-tlse2.fr\/ecobuage-feux-pyrenees\/files\/2023\/01\/Qualite-de-lair.jpg\" alt=\"\" class=\"wp-image-52 size-full\" srcset=\"https:\/\/blogs.univ-tlse2.fr\/ecobuage-feux-pyrenees\/files\/2023\/01\/Qualite-de-lair.jpg 974w, https:\/\/blogs.univ-tlse2.fr\/ecobuage-feux-pyrenees\/files\/2023\/01\/Qualite-de-lair-300x192.jpg 300w, https:\/\/blogs.univ-tlse2.fr\/ecobuage-feux-pyrenees\/files\/2023\/01\/Qualite-de-lair-768x490.jpg 768w\" sizes=\"auto, (max-width: 767px) 89vw, (max-width: 1000px) 54vw, (max-width: 1071px) 543px, 580px\" \/><\/figure><div class=\"wp-block-media-text__content\">\n<h3 class=\"has-text-align-center wp-block-heading\"><strong>Qualit\u00e9 de l\u2019air<\/strong><\/h3>\n\n\n\n<p class=\"has-text-align-center has-extra-small-font-size\"><\/p>\n<\/div><\/div>\n","protected":false},"excerpt":{"rendered":"<p>Faune Flore\/V\u00e9g\u00e9tation Sols Ressources pastorales Qualit\u00e9 de l\u2019air<\/p>\n","protected":false},"author":968,"featured_media":0,"parent":0,"menu_order":0,"comment_status":"closed","ping_status":"closed","template":"","meta":{"footnotes":""},"class_list":["post-21","page","type-page","status-publish","hentry"],"_links":{"self":[{"href":"https:\/\/blogs.univ-tlse2.fr\/ecobuage-feux-pyrenees\/wp-json\/wp\/v2\/pages\/21","targetHints":{"allow":["GET"]}}],"collection":[{"href":"https:\/\/blogs.univ-tlse2.fr\/ecobuage-feux-pyrenees\/wp-json\/wp\/v2\/pages"}],"about":[{"href":"https:\/\/blogs.univ-tlse2.fr\/ecobuage-feux-pyrenees\/wp-json\/wp\/v2\/types\/page"}],"author":[{"embeddable":true,"href":"https:\/\/blogs.univ-tlse2.fr\/ecobuage-feux-pyrenees\/wp-json\/wp\/v2\/users\/968"}],"replies":[{"embeddable":true,"href":"https:\/\/blogs.univ-tlse2.fr\/ecobuage-feux-pyrenees\/wp-json\/wp\/v2\/comments?post=21"}],"version-history":[{"count":5,"href":"https:\/\/blogs.univ-tlse2.fr\/ecobuage-feux-pyrenees\/wp-json\/wp\/v2\/pages\/21\/revisions"}],"predecessor-version":[{"id":64,"href":"https:\/\/blogs.univ-tlse2.fr\/ecobuage-feux-pyrenees\/wp-json\/wp\/v2\/pages\/21\/revisions\/64"}],"wp:attachment":[{"href":"https:\/\/blogs.univ-tlse2.fr\/ecobuage-feux-pyrenees\/wp-json\/wp\/v2\/media?parent=21"}],"curies":[{"name":"wp","href":"https:\/\/api.w.org\/{rel}","templated":true}]}}