 {"id":90,"date":"2018-09-28T21:25:10","date_gmt":"2018-09-28T19:25:10","guid":{"rendered":"https:\/\/blogs.univ-tlse2.fr\/eepld\/?page_id=90"},"modified":"2018-09-29T12:40:13","modified_gmt":"2018-09-29T10:40:13","slug":"elevi","status":"publish","type":"page","link":"https:\/\/blogs.univ-tlse2.fr\/eepld\/ro\/elevi\/","title":{"rendered":"Elevi"},"content":{"rendered":"\n<!-- Page-list plugin v.5.9 wordpress.org\/plugins\/page-list\/ -->\n<div class=\"page-list page-list-ext \">\n<div class=\"page-list-ext-item\"><h3 class=\"page-list-ext-title\"><a href=\"https:\/\/blogs.univ-tlse2.fr\/eepld\/ro\/elevi\/articole\/\" title=\"Articole\">Articole<\/a><\/h3><div class=\"page-list-ext-item-content\">(ro)\r\nDes appels \u00e0 billets th\u00e9matiques seront r\u00e9guli\u00e8rement propos\u00e9s et diffus\u00e9s sur la plateforme.\r\n<\/div><\/div>\n<div class=\"page-list-ext-item\"><h3 class=\"page-list-ext-title\"><a href=\"https:\/\/blogs.univ-tlse2.fr\/eepld\/ro\/elevi\/forum\/\" title=\"Forum\">Forum<\/a><\/h3><div class=\"page-list-ext-item-content\">Un sentiment a plusieurs fois \u00e9t\u00e9 exprim\u00e9 durant les rencontres avec les \u00e9l\u00e8ves : la solitude des pr\u00e9-d\u00e9crocheurs et des d\u00e9crocheurs.\r\nAinsi, il semblerait qu'\u00e0 l'instar des r\u00e9seaux sociaux, les \u00e9changes virtuels par l\u2019interm\u00e9diaire du forum permettraient aux \u00e9l\u00e8ves de s\u2019exprimer en conservant leur anonymat. Cette fonction est possible mais implique la pr\u00e9sence d'un mod\u00e9rateur comp\u00e9tent. Conscient de ce que cela implique d'une part, et des attentes d'autre part, nous avons choisi une alternative int\u00e9ressante qui est celle des \"Billets th\u00e9matiques\" qui remplacera le Forum existant.\r\n<\/div><\/div>\n\n<\/div>\n","protected":false},"excerpt":{"rendered":"","protected":false},"author":582,"featured_media":0,"parent":0,"menu_order":0,"comment_status":"closed","ping_status":"closed","template":"","meta":{"footnotes":"","_links_to":"","_links_to_target":""},"class_list":["post-90","page","type-page","status-publish","hentry"],"_links":{"self":[{"href":"https:\/\/blogs.univ-tlse2.fr\/eepld\/wp-json\/wp\/v2\/pages\/90","targetHints":{"allow":["GET"]}}],"collection":[{"href":"https:\/\/blogs.univ-tlse2.fr\/eepld\/wp-json\/wp\/v2\/pages"}],"about":[{"href":"https:\/\/blogs.univ-tlse2.fr\/eepld\/wp-json\/wp\/v2\/types\/page"}],"author":[{"embeddable":true,"href":"https:\/\/blogs.univ-tlse2.fr\/eepld\/wp-json\/wp\/v2\/users\/582"}],"replies":[{"embeddable":true,"href":"https:\/\/blogs.univ-tlse2.fr\/eepld\/wp-json\/wp\/v2\/comments?post=90"}],"version-history":[{"count":2,"href":"https:\/\/blogs.univ-tlse2.fr\/eepld\/wp-json\/wp\/v2\/pages\/90\/revisions"}],"predecessor-version":[{"id":222,"href":"https:\/\/blogs.univ-tlse2.fr\/eepld\/wp-json\/wp\/v2\/pages\/90\/revisions\/222"}],"wp:attachment":[{"href":"https:\/\/blogs.univ-tlse2.fr\/eepld\/wp-json\/wp\/v2\/media?parent=90"}],"curies":[{"name":"wp","href":"https:\/\/api.w.org\/{rel}","templated":true}]}}