 {"id":138,"date":"2016-01-02T16:58:11","date_gmt":"2016-01-02T15:58:11","guid":{"rendered":"https:\/\/blogs.univ-tlse2.fr\/eima\/?page_id=138"},"modified":"2016-09-30T21:29:43","modified_gmt":"2016-09-30T19:29:43","slug":"luniversite-et-les-cours","status":"publish","type":"page","link":"https:\/\/blogs.univ-tlse2.fr\/eima\/luniversite-et-les-cours\/","title":{"rendered":"L&rsquo;universit\u00e9 et les cours"},"content":{"rendered":"<p><a href=\"https:\/\/blogs.univ-tlse2.fr\/eima\/files\/2016\/01\/bandeau-universite_1378218825005-jpg.jpg\" rel=\"attachment wp-att-331\"><img loading=\"lazy\" decoding=\"async\" class=\"wp-image-331 size-full alignleft\" src=\"https:\/\/blogs.univ-tlse2.fr\/eima\/files\/2016\/01\/bandeau-universite_1378218825005-jpg.jpg\" alt=\"bandeau-universite_1378218825005-jpg\" width=\"668\" height=\"297\" srcset=\"https:\/\/blogs.univ-tlse2.fr\/eima\/files\/2016\/01\/bandeau-universite_1378218825005-jpg.jpg 668w, https:\/\/blogs.univ-tlse2.fr\/eima\/files\/2016\/01\/bandeau-universite_1378218825005-jpg-300x133.jpg 300w\" sizes=\"auto, (max-width: 668px) 100vw, 668px\" \/><\/a>Si tu es int\u00e9ress\u00e9(e) pour venir \u00e9tudier \u00e0 Jean Jaur\u00e8s, tu pourras trouver plus d\u2019informations sur le <a href=\"http:\/\/www.univ-tlse2.fr\/accueil\/international\/\" target=\"_blank\">site des Relations Internationales de l&rsquo;universit\u00e9\u00a0Jean Jaur\u00e8s<\/a><\/p>\n<p>Si tu as d\u00e9j\u00e0 fait ton choix pour venir \u00e0 Jean Jaur\u00e8s, cette rubrique va te permettre de trouver les premi\u00e8res informations indispensables \u00e0 ton s\u00e9jour. Une fois arriv\u00e9,\u00a0on cherche souvent \u00e0 savoir comment on peut acc\u00e9der au campus, puis une fois sur les lieux, on cherche o\u00f9 sont les b\u00e2timents. Voici le plan d\u2019acc\u00e8s et <a href=\"http:\/\/www.univ-tlse2.fr\/servlet\/com.univ.collaboratif.utils.LectureFichiergw?ID_FICHIER=1317125404317\" target=\"_blank\">le plan du campus<\/a>\u00a0pour vous y retrouver.<\/p>\n<p>Si tu souhaites avoir plus de renseignements sur les cours disponibles \u00e0 l\u2019universit\u00e9, la premi\u00e8re chose \u00e0 savoir est que l\u2019universit\u00e9 est compos\u00e9e de plusieurs unit\u00e9s appel\u00e9es UFR. Ces unit\u00e9s correspondent \u00e0 diff\u00e9rentes disciplines, voici\u00a0un <a href=\"http:\/\/www.univ-tlse2.fr\/accueil\/universite\/organisation\/ufr-departements-instituts-ecoles-internes\/\" target=\"_blank\">lien<\/a> vers la liste de toutes les unit\u00e9s de recherche, ainsi que les d\u00e9partements qui y sont rattach\u00e9s. Si tu cliques ensuite sur les d\u00e9partements, tu pourras avoir acc\u00e8s \u00e0 leur propre site web.<\/p>\n<p>Une fois que le processus d\u2019inscription sera lanc\u00e9 tu auras un coordinateur qui te sera affect\u00e9. Si tu veux le contacter, il faudra que tu recherches son nom dans l\u2019<a href=\"http:\/\/w3.annuaire.univ-tlse2.fr\/\" target=\"_blank\">annuaire<\/a> de l\u2019universit\u00e9.<\/p>\n<p>Puis n\u2019oublie pas, nous sommes l\u00e0 pour t\u2019aider dans tes d\u00e9marches alors n\u2019h\u00e9site pas \u00e0 venir nous voir au bureau ou \u00e0 nous envoyer un <a href=\"&#x6d;&#x61;&#105;lt&#x6f;&#x3a;&#x65;ima&#x2e;&#x74;&#108;se&#x32;&#x40;&#x67;&#109;ai&#x6c;&#x2e;&#99;om?subject=demande%20d'information\">mail<\/a>.<\/p>","protected":false},"excerpt":{"rendered":"<p>Si tu es int\u00e9ress\u00e9(e) pour venir \u00e9tudier \u00e0 Jean Jaur\u00e8s, tu pourras trouver plus d\u2019informations sur le site des Relations Internationales de l&rsquo;universit\u00e9\u00a0Jean Jaur\u00e8s Si tu as d\u00e9j\u00e0 fait ton choix pour venir \u00e0 Jean Jaur\u00e8s, cette rubrique va te permettre de trouver les premi\u00e8res informations indispensables \u00e0 ton s\u00e9jour. Une fois arriv\u00e9,\u00a0on cherche souvent\u2026<\/p>\n","protected":false},"author":292,"featured_media":0,"parent":0,"menu_order":0,"comment_status":"closed","ping_status":"closed","template":"fullwidth.php","meta":{"footnotes":""},"class_list":["post-138","page","type-page","status-publish","hentry"],"_links":{"self":[{"href":"https:\/\/blogs.univ-tlse2.fr\/eima\/wp-json\/wp\/v2\/pages\/138","targetHints":{"allow":["GET"]}}],"collection":[{"href":"https:\/\/blogs.univ-tlse2.fr\/eima\/wp-json\/wp\/v2\/pages"}],"about":[{"href":"https:\/\/blogs.univ-tlse2.fr\/eima\/wp-json\/wp\/v2\/types\/page"}],"author":[{"embeddable":true,"href":"https:\/\/blogs.univ-tlse2.fr\/eima\/wp-json\/wp\/v2\/users\/292"}],"replies":[{"embeddable":true,"href":"https:\/\/blogs.univ-tlse2.fr\/eima\/wp-json\/wp\/v2\/comments?post=138"}],"version-history":[{"count":12,"href":"https:\/\/blogs.univ-tlse2.fr\/eima\/wp-json\/wp\/v2\/pages\/138\/revisions"}],"predecessor-version":[{"id":458,"href":"https:\/\/blogs.univ-tlse2.fr\/eima\/wp-json\/wp\/v2\/pages\/138\/revisions\/458"}],"wp:attachment":[{"href":"https:\/\/blogs.univ-tlse2.fr\/eima\/wp-json\/wp\/v2\/media?parent=138"}],"curies":[{"name":"wp","href":"https:\/\/api.w.org\/{rel}","templated":true}]}}