 {"id":140,"date":"2016-01-02T17:01:59","date_gmt":"2016-01-02T16:01:59","guid":{"rendered":"https:\/\/blogs.univ-tlse2.fr\/eima\/?page_id=140"},"modified":"2016-10-01T01:03:52","modified_gmt":"2016-09-30T23:03:52","slug":"transports","status":"publish","type":"page","link":"https:\/\/blogs.univ-tlse2.fr\/eima\/transports\/","title":{"rendered":"Transports"},"content":{"rendered":"<p>Pour venir, partir de Toulouse et pour t\u2019y d\u00e9placer voici quelques sites internet qui pourront t\u2019aider.<\/p>\n<p>&nbsp;<\/p>\n<h2 style=\"text-align: center\"><b><span style=\"text-decoration: underline\">Pour venir et partir<\/span>\u00a0<\/b><\/h2>\n<p>&nbsp;<\/p>\n<p><b>Le site de l\u2019a\u00e9roport de Toulouse<\/b> : o\u00f9 tu pourras trouver toutes les destinations possibles depuis Toulouse mais aussi toutes les compagnies a\u00e9riennes qui desservent cet a\u00e9roport.<\/p>\n<p><a href=\"http:\/\/www.toulouse.aeroport.fr\/\">www.toulouse.aeroport.fr<\/a><\/p>\n<p><b>Le site de l\u2019a\u00e9roport de Carcassonne<\/b> : seulement \u00e0 45 minutes en voiture de Toulouse, cet a\u00e9roport est desservi par la compagnie Ryanair et a par exemple pour destination de nombreuses villes d\u2019Angleterre !<\/p>\n<p><a href=\"http:\/\/www.aeroport-carcassonne.com\/\">www.aeroport-carcassonne.com<\/a><\/p>\n<p><b>Skyscanner<\/b> : moteur de recherche de vols low-cost (plusieurs langues, monnaies, mise \u00e0 jour permanente, des centaines de compagnies a\u00e9riennes, &#8230; Europe principalement mais pas seulement)<\/p>\n<p><a href=\"http:\/\/www.skyscanner.net\/fr\">www.skyscanner.net\/fr<\/a><\/p>\n<p><b>La SNCF<\/b> : Site de la SNCF pour les voyages en train, n\u2019oubliez pas que vous pouvez b\u00e9n\u00e9ficier de remises pour les voyages en train en tant que jeunes <a href=\"http:\/\/www.sncf.com\/fr\/tarifs-reduits\/carte-jeune\">avec la carte jeune<\/a> (horaires, achats en ligne, bon plans&#8230;)<\/p>\n<p><a href=\"http:\/\/www.voyages-sncf.com\/\">www.voyages-sncf.com<\/a><\/p>\n<p><b>Le covoiturage<\/b> : n\u2019oublie pas ce moyen de transport qui permet de faire des \u00e9conomies et qui est tr\u00e8s r\u00e9pandu en France !<\/p>\n<p><a href=\"http:\/\/www.covoiturage.fr\/\">www.covoiturage.fr<\/a><\/p>\n<p><a href=\"https:\/\/www.blablacar.fr\">www.blablacar.fr<\/a><\/p>\n<p><strong>La location de voitures :<\/strong><\/p>\n<p><a href=\"https:\/\/www.drivy.com\">https:\/\/www.drivy.com<\/a><\/p>\n<p>&nbsp;<\/p>\n<h2 style=\"text-align: center\"><span style=\"text-decoration: underline\"><b>Pour te d\u00e9placer \u00e0 Toulouse<\/b><\/span><\/h2>\n<p>&nbsp;<\/p>\n<p><b>Tiss\u00e9o<\/b> : Service de transport en commun de la ville de Toulouse, avec ses <a href=\"http:\/\/www.tisseo.fr\/les-tarifs\/la-gamme?field_tisseo_profil_value=17&amp;field_tisseo_reseau_value=20\">tarifs int\u00e9ressants<\/a> pour les \u00e9tudiants (<a href=\"http:\/\/www.tisseo.fr\/se-deplacer\/horaires\">horaires<\/a>, <a href=\"http:\/\/www.tisseo.fr\/se-deplacer\/plans\">plans<\/a>, itin\u00e9raires&#8230;)<\/p>\n<p><a href=\"http:\/\/www.tisseo.fr\/\">www.tisseo.fr<\/a><\/p>\n<p><b>V\u00e9lo Toulouse<\/b> : Parce que Toulouse se visite aussi \u00e0 v\u00e9lo, la ville met \u00e0 la disposition des habitants et touristes des v\u00e9los en libre service, pour en savoir plus visitez le site.<\/p>\n<p><a href=\"http:\/\/www.velo.toulouse.fr\/\">www.velo.toulouse.fr<\/a><\/p>","protected":false},"excerpt":{"rendered":"<p>Pour venir, partir de Toulouse et pour t\u2019y d\u00e9placer voici quelques sites internet qui pourront t\u2019aider. &nbsp; Pour venir et partir\u00a0 &nbsp; Le site de l\u2019a\u00e9roport de Toulouse : o\u00f9 tu pourras trouver toutes les destinations possibles depuis Toulouse mais aussi toutes les compagnies a\u00e9riennes qui desservent cet a\u00e9roport. www.toulouse.aeroport.fr Le site de l\u2019a\u00e9roport de\u2026<\/p>\n","protected":false},"author":292,"featured_media":0,"parent":0,"menu_order":0,"comment_status":"closed","ping_status":"closed","template":"fullwidth.php","meta":{"footnotes":""},"class_list":["post-140","page","type-page","status-publish","hentry"],"_links":{"self":[{"href":"https:\/\/blogs.univ-tlse2.fr\/eima\/wp-json\/wp\/v2\/pages\/140","targetHints":{"allow":["GET"]}}],"collection":[{"href":"https:\/\/blogs.univ-tlse2.fr\/eima\/wp-json\/wp\/v2\/pages"}],"about":[{"href":"https:\/\/blogs.univ-tlse2.fr\/eima\/wp-json\/wp\/v2\/types\/page"}],"author":[{"embeddable":true,"href":"https:\/\/blogs.univ-tlse2.fr\/eima\/wp-json\/wp\/v2\/users\/292"}],"replies":[{"embeddable":true,"href":"https:\/\/blogs.univ-tlse2.fr\/eima\/wp-json\/wp\/v2\/comments?post=140"}],"version-history":[{"count":18,"href":"https:\/\/blogs.univ-tlse2.fr\/eima\/wp-json\/wp\/v2\/pages\/140\/revisions"}],"predecessor-version":[{"id":473,"href":"https:\/\/blogs.univ-tlse2.fr\/eima\/wp-json\/wp\/v2\/pages\/140\/revisions\/473"}],"wp:attachment":[{"href":"https:\/\/blogs.univ-tlse2.fr\/eima\/wp-json\/wp\/v2\/media?parent=140"}],"curies":[{"name":"wp","href":"https:\/\/api.w.org\/{rel}","templated":true}]}}