 {"id":75,"date":"2015-11-21T02:45:30","date_gmt":"2015-11-21T01:45:30","guid":{"rendered":"https:\/\/blogs.univ-tlse2.fr\/eima\/?page_id=75"},"modified":"2016-10-01T01:07:48","modified_gmt":"2016-09-30T23:07:48","slug":"les-sorties-nocturnes","status":"publish","type":"page","link":"https:\/\/blogs.univ-tlse2.fr\/eima\/les-sorties-nocturnes\/","title":{"rendered":"Les sorties nocturnes"},"content":{"rendered":"<div id=\"pl-75\"  class=\"panel-layout\" ><div id=\"pg-75-0\"  class=\"panel-grid panel-no-style\" ><div id=\"pgc-75-0-0\"  class=\"panel-grid-cell\" ><div id=\"panel-75-0-0-0\" class=\"so-panel widget widget_siteorigin-panels-builder panel-first-child panel-last-child\" data-index=\"0\" ><div id=\"pl-w57eef0444417e\"  class=\"panel-layout\" ><div id=\"pg-w57eef0444417e-0\"  class=\"panel-grid panel-no-style\" ><div id=\"pgc-w57eef0444417e-0-0\"  class=\"panel-grid-cell\" ><div id=\"panel-w57eef0444417e-0-0-0\" class=\"so-panel widget widget_sow-image panel-first-child panel-last-child\" data-index=\"0\" ><div\n\t\t\t\n\t\t\tclass=\"so-widget-sow-image so-widget-sow-image-default-8b5b6f678277\"\n\t\t\t\n\t\t>\n<div class=\"sow-image-container\">\n\t\t<img \n\tsrc=\"https:\/\/blogs.univ-tlse2.fr\/eima\/files\/2015\/11\/2-e1448050792774.jpg\" width=\"300\" height=\"225\" sizes=\"(max-width: 300px) 100vw, 300px\" title=\"Les sorties nocturnes\" alt=\"Soir\u00e9e EIMA dans un bar \u00e0 Toulouse\" \t\tclass=\"so-widget-image\"\/>\n\t<\/div>\n\n<\/div><\/div><\/div><div id=\"pgc-w57eef0444417e-0-1\"  class=\"panel-grid-cell\" ><div id=\"panel-w57eef0444417e-0-1-0\" class=\"so-panel widget widget_sow-editor panel-first-child panel-last-child\" data-index=\"1\" ><div\n\t\t\t\n\t\t\tclass=\"so-widget-sow-editor so-widget-sow-editor-base\"\n\t\t\t\n\t\t>\n<div class=\"siteorigin-widget-tinymce textwidget\">\n\t<p style=\"text-align: justify\">EIMA a pour but principal d'aider les \u00e9tudiants \u00e9trangers \u00e0 s'int\u00e9grer dans l'universit\u00e9 et dans la ville de Toulouse. Pour ce faire, l'association organise tout au long de l'ann\u00e9e de nombreuses activit\u00e9s et sorties.<\/p>\n<p>Une fois par mois, des\u00a0<strong>soir\u00e9es<\/strong>\u00a0sont organis\u00e9es dans des bars de Toulouse selon l'envie des \u00e9tudiants. Parfois\u00a0\u00e0 th\u00e8mes, ces soir\u00e9es sont l'occasion de\u00a0<strong>faire la f\u00eate\u00a0<\/strong>et de\u00a0<strong>rencontrer de nouvelles personnes.<\/strong><\/p>\n<p>EIMA\u00a0participe aussi de temps en temps \u00e0 l'organisation de\u00a0plus grosses soir\u00e9es en partenariat avec les\u00a0autres associations\u00a0d\u2019\u00e9tudiants \u00e9trangers de Toulouse. Elles rassemblent souvent plus de\u00a0<strong>2000 \u00e9tudiants<\/strong>\u00a0dans une des\u00a0<strong>bo\u00eetes de nuit<\/strong>\u00a0de la ville.<\/p><\/p>\n<\/div>\n<\/div><\/div><\/div><\/div><div id=\"pg-w57eef0444417e-1\"  class=\"panel-grid panel-no-style\" ><div id=\"pgc-w57eef0444417e-1-0\"  class=\"panel-grid-cell\" ><div id=\"panel-w57eef0444417e-1-0-0\" class=\"so-panel widget widget_sow-image panel-first-child panel-last-child\" data-index=\"2\" ><div\n\t\t\t\n\t\t\tclass=\"so-widget-sow-image so-widget-sow-image-default-c67d20f9f743\"\n\t\t\t\n\t\t>\n<div class=\"sow-image-container\">\n\t\t<img \n\tsrc=\"https:\/\/blogs.univ-tlse2.fr\/eima\/files\/2015\/11\/217706_6343373188_3558_n.jpg\" width=\"262\" height=\"196\" sizes=\"(max-width: 262px) 100vw, 262px\" title=\"Pique-nique\" alt=\"Pique nique au bord de la Garonne\" \t\tclass=\"so-widget-image\"\/>\n\t<\/div>\n\n<\/div><\/div><\/div><div id=\"pgc-w57eef0444417e-1-1\"  class=\"panel-grid-cell\" ><div id=\"panel-w57eef0444417e-1-1-0\" class=\"so-panel widget widget_sow-editor panel-first-child panel-last-child\" data-index=\"3\" ><div\n\t\t\t\n\t\t\tclass=\"so-widget-sow-editor so-widget-sow-editor-base\"\n\t\t\t\n\t\t>\n<div class=\"siteorigin-widget-tinymce textwidget\">\n\t<p>Nous proposons d\u2019autres activit\u00e9s nocturnes : sorties bowling, karaok\u00e9,\u00a0 Laser Quest, matchs de rugby, de football, soir\u00e9es quiz...<\/p>\n<p>Nous cherchons \u00e0 proposer des\u00a0<strong>activit\u00e9s vari\u00e9es<\/strong>\u00a0afin de pouvoir\u00a0<strong>satisfaire le plus grand nombre<\/strong>. Si tu as d\u2019autres id\u00e9es, n\u2019h\u00e9site pas \u00e0 nous les proposer !<\/p>\n<\/p><\/p>\n<\/div>\n<\/div><\/div><\/div><div id=\"pgc-w57eef0444417e-1-2\"  class=\"panel-grid-cell\" ><div id=\"panel-w57eef0444417e-1-2-0\" class=\"so-panel widget widget_sow-image panel-first-child panel-last-child\" data-index=\"4\" ><div\n\t\t\t\n\t\t\tclass=\"so-widget-sow-image so-widget-sow-image-default-c67d20f9f743\"\n\t\t\t\n\t\t>\n<div class=\"sow-image-container\">\n\t\t<img \n\tsrc=\"https:\/\/blogs.univ-tlse2.fr\/eima\/files\/2015\/11\/195_10742711823_6926_n.jpg\" width=\"260\" height=\"195\" sizes=\"(max-width: 260px) 100vw, 260px\" title=\"Karaok\u00e9\" alt=\"Exemple d&#039;activit\u00e9 nocturne d&#039;EIMA\" \t\tclass=\"so-widget-image\"\/>\n\t<\/div>\n\n<\/div><\/div><\/div><\/div><\/div><\/div><\/div><\/div><\/div>","protected":false},"excerpt":{"rendered":"<p>EIMA a pour but principal d&rsquo;aider les \u00e9tudiants \u00e9trangers \u00e0 s&rsquo;int\u00e9grer dans l&rsquo;universit\u00e9 et dans la ville de Toulouse. Pour ce faire, l&rsquo;association organise tout au long de l&rsquo;ann\u00e9e de nombreuses activit\u00e9s et sorties. Une fois par mois, des\u00a0soir\u00e9es\u00a0sont organis\u00e9es dans des bars de Toulouse selon l&rsquo;envie des \u00e9tudiants. Parfois\u00a0\u00e0 th\u00e8mes, ces soir\u00e9es sont l&rsquo;occasion\u2026<\/p>\n","protected":false},"author":292,"featured_media":0,"parent":0,"menu_order":0,"comment_status":"closed","ping_status":"closed","template":"fullwidth.php","meta":{"footnotes":""},"class_list":["post-75","page","type-page","status-publish","hentry"],"_links":{"self":[{"href":"https:\/\/blogs.univ-tlse2.fr\/eima\/wp-json\/wp\/v2\/pages\/75","targetHints":{"allow":["GET"]}}],"collection":[{"href":"https:\/\/blogs.univ-tlse2.fr\/eima\/wp-json\/wp\/v2\/pages"}],"about":[{"href":"https:\/\/blogs.univ-tlse2.fr\/eima\/wp-json\/wp\/v2\/types\/page"}],"author":[{"embeddable":true,"href":"https:\/\/blogs.univ-tlse2.fr\/eima\/wp-json\/wp\/v2\/users\/292"}],"replies":[{"embeddable":true,"href":"https:\/\/blogs.univ-tlse2.fr\/eima\/wp-json\/wp\/v2\/comments?post=75"}],"version-history":[{"count":21,"href":"https:\/\/blogs.univ-tlse2.fr\/eima\/wp-json\/wp\/v2\/pages\/75\/revisions"}],"predecessor-version":[{"id":474,"href":"https:\/\/blogs.univ-tlse2.fr\/eima\/wp-json\/wp\/v2\/pages\/75\/revisions\/474"}],"wp:attachment":[{"href":"https:\/\/blogs.univ-tlse2.fr\/eima\/wp-json\/wp\/v2\/media?parent=75"}],"curies":[{"name":"wp","href":"https:\/\/api.w.org\/{rel}","templated":true}]}}