 {"id":92,"date":"2015-03-06T19:22:57","date_gmt":"2015-03-06T18:22:57","guid":{"rendered":"https:\/\/blogs.univ-tlse2.fr\/emma\/?page_id=92"},"modified":"2015-03-06T19:32:59","modified_gmt":"2015-03-06T18:32:59","slug":"accueil","status":"publish","type":"page","link":"https:\/\/blogs.univ-tlse2.fr\/emma\/","title":{"rendered":"Bienvenue sur le blog du s\u00e9minaire Emma !"},"content":{"rendered":"<p>Depuis 2012, le s\u00e9minaire \u00ab\u00a0Emma c&rsquo;est nous\u00a0\u00bb, organis\u00e9 par L\u00e9titia Mouze et Anne Coignard (ERRaPhiS, UT2J), propose de questionner la lecture litt\u00e9raire et, plus particuli\u00e8rement, la lecture de roman, ainsi que les relations entre litt\u00e9rature et philosophie.<\/p>\n<p>Vous trouverez, sur ce blog, l&rsquo;argumentaire du s\u00e9minaire (dans la section pr\u00e9sentation), les programmes des ann\u00e9es pass\u00e9es et de l&rsquo;ann\u00e9e en cours, ainsi que les comptes-rendus des s\u00e9ances.<\/p>\n<p>La section \u00ab\u00a0S\u00e9minaires et activit\u00e9s associ\u00e9es\u00a0\u00bb propose des liens vers l&rsquo;atelier\u00a0\u00ab\u00a0Lectures : f\u00ealures et r\u00e9parations\u00a0\u00bb, organis\u00e9 dans le cadre de l&rsquo;op\u00e9ration\u00a0<em>M\u00e9moires domin\u00e9es et cr\u00e9ations critiques<\/em> (M\u00e9mocris) du LabEx SMS, ainsi que\u00a0vers les activit\u00e9s de nos coll\u00e8gues de LLA-Cr\u00e9atis.<\/p>\n<p>Mais surtout, vous \u00eates invit\u00e9s \u00e0 participer \u00e0 nos r\u00e9flexions, que ce soit en chair et en os, dans le cadre du s\u00e9minaire, ou que ce soit, sur le blog,\u00a0en nous proposant des recensions d&rsquo;ouvrages sur la lecture ou en partageant\u00a0avec nous vos exp\u00e9riences de lecture !<\/p>\n","protected":false},"excerpt":{"rendered":"<p>Depuis 2012, le s\u00e9minaire \u00ab\u00a0Emma c&rsquo;est nous\u00a0\u00bb, organis\u00e9 par L\u00e9titia Mouze et Anne Coignard (ERRaPhiS, UT2J), propose de questionner la lecture litt\u00e9raire et, plus particuli\u00e8rement, la lecture de roman, ainsi que les relations entre litt\u00e9rature et philosophie. Vous trouverez, sur ce blog, l&rsquo;argumentaire du s\u00e9minaire (dans la section pr\u00e9sentation), les programmes des ann\u00e9es pass\u00e9es et [&hellip;]<\/p>\n","protected":false},"author":255,"featured_media":0,"parent":0,"menu_order":0,"comment_status":"closed","ping_status":"open","template":"","meta":{"footnotes":""},"class_list":["post-92","page","type-page","status-publish","hentry"],"_links":{"self":[{"href":"https:\/\/blogs.univ-tlse2.fr\/emma\/wp-json\/wp\/v2\/pages\/92","targetHints":{"allow":["GET"]}}],"collection":[{"href":"https:\/\/blogs.univ-tlse2.fr\/emma\/wp-json\/wp\/v2\/pages"}],"about":[{"href":"https:\/\/blogs.univ-tlse2.fr\/emma\/wp-json\/wp\/v2\/types\/page"}],"author":[{"embeddable":true,"href":"https:\/\/blogs.univ-tlse2.fr\/emma\/wp-json\/wp\/v2\/users\/255"}],"replies":[{"embeddable":true,"href":"https:\/\/blogs.univ-tlse2.fr\/emma\/wp-json\/wp\/v2\/comments?post=92"}],"version-history":[{"count":5,"href":"https:\/\/blogs.univ-tlse2.fr\/emma\/wp-json\/wp\/v2\/pages\/92\/revisions"}],"predecessor-version":[{"id":97,"href":"https:\/\/blogs.univ-tlse2.fr\/emma\/wp-json\/wp\/v2\/pages\/92\/revisions\/97"}],"wp:attachment":[{"href":"https:\/\/blogs.univ-tlse2.fr\/emma\/wp-json\/wp\/v2\/media?parent=92"}],"curies":[{"name":"wp","href":"https:\/\/api.w.org\/{rel}","templated":true}]}}