 {"id":327,"date":"2024-03-26T11:48:46","date_gmt":"2024-03-26T10:48:46","guid":{"rendered":"https:\/\/blogs.univ-tlse2.fr\/enfantsetanimaux\/?page_id=327"},"modified":"2024-11-25T18:34:02","modified_gmt":"2024-11-25T17:34:02","slug":"notre-projet-evidan","status":"publish","type":"page","link":"https:\/\/blogs.univ-tlse2.fr\/enfantsetanimaux\/","title":{"rendered":"Notre projet Biodiv&rsquo;Ecole"},"content":{"rendered":"\n<p>Le projet Biodiv&rsquo;Ecole va nous permettre d&rsquo;\u00e9tudier la faune sauvage qui vit autour de nous et de mieux conna\u00eetre la biodiversit\u00e9.<\/p>\n\n\n\n<p>Ce projet consiste \u00e0 observer et identifier des animaux dans leur espace naturel gr\u00e2ce \u00e0 des jumelles et des pi\u00e8ges photographiques pos\u00e9s avec des chercheurs. Les cam\u00e9ras, tr\u00e8s performantes, se d\u00e9clenchent au mouvement et enregistrent pendant 15 secondes.<\/p>\n\n\n\n<p>Ce projet est coordonn\u00e9 par les enseignantes de CM1-CM2, Aur\u00e9lia Arzuffi et Agn\u00e8s Cristina en collaboration avec Rapha\u00ebl Chalmeau &#8211; Enseignant-chercheur, sp\u00e9cialiste en science de l&rsquo;\u00e9ducation et Fr\u00e9d\u00e9ric Santoul &#8211; Enseignant-chercheur, sp\u00e9cialiste en biologie animale.<\/p>\n\n\n\n<p><strong><em>RETROUVEZ-NOUS AUSSI SUR NOTRE CHA\u00ceNE YOUTUBE<\/em><\/strong><\/p>\n\n\n\n<figure class=\"wp-block-embed is-type-video is-provider-youtube wp-block-embed-youtube wp-embed-aspect-16-9 wp-has-aspect-ratio\"><div class=\"wp-block-embed__wrapper\">\n<iframe loading=\"lazy\" title=\"Pr\u00e9sentation cha\u00eene Biodiv&#039;Ecole\" width=\"640\" height=\"360\" src=\"https:\/\/www.youtube.com\/embed\/ymqklcXCVvw?feature=oembed\" frameborder=\"0\" allow=\"accelerometer; autoplay; clipboard-write; encrypted-media; gyroscope; picture-in-picture; web-share\" referrerpolicy=\"strict-origin-when-cross-origin\" allowfullscreen><\/iframe>\n<\/div><\/figure>\n","protected":false},"excerpt":{"rendered":"<p>Le projet Biodiv&rsquo;Ecole va nous permettre d&rsquo;\u00e9tudier la faune sauvage qui vit autour de nous et de mieux conna\u00eetre la biodiversit\u00e9. Ce projet consiste \u00e0 observer et identifier des animaux dans leur espace naturel gr\u00e2ce \u00e0 des jumelles et des &hellip; <a href=\"https:\/\/blogs.univ-tlse2.fr\/enfantsetanimaux\/\">Continuer la lecture <span class=\"meta-nav\">&rarr;<\/span><\/a><\/p>\n","protected":false},"author":1376,"featured_media":0,"parent":0,"menu_order":0,"comment_status":"closed","ping_status":"closed","template":"","meta":{"footnotes":""},"class_list":["post-327","page","type-page","status-publish","hentry"],"_links":{"self":[{"href":"https:\/\/blogs.univ-tlse2.fr\/enfantsetanimaux\/wp-json\/wp\/v2\/pages\/327","targetHints":{"allow":["GET"]}}],"collection":[{"href":"https:\/\/blogs.univ-tlse2.fr\/enfantsetanimaux\/wp-json\/wp\/v2\/pages"}],"about":[{"href":"https:\/\/blogs.univ-tlse2.fr\/enfantsetanimaux\/wp-json\/wp\/v2\/types\/page"}],"author":[{"embeddable":true,"href":"https:\/\/blogs.univ-tlse2.fr\/enfantsetanimaux\/wp-json\/wp\/v2\/users\/1376"}],"replies":[{"embeddable":true,"href":"https:\/\/blogs.univ-tlse2.fr\/enfantsetanimaux\/wp-json\/wp\/v2\/comments?post=327"}],"version-history":[{"count":18,"href":"https:\/\/blogs.univ-tlse2.fr\/enfantsetanimaux\/wp-json\/wp\/v2\/pages\/327\/revisions"}],"predecessor-version":[{"id":647,"href":"https:\/\/blogs.univ-tlse2.fr\/enfantsetanimaux\/wp-json\/wp\/v2\/pages\/327\/revisions\/647"}],"wp:attachment":[{"href":"https:\/\/blogs.univ-tlse2.fr\/enfantsetanimaux\/wp-json\/wp\/v2\/media?parent=327"}],"curies":[{"name":"wp","href":"https:\/\/api.w.org\/{rel}","templated":true}]}}