 {"id":451,"date":"2024-04-08T17:04:37","date_gmt":"2024-04-08T15:04:37","guid":{"rendered":"https:\/\/blogs.univ-tlse2.fr\/enfantsetanimaux\/?page_id=451"},"modified":"2024-04-08T17:04:37","modified_gmt":"2024-04-08T15:04:37","slug":"quels-animaux-a-ramonville","status":"publish","type":"page","link":"https:\/\/blogs.univ-tlse2.fr\/enfantsetanimaux\/quels-animaux-a-ramonville\/","title":{"rendered":"Quels animaux \u00e0 Ramonville ?"},"content":{"rendered":"\n<p>De retour \u00e0 Ramonville, Fr\u00e9d\u00e9ric nous a montr\u00e9 des vid\u00e9os prises par les pi\u00e8ges dispos\u00e9s autour de la commune. Nous avons pu comparer les animaux film\u00e9s \u00e0 la montagne et ceux qui ont \u00e9t\u00e9 vus \u00e0 Ramonville&#8230; Nous avons eu quelques surprises de trouver des animaux sauvages si pr\u00e8s de la ville !<\/p>\n\n\n\n<figure class=\"wp-block-image size-large\"><img loading=\"lazy\" decoding=\"async\" width=\"1024\" height=\"413\" src=\"https:\/\/blogs.univ-tlse2.fr\/enfantsetanimaux\/files\/2024\/04\/piege-photo-Ramonville-sept-octobre-1024x413.jpg\" alt=\"\" class=\"wp-image-452\" srcset=\"https:\/\/blogs.univ-tlse2.fr\/enfantsetanimaux\/files\/2024\/04\/piege-photo-Ramonville-sept-octobre-1024x413.jpg 1024w, https:\/\/blogs.univ-tlse2.fr\/enfantsetanimaux\/files\/2024\/04\/piege-photo-Ramonville-sept-octobre-300x121.jpg 300w, https:\/\/blogs.univ-tlse2.fr\/enfantsetanimaux\/files\/2024\/04\/piege-photo-Ramonville-sept-octobre-768x310.jpg 768w, https:\/\/blogs.univ-tlse2.fr\/enfantsetanimaux\/files\/2024\/04\/piege-photo-Ramonville-sept-octobre.jpg 1038w\" sizes=\"auto, (max-width: 1024px) 100vw, 1024px\" \/><figcaption class=\"wp-element-caption\">Nombre de vid\u00e9os des diff\u00e9rents animaux pris par les pi\u00e8ges photographiques sur la commune de Ramonville en septembre et octobre 2023<\/figcaption><\/figure>\n\n\n\n<p>Les sangliers sont pass\u00e9s de nombreuses fois devant les cam\u00e9ras, ainsi que les chevreuils. Nous avons eu aussi des li\u00e8vres, des renards, des blaireaux, deux \u00e9cureuils, une genette et un chat forestier ! Tout cela \u00e0 proximit\u00e9 de notre ville.<\/p>\n\n\n\n<p>Comme \u00e0 la montagne, nous retrouvons des animaux sauvages de la m\u00eame esp\u00e8ce (sangliers, renards) alors que certains n&rsquo;ont \u00e9t\u00e9 vus qu&rsquo;\u00e0 Ramonville (chevreuil, blaireau, li\u00e8vre, genette, chat forestier et \u00e9cureuil) et d&rsquo;autres n&rsquo;ont \u00e9t\u00e9 vus qu&rsquo;\u00e0 la montagne (cerfs et biches, mulot). Mais il faut dire que les pi\u00e8ges photographiques ne sont rest\u00e9s qu&rsquo;une semaine en action \u00e0 la montagne, alors qu&rsquo;\u00e0 Ramonville, ils ont tout enregistr\u00e9 pendant 2 mois.<\/p>\n\n\n\n<p>Nous avons termin\u00e9 par une discussion en classe sur le caract\u00e8re sauvage des animaux : <em>Pensez-vous que les animaux sauvages de Ramonville sont aussi sauvages, moins sauvages ou plus sauvages que les animaux de la montagne ?<\/em> Les r\u00e9ponses sont partag\u00e9es, mais nombreux sont les \u00e9l\u00e8ves qui pensent qu&rsquo;ils sont moins sauvages \u00e0 Ramonville car ils sont plus fr\u00e9quemment en contact avec les humains ou avec les activit\u00e9s des humains, leur milieu de vie est proche de la ville, contrairement aux animaux de la montagne qui peuvent vivre loin des humains.<\/p>\n\n\n\n<p><\/p>\n","protected":false},"excerpt":{"rendered":"<p>De retour \u00e0 Ramonville, Fr\u00e9d\u00e9ric nous a montr\u00e9 des vid\u00e9os prises par les pi\u00e8ges dispos\u00e9s autour de la commune. Nous avons pu comparer les animaux film\u00e9s \u00e0 la montagne et ceux qui ont \u00e9t\u00e9 vus \u00e0 Ramonville&#8230; Nous avons eu &hellip; <a href=\"https:\/\/blogs.univ-tlse2.fr\/enfantsetanimaux\/quels-animaux-a-ramonville\/\">Continuer la lecture <span class=\"meta-nav\">&rarr;<\/span><\/a><\/p>\n","protected":false},"author":1376,"featured_media":0,"parent":0,"menu_order":0,"comment_status":"closed","ping_status":"closed","template":"","meta":{"footnotes":""},"class_list":["post-451","page","type-page","status-publish","hentry"],"_links":{"self":[{"href":"https:\/\/blogs.univ-tlse2.fr\/enfantsetanimaux\/wp-json\/wp\/v2\/pages\/451","targetHints":{"allow":["GET"]}}],"collection":[{"href":"https:\/\/blogs.univ-tlse2.fr\/enfantsetanimaux\/wp-json\/wp\/v2\/pages"}],"about":[{"href":"https:\/\/blogs.univ-tlse2.fr\/enfantsetanimaux\/wp-json\/wp\/v2\/types\/page"}],"author":[{"embeddable":true,"href":"https:\/\/blogs.univ-tlse2.fr\/enfantsetanimaux\/wp-json\/wp\/v2\/users\/1376"}],"replies":[{"embeddable":true,"href":"https:\/\/blogs.univ-tlse2.fr\/enfantsetanimaux\/wp-json\/wp\/v2\/comments?post=451"}],"version-history":[{"count":1,"href":"https:\/\/blogs.univ-tlse2.fr\/enfantsetanimaux\/wp-json\/wp\/v2\/pages\/451\/revisions"}],"predecessor-version":[{"id":454,"href":"https:\/\/blogs.univ-tlse2.fr\/enfantsetanimaux\/wp-json\/wp\/v2\/pages\/451\/revisions\/454"}],"wp:attachment":[{"href":"https:\/\/blogs.univ-tlse2.fr\/enfantsetanimaux\/wp-json\/wp\/v2\/media?parent=451"}],"curies":[{"name":"wp","href":"https:\/\/api.w.org\/{rel}","templated":true}]}}