 {"id":589,"date":"2022-12-06T23:23:57","date_gmt":"2022-12-06T22:23:57","guid":{"rendered":"https:\/\/blogs.univ-tlse2.fr\/ensemble-pourluniversite\/?page_id=589"},"modified":"2023-01-24T19:06:53","modified_gmt":"2023-01-24T18:06:53","slug":"nos-candidat-e-s","status":"publish","type":"page","link":"https:\/\/blogs.univ-tlse2.fr\/ensemble-pourluniversite\/nos-candidat-e-s\/","title":{"rendered":"Nos candidates et nos candidats"},"content":{"rendered":"\n<p><strong>Autour d\u2019Emmanuelle Garnier, nos candidates et nos candidats entendent former une majorit\u00e9 solide pour porter nos propositions et faire avancer notre \u00e9tablissement.<\/strong><\/p>\n\n\n\n<p>Soucieux de construire et porter des propositions partag\u00e9es par des repr\u00e9sentant\u00b7es de tous les personnels, le collectif <em>Ensemble pour l\u2019universit\u00e9<\/em> d\u00e9pose, pour chaque instance (CA, CFVU, CR), des listes dans tous les coll\u00e8ges (enseignant\u00b7es, enseignant\u00b7es-chercheur\u00b7es, BIATSS).<\/p>\n\n\n\n<p><strong>Ce sont ainsi 72 personnes, de tous horizons, qui s\u2019engagent ensemble pour notre universit\u00e9.<\/strong><\/p>\n\n\n\n<p><a href=\"https:\/\/blogs.univ-tlse2.fr\/ensemble-pourluniversite\/2023\/01\/24\/profession-de-foi\/\">Profession de foi<\/a><\/p>\n\n\n\n<p><a href=\"https:\/\/blogs.univ-tlse2.fr\/ensemble-pourluniversite\/nos-candidat-e-s\/conseil-dadministration\/\">Conseil d&rsquo;Administration<\/a><\/p>\n\n\n\n<p><a href=\"https:\/\/blogs.univ-tlse2.fr\/ensemble-pourluniversite\/nos-candidat-e-s\/commission-formation-et-vie-universitaire\/\">Commission Formation et Vie Universitaire<\/a><\/p>\n\n\n\n<p><a href=\"https:\/\/blogs.univ-tlse2.fr\/ensemble-pourluniversite\/nos-candidat-e-s\/commission-recherche\/\">Commission Recherche<\/a><\/p>\n\n\n\n<p><\/p>\n\n\n\n<p class=\"has-text-align-right\"><\/p>\n\n\n","protected":false},"excerpt":{"rendered":"<p>Autour d\u2019Emmanuelle Garnier, nos candidates et nos candidats entendent former une majorit\u00e9 solide pour porter nos propositions et faire avancer notre \u00e9tablissement. Soucieux de construire et porter des propositions partag\u00e9es par des repr\u00e9sentant\u00b7es de tous les personnels, le collectif Ensemble pour l\u2019universit\u00e9 d\u00e9pose, pour chaque instance (CA, CFVU, CR), des listes dans tous les coll\u00e8ges [&hellip;]<\/p>\n","protected":false},"author":301,"featured_media":0,"parent":0,"menu_order":0,"comment_status":"closed","ping_status":"closed","template":"","meta":{"footnotes":""},"class_list":["post-589","page","type-page","status-publish","hentry"],"_links":{"self":[{"href":"https:\/\/blogs.univ-tlse2.fr\/ensemble-pourluniversite\/wp-json\/wp\/v2\/pages\/589","targetHints":{"allow":["GET"]}}],"collection":[{"href":"https:\/\/blogs.univ-tlse2.fr\/ensemble-pourluniversite\/wp-json\/wp\/v2\/pages"}],"about":[{"href":"https:\/\/blogs.univ-tlse2.fr\/ensemble-pourluniversite\/wp-json\/wp\/v2\/types\/page"}],"author":[{"embeddable":true,"href":"https:\/\/blogs.univ-tlse2.fr\/ensemble-pourluniversite\/wp-json\/wp\/v2\/users\/301"}],"replies":[{"embeddable":true,"href":"https:\/\/blogs.univ-tlse2.fr\/ensemble-pourluniversite\/wp-json\/wp\/v2\/comments?post=589"}],"version-history":[{"count":12,"href":"https:\/\/blogs.univ-tlse2.fr\/ensemble-pourluniversite\/wp-json\/wp\/v2\/pages\/589\/revisions"}],"predecessor-version":[{"id":810,"href":"https:\/\/blogs.univ-tlse2.fr\/ensemble-pourluniversite\/wp-json\/wp\/v2\/pages\/589\/revisions\/810"}],"wp:attachment":[{"href":"https:\/\/blogs.univ-tlse2.fr\/ensemble-pourluniversite\/wp-json\/wp\/v2\/media?parent=589"}],"curies":[{"name":"wp","href":"https:\/\/api.w.org\/{rel}","templated":true}]}}