 {"id":596,"date":"2022-12-06T23:35:54","date_gmt":"2022-12-06T22:35:54","guid":{"rendered":"https:\/\/blogs.univ-tlse2.fr\/ensemble-pourluniversite\/?page_id=596"},"modified":"2022-12-11T17:22:54","modified_gmt":"2022-12-11T16:22:54","slug":"lettres-des-elus","status":"publish","type":"page","link":"https:\/\/blogs.univ-tlse2.fr\/ensemble-pourluniversite\/mandature-2018-2022-2\/lettres-des-elus\/","title":{"rendered":"Lettres des \u00e9lu.es au Conseil d&rsquo;administration (2018-2022)"},"content":{"rendered":"\n<p><\/p>\n\n\n\n<p>Pendant le mandat 2018-2022, les \u00e9lu.es <em>Ensemble pour l&rsquo;universit\u00e9<\/em> ont souhait\u00e9 rendre compte des travaux du Conseil d&rsquo;administration afin que chaque membre de notre communaut\u00e9 puisse disposer des informations concernant les diff\u00e9rents points abord\u00e9s.<\/p>\n\n\n\n<p>Vous trouverez ci-dessous ces \u00ab\u00a0Lettres des \u00e9lu.es au CA\u00a0\u00bb. <\/p>\n\n\n\n<p><\/p>\n\n\n\n<div class=\"wp-block-group\"><div class=\"wp-block-group__inner-container is-layout-constrained wp-block-group-is-layout-constrained\">\n<p><a rel=\"noreferrer noopener\" href=\"https:\/\/blogs.univ-tlse2.fr\/ensemble-pourluniversite\/files\/2022\/12\/Lettre_ElusCA_EU_novembre2022.pdf\" target=\"_blank\">Lettre de novembre 2022<\/a><\/p>\n\n\n\n<ul class=\"wp-block-list\">\n<li>Campagnes enseignant.es-chercheur.es et BIATSS<\/li>\n\n\n\n<li>Plan \u00c9galit\u00e9 femmes-hommes<\/li>\n\n\n\n<li>Budget rectificatif 2022 et budget initial 2023<\/li>\n\n\n\n<li>Capacit\u00e9s d&rsquo;accueil et modalit\u00e9s d&rsquo;acc\u00e8s aux formations<\/li>\n<\/ul>\n\n\n\n<p><a href=\"https:\/\/blogs.univ-tlse2.fr\/ensemble-pourluniversite\/files\/2022\/12\/Lettre_ElusCA_EU_octobre2022.pdf\">Lettre d&rsquo;octobre 2022<\/a><\/p>\n\n\n\n<ul class=\"wp-block-list\">\n<li>Mission \u00c9thique, d\u00e9ontologie et int\u00e9grit\u00e9 scientifique<\/li>\n\n\n\n<li>Fonds CVEC<\/li>\n\n\n\n<li>Forum de la recherche<\/li>\n\n\n\n<li>DROcc (Datacentrer r\u00e9gional Occitanie)<\/li>\n\n\n\n<li>Points divers<\/li>\n<\/ul>\n\n\n\n<p><a href=\"https:\/\/blogs.univ-tlse2.fr\/ensemble-pourluniversite\/files\/2022\/12\/Lettre_ElusCA_EU_septembre2022.pdf\">Lettre de septembre 2022<\/a><\/p>\n\n\n\n<ul class=\"wp-block-list\">\n<li>Vote des statuts de l&rsquo;Universit\u00e9 de Toulouse<\/li>\n\n\n\n<li>Plan de sobri\u00e9t\u00e9 \u00e9nerg\u00e9tique<\/li>\n\n\n\n<li>Am\u00e9nagement des acc\u00e8s sur le campus du Mirail<\/li>\n\n\n\n<li>Restauration des personnels<\/li>\n<\/ul>\n\n\n\n<p><a href=\"https:\/\/blogs.univ-tlse2.fr\/ensemble-pourluniversite\/files\/2022\/12\/Lettre_ElusCA_EU_juin-2022.pdf\">Lettre de juin 2022<\/a><\/p>\n\n\n\n<ul class=\"wp-block-list\">\n<li>Statuts de l&rsquo;Universit\u00e9 de Toulouse<\/li>\n\n\n\n<li>Labellisation DD&amp;RS<\/li>\n\n\n\n<li>D\u00e9marche Qualit\u00e9<\/li>\n\n\n\n<li>Mise en \u0153uvre du RIPEC et refonte du r\u00e9f\u00e9rentiel administratif<\/li>\n\n\n\n<li>Autres chantiers RH : repyramidage et nouvelle bonification indemnitaire (NBI)<\/li>\n<\/ul>\n\n\n\n<p><a rel=\"noreferrer noopener\" href=\"https:\/\/blogs.univ-tlse2.fr\/ensemble-pourluniversite\/files\/2022\/12\/Lettre_ElusCA_EU_avril-2022.pdf\" data-type=\"URL\" data-id=\"https:\/\/blogs.univ-tlse2.fr\/ensemble-pourluniversite\/files\/2022\/12\/Lettre_ElusCA_EU_avril-2022.pdf\" target=\"_blank\">Lettre d&rsquo;avril 2022<\/a><\/p>\n\n\n\n<ul class=\"wp-block-list\">\n<li>Sch\u00e9ma directeur pluriannuel du handicap<\/li>\n\n\n\n<li>Chantier des statuts de l&rsquo;Universit\u00e9 de Toulouse<\/li>\n\n\n\n<li>Insertion professionnelle des dipl\u00f4m\u00e9.es<\/li>\n<\/ul>\n\n\n\n<p><a rel=\"noreferrer noopener\" href=\"https:\/\/blogs.univ-tlse2.fr\/ensemble-pourluniversite\/files\/2022\/12\/Lettre_ElusCA_EU_mars2022.pdf\" data-type=\"URL\" data-id=\"https:\/\/blogs.univ-tlse2.fr\/ensemble-pourluniversite\/files\/2022\/12\/Lettre_ElusCA_EU_mars2022.pdf\" target=\"_blank\">Lettre de mars 2022<\/a><\/p>\n\n\n\n<ul class=\"wp-block-list\">\n<li>Mise en place du RIFSEEP<\/li>\n\n\n\n<li>La voie temporaire d&rsquo;acc\u00e8s au corps des professeur.es d&rsquo;universit\u00e9 (PU) et le RIPEC<\/li>\n\n\n\n<li>Adoption du contrat de site<\/li>\n\n\n\n<li>Guerre en Ukraine<\/li>\n\n\n\n<li>D\u00e9claration du Conseil d&rsquo;administration du 15 mars 2022<\/li>\n<\/ul>\n\n\n\n<p><a rel=\"noreferrer noopener\" href=\"https:\/\/blogs.univ-tlse2.fr\/ensemble-pourluniversite\/files\/2022\/12\/Lettre_ElusCA_EU_fevrier-2022.pdf\" target=\"_blank\">Lettre de f\u00e9vrier 2022<\/a><\/p>\n\n\n\n<ul class=\"wp-block-list\">\n<li>D\u00e9p\u00f4t du projet TIRIS : une \u00e9tape importante pour la construction du site<\/li>\n\n\n\n<li>SCASC : une aide face \u00e0 la hausse du co\u00fbt de l&rsquo;\u00e9nergie<\/li>\n\n\n\n<li>Un nouveau dispositif d&rsquo;accompagnement des \u00e9lu.es \u00e9tudiant.es<\/li>\n\n\n\n<li>CVEC : bilan des activit\u00e9s 2021 et r\u00e9partition des fonds pour l&rsquo;ann\u00e9e 2022<\/li>\n\n\n\n<li>Rapport sur l&#8217;emploi des docteur.es apr\u00e8s la th\u00e8se<\/li>\n<\/ul>\n<\/div><\/div>\n\n\n\n<div class=\"wp-block-group\"><div class=\"wp-block-group__inner-container is-layout-constrained wp-block-group-is-layout-constrained\">\n<p><a rel=\"noreferrer noopener\" href=\"https:\/\/blogs.univ-tlse2.fr\/ensemble-pourluniversite\/files\/2022\/12\/Lettre_ElusCA_EU_novembre2021.pdf\" target=\"_blank\">Lettre de novembre 2021<\/a><\/p>\n\n\n\n<ul class=\"wp-block-list\">\n<li>Point d&rsquo;\u00e9tape sur l&rsquo;\u00e9volution du site toulousain<\/li>\n\n\n\n<li>Budget rectificatif (BR2)<\/li>\n\n\n\n<li>Campagne d&#8217;emploi 2022<\/li>\n<\/ul>\n\n\n\n<p><a rel=\"noreferrer noopener\" href=\"https:\/\/blogs.univ-tlse2.fr\/ensemble-pourluniversite\/files\/2022\/12\/Lettre_ElusCA_EU_octobre2021.pdf\" target=\"_blank\">Lettre d&rsquo;octobre 2021<\/a><\/p>\n\n\n\n<ul class=\"wp-block-list\">\n<li>Universit\u00e9 de Toulouse : restitution des travaux des groupes de travail \u00ab\u00a0\u00c9criture du projet scientifique\u00a0\u00bb et \u00ab\u00a0Formation et vie \u00e9tudiante\u00a0\u00bb<\/li>\n\n\n\n<li>Exon\u00e9ration des droits d&rsquo;inscription pour les doctorant.es charg\u00e9.es de cours et les \u00e9tudiants vacataires<\/li>\n\n\n\n<li>Conversion de la bourse <em>Mirail Mundi<\/em> en CDU Relations internationales pour l&rsquo;accueil de doctorant.es internationaux.ales<\/li>\n\n\n\n<li>Projet THE Campus<\/li>\n\n\n\n<li>Avenant \u00e0 la charte du t\u00e9l\u00e9travail concernant les personnels de la BUC<\/li>\n<\/ul>\n\n\n\n<p><a rel=\"noreferrer noopener\" href=\"https:\/\/blogs.univ-tlse2.fr\/ensemble-pourluniversite\/files\/2022\/12\/Lettre_ElusCA_EU_septembre2021.pdf\" target=\"_blank\">Lettre de septembre 2021<\/a><\/p>\n\n\n\n<ul class=\"wp-block-list\">\n<li>Les chantiers prioritaires dans le domaine des ressources humaines<\/li>\n\n\n\n<li>La r\u00e9vision des dispositifs de r\u00e9f\u00e9rentiel des t\u00e2ches<\/li>\n<\/ul>\n\n\n\n<p><a rel=\"noreferrer noopener\" href=\"https:\/\/blogs.univ-tlse2.fr\/ensemble-pourluniversite\/files\/2022\/12\/Lettre_ElusCA_EU_juin2021.pdf\" target=\"_blank\">Lettre de juin 2021<\/a><\/p>\n\n\n\n<ul class=\"wp-block-list\">\n<li>Attach\u00e9.e temporaire d&rsquo;enseignement (ATE)<\/li>\n\n\n\n<li>Contrat quinquennal 2021-2026<\/li>\n\n\n\n<li>Projet de site<\/li>\n\n\n\n<li>R\u00e9novation \u00e9nerg\u00e9tique du b\u00e2timent INSPE Rangueil<\/li>\n<\/ul>\n\n\n\n<p><a rel=\"noreferrer noopener\" href=\"https:\/\/blogs.univ-tlse2.fr\/ensemble-pourluniversite\/files\/2022\/12\/Lettre_ElusCA_EU-avril-2021.pdf\" target=\"_blank\">Lettre d&rsquo;avril 2021<\/a><\/p>\n\n\n\n<ul class=\"wp-block-list\">\n<li>Modification du calendrier universitaire<\/li>\n<\/ul>\n\n\n\n<p><a rel=\"noreferrer noopener\" href=\"https:\/\/blogs.univ-tlse2.fr\/ensemble-pourluniversite\/files\/2022\/12\/Lettre_ElusCA_EU_mars2021.pdf\" target=\"_blank\">Lettre de mars 2021<\/a><\/p>\n\n\n\n<ul class=\"wp-block-list\">\n<li>Les lignes directrices de gestion (LDG)<\/li>\n\n\n\n<li>Plan \u00c9galit\u00e9 professionnelle femmes-hommes 2021-2023<\/li>\n\n\n\n<li>Compte financier 2020<\/li>\n<\/ul>\n\n\n\n<p><a rel=\"noreferrer noopener\" href=\"https:\/\/blogs.univ-tlse2.fr\/ensemble-pourluniversite\/files\/2022\/12\/Lettre_ElusCA_EU_janvier2021.pdf\" target=\"_blank\">Lettre de janvier 2021<\/a><\/p>\n\n\n\n<ul class=\"wp-block-list\">\n<li>Perspectives d&rsquo;\u00e9volution de l&rsquo;UFTMiP<\/li>\n\n\n\n<li>Aides sociales aux \u00e9tudiant.es<\/li>\n\n\n\n<li>Motion concernant la LPR<\/li>\n<\/ul>\n<\/div><\/div>\n\n\n\n<div class=\"wp-block-group\"><div class=\"wp-block-group__inner-container is-layout-constrained wp-block-group-is-layout-constrained\">\n<p><a rel=\"noreferrer noopener\" href=\"https:\/\/blogs.univ-tlse2.fr\/ensemble-pourluniversite\/files\/2022\/12\/Lettre_ElusCA_EU_decembre-2020.pdf\" target=\"_blank\">Lettre de d\u00e9cembre 2020<\/a><\/p>\n\n\n\n<ul class=\"wp-block-list\">\n<li>Budget initial 2021<\/li>\n\n\n\n<li>Capacit\u00e9 d&rsquo;accueil<\/li>\n\n\n\n<li>Modification des statuts pour permettre le vote \u00e9lectronique<\/li>\n<\/ul>\n\n\n\n<p><a rel=\"noreferrer noopener\" href=\"https:\/\/blogs.univ-tlse2.fr\/ensemble-pourluniversite\/files\/2022\/12\/Lettre_ElusCA_EU_novembre2020.pdf\" target=\"_blank\">Lettre de novembre 2020<\/a><\/p>\n\n\n\n<ul class=\"wp-block-list\">\n<li>La Maison de l&rsquo;image et du num\u00e9riques (MIN) : un nouveau service commun pour l&rsquo;UT2J<\/li>\n\n\n\n<li>Un budget rectificatif qui refl\u00e8te les effets de la crise sanitaire<\/li>\n\n\n\n<li>Vote de la campagne d&#8217;emploi 2021<\/li>\n\n\n\n<li>Motion du Conseil d&rsquo;administration du 17 novembre 2020<\/li>\n<\/ul>\n\n\n\n<p><a rel=\"noreferrer noopener\" href=\"https:\/\/blogs.univ-tlse2.fr\/ensemble-pourluniversite\/files\/2022\/12\/Lettre_ElusCA_EU_mai2020.pdf\" target=\"_blank\">Lettre de mai 2020<\/a><\/p>\n\n\n\n<ul class=\"wp-block-list\">\n<li>Accr\u00e9ditation des dipl\u00f4mes 2021-2025 : une \u00e9tape cl\u00e9 du long processus d&rsquo;\u00e9laboration des nouvelles formations<\/li>\n\n\n\n<li>Plan de reprise des activit\u00e9s : des proc\u00e9dures privil\u00e9giant la plus grande prudence pour les premiers temps du d\u00e9confinement<\/li>\n<\/ul>\n\n\n\n<p><a rel=\"noreferrer noopener\" href=\"https:\/\/blogs.univ-tlse2.fr\/ensemble-pourluniversite\/files\/2022\/12\/Lettre_ElusCA_EU_avril2020.pdf\" target=\"_blank\">Lettre d&rsquo;avril 2020<\/a><\/p>\n\n\n\n<ul class=\"wp-block-list\">\n<li>Un plan de continuit\u00e9 des activit\u00e9s qui vise \u00e0 prot\u00e9ger, informer et agir de fa\u00e7on concert\u00e9e<\/li>\n\n\n\n<li>Un apr\u00e8s 11 mai qui ne signifiera pas un retour sur le site<\/li>\n\n\n\n<li>Un soutien renforc\u00e9 aux \u00e9tudiant.es<\/li>\n\n\n\n<li>Le paiement anticip\u00e9 des charg\u00e9.es de cours<\/li>\n<\/ul>\n\n\n\n<p><a href=\"https:\/\/blogs.univ-tlse2.fr\/ensemble-pourluniversite\/files\/2022\/12\/Lettre_ElusCA_EU_janvier2020.pdf\" target=\"_blank\" rel=\"noreferrer noopener\">Lettre de janvier 2020<\/a><\/p>\n\n\n\n<ul class=\"wp-block-list\">\n<li>Acc\u00e8s Salto<\/li>\n\n\n\n<li>Budget 2020<\/li>\n\n\n\n<li>Campagne d&#8217;emploi<\/li>\n<\/ul>\n<\/div><\/div>\n\n\n\n<p><\/p>\n\n\n\n<p><\/p>\n\n\n\n<p><\/p>\n","protected":false},"excerpt":{"rendered":"<p>Pendant le mandat 2018-2022, les \u00e9lu.es Ensemble pour l&rsquo;universit\u00e9 ont souhait\u00e9 rendre compte des travaux du Conseil d&rsquo;administration afin que chaque membre de notre communaut\u00e9 puisse disposer des informations concernant les diff\u00e9rents points abord\u00e9s. Vous trouverez ci-dessous ces \u00ab\u00a0Lettres des \u00e9lu.es au CA\u00a0\u00bb. Lettre de novembre 2022 Lettre d&rsquo;octobre 2022 Lettre de septembre 2022 Lettre [&hellip;]<\/p>\n","protected":false},"author":301,"featured_media":0,"parent":601,"menu_order":-1,"comment_status":"closed","ping_status":"closed","template":"","meta":{"footnotes":""},"class_list":["post-596","page","type-page","status-publish","hentry"],"_links":{"self":[{"href":"https:\/\/blogs.univ-tlse2.fr\/ensemble-pourluniversite\/wp-json\/wp\/v2\/pages\/596","targetHints":{"allow":["GET"]}}],"collection":[{"href":"https:\/\/blogs.univ-tlse2.fr\/ensemble-pourluniversite\/wp-json\/wp\/v2\/pages"}],"about":[{"href":"https:\/\/blogs.univ-tlse2.fr\/ensemble-pourluniversite\/wp-json\/wp\/v2\/types\/page"}],"author":[{"embeddable":true,"href":"https:\/\/blogs.univ-tlse2.fr\/ensemble-pourluniversite\/wp-json\/wp\/v2\/users\/301"}],"replies":[{"embeddable":true,"href":"https:\/\/blogs.univ-tlse2.fr\/ensemble-pourluniversite\/wp-json\/wp\/v2\/comments?post=596"}],"version-history":[{"count":19,"href":"https:\/\/blogs.univ-tlse2.fr\/ensemble-pourluniversite\/wp-json\/wp\/v2\/pages\/596\/revisions"}],"predecessor-version":[{"id":710,"href":"https:\/\/blogs.univ-tlse2.fr\/ensemble-pourluniversite\/wp-json\/wp\/v2\/pages\/596\/revisions\/710"}],"up":[{"embeddable":true,"href":"https:\/\/blogs.univ-tlse2.fr\/ensemble-pourluniversite\/wp-json\/wp\/v2\/pages\/601"}],"wp:attachment":[{"href":"https:\/\/blogs.univ-tlse2.fr\/ensemble-pourluniversite\/wp-json\/wp\/v2\/media?parent=596"}],"curies":[{"name":"wp","href":"https:\/\/api.w.org\/{rel}","templated":true}]}}