 {"id":601,"date":"2022-12-06T23:37:26","date_gmt":"2022-12-06T22:37:26","guid":{"rendered":"https:\/\/blogs.univ-tlse2.fr\/ensemble-pourluniversite\/?page_id=601"},"modified":"2022-12-13T13:48:39","modified_gmt":"2022-12-13T12:48:39","slug":"mandature-2018-2022-2","status":"publish","type":"page","link":"https:\/\/blogs.univ-tlse2.fr\/ensemble-pourluniversite\/mandature-2018-2022-2\/","title":{"rendered":"Mandature 2018-2022"},"content":{"rendered":"\n<p>Lors du scrutin de novembre 2018, les listes <em>Ensemble pour l&rsquo;universit\u00e9<\/em> ont \u00e9t\u00e9 majoritaires au Conseil d&rsquo;administration et \u00e0 la commission Recherche.<\/p>\n\n\n\n<p>Emmanuelle Garnier a \u00e9t\u00e9 \u00e9lue Pr\u00e9sidente de l&rsquo;universit\u00e9 le 29 novembre 2018, puis une \u00e9quipe de vice-pr\u00e9sidentes et de vice-pr\u00e9sidents a \u00e9t\u00e9 constitu\u00e9e.<\/p>\n\n\n\n<figure class=\"wp-block-image size-large\"><img loading=\"lazy\" decoding=\"async\" width=\"1024\" height=\"576\" src=\"https:\/\/blogs.univ-tlse2.fr\/ensemble-pourluniversite\/files\/2022\/12\/Equipe-2018-2022-1024x576.jpg\" alt=\"\" class=\"wp-image-716\" srcset=\"https:\/\/blogs.univ-tlse2.fr\/ensemble-pourluniversite\/files\/2022\/12\/Equipe-2018-2022-1024x576.jpg 1024w, https:\/\/blogs.univ-tlse2.fr\/ensemble-pourluniversite\/files\/2022\/12\/Equipe-2018-2022-300x169.jpg 300w, https:\/\/blogs.univ-tlse2.fr\/ensemble-pourluniversite\/files\/2022\/12\/Equipe-2018-2022-768x432.jpg 768w, https:\/\/blogs.univ-tlse2.fr\/ensemble-pourluniversite\/files\/2022\/12\/Equipe-2018-2022-1536x864.jpg 1536w, https:\/\/blogs.univ-tlse2.fr\/ensemble-pourluniversite\/files\/2022\/12\/Equipe-2018-2022.jpg 2046w\" sizes=\"auto, (max-width: 1024px) 100vw, 1024px\" \/><\/figure>\n\n\n\n<p>Tout au long du mandat, les \u00e9lu.es <em>Ensemble pour l&rsquo;universit\u00e9<\/em> ont eu \u00e0 c\u0153ur de participer pleinement \u00e0 la vie institutionnelle de notre \u00e9tablissement et d&rsquo;informer, de fa\u00e7on claire et r\u00e9guli\u00e8re, l&rsquo;ensemble de la communaut\u00e9 universitaire.<\/p>\n\n\n\n<p>Pour rappel, nous partageons ici le <a href=\"https:\/\/blogs.univ-tlse2.fr\/ensemble-pourluniversite\/mandature-2018-2022-2\/bilan-de-la-mandature-2018-2022\/\">Bilan de la mandature 2018-2022<\/a> ainsi que les <a href=\"https:\/\/blogs.univ-tlse2.fr\/ensemble-pourluniversite\/mandature-2018-2022-2\/lettres-des-elus\/\">lettres des \u00e9lu.es du Conseil d&rsquo;administration<\/a>.<\/p>\n\n\n\n<p><\/p>\n","protected":false},"excerpt":{"rendered":"<p>Lors du scrutin de novembre 2018, les listes Ensemble pour l&rsquo;universit\u00e9 ont \u00e9t\u00e9 majoritaires au Conseil d&rsquo;administration et \u00e0 la commission Recherche. Emmanuelle Garnier a \u00e9t\u00e9 \u00e9lue Pr\u00e9sidente de l&rsquo;universit\u00e9 le 29 novembre 2018, puis une \u00e9quipe de vice-pr\u00e9sidentes et de vice-pr\u00e9sidents a \u00e9t\u00e9 constitu\u00e9e. Tout au long du mandat, les \u00e9lu.es Ensemble pour l&rsquo;universit\u00e9 [&hellip;]<\/p>\n","protected":false},"author":301,"featured_media":0,"parent":0,"menu_order":0,"comment_status":"closed","ping_status":"closed","template":"","meta":{"footnotes":""},"class_list":["post-601","page","type-page","status-publish","hentry"],"_links":{"self":[{"href":"https:\/\/blogs.univ-tlse2.fr\/ensemble-pourluniversite\/wp-json\/wp\/v2\/pages\/601","targetHints":{"allow":["GET"]}}],"collection":[{"href":"https:\/\/blogs.univ-tlse2.fr\/ensemble-pourluniversite\/wp-json\/wp\/v2\/pages"}],"about":[{"href":"https:\/\/blogs.univ-tlse2.fr\/ensemble-pourluniversite\/wp-json\/wp\/v2\/types\/page"}],"author":[{"embeddable":true,"href":"https:\/\/blogs.univ-tlse2.fr\/ensemble-pourluniversite\/wp-json\/wp\/v2\/users\/301"}],"replies":[{"embeddable":true,"href":"https:\/\/blogs.univ-tlse2.fr\/ensemble-pourluniversite\/wp-json\/wp\/v2\/comments?post=601"}],"version-history":[{"count":6,"href":"https:\/\/blogs.univ-tlse2.fr\/ensemble-pourluniversite\/wp-json\/wp\/v2\/pages\/601\/revisions"}],"predecessor-version":[{"id":812,"href":"https:\/\/blogs.univ-tlse2.fr\/ensemble-pourluniversite\/wp-json\/wp\/v2\/pages\/601\/revisions\/812"}],"wp:attachment":[{"href":"https:\/\/blogs.univ-tlse2.fr\/ensemble-pourluniversite\/wp-json\/wp\/v2\/media?parent=601"}],"curies":[{"name":"wp","href":"https:\/\/api.w.org\/{rel}","templated":true}]}}

<p>Lors du scrutin de novembre 2018, les listes <em>Ensemble pour l&rsquo;université</em> ont été majoritaires au Conseil d&rsquo;administration et à la commission Recherche.</p>



<p>Emmanuelle Garnier a été élue Présidente de l&rsquo;université le 29 novembre 2018, puis une équipe de vice-présidentes et de vice-présidents a été constituée.</p>



<figure class="wp-block-image size-large"><img loading="lazy" decoding="async" width="1024" height="576" src="https://blogs.univ-tlse2.fr/ensemble-pourluniversite/files/2022/12/Equipe-2018-2022-1024x576.jpg" alt="" class="wp-image-716" srcset="https://blogs.univ-tlse2.fr/ensemble-pourluniversite/files/2022/12/Equipe-2018-2022-1024x576.jpg 1024w, https://blogs.univ-tlse2.fr/ensemble-pourluniversite/files/2022/12/Equipe-2018-2022-300x169.jpg 300w, https://blogs.univ-tlse2.fr/ensemble-pourluniversite/files/2022/12/Equipe-2018-2022-768x432.jpg 768w, https://blogs.univ-tlse2.fr/ensemble-pourluniversite/files/2022/12/Equipe-2018-2022-1536x864.jpg 1536w, https://blogs.univ-tlse2.fr/ensemble-pourluniversite/files/2022/12/Equipe-2018-2022.jpg 2046w" sizes="auto, (max-width: 1024px) 100vw, 1024px" /></figure>



<p>Tout au long du mandat, les élu.es <em>Ensemble pour l&rsquo;université</em> ont eu à cœur de participer pleinement à la vie institutionnelle de notre établissement et d&rsquo;informer, de façon claire et régulière, l&rsquo;ensemble de la communauté universitaire.</p>



<p>Pour rappel, nous partageons ici le <a href="https://blogs.univ-tlse2.fr/ensemble-pourluniversite/mandature-2018-2022-2/bilan-de-la-mandature-2018-2022/">Bilan de la mandature 2018-2022</a> ainsi que les <a href="https://blogs.univ-tlse2.fr/ensemble-pourluniversite/mandature-2018-2022-2/lettres-des-elus/">lettres des élu.es du Conseil d&rsquo;administration</a>.</p>



<p></p>

<p>Lors du scrutin de novembre 2018, les listes Ensemble pour l&rsquo;université ont été majoritaires au Conseil d&rsquo;administration et à la commission Recherche. Emmanuelle Garnier a été élue Présidente de l&rsquo;université le 29 novembre 2018, puis une équipe de vice-présidentes et de vice-présidents a été constituée. Tout au long du mandat, les élu.es Ensemble pour l&rsquo;université [&hellip;]</p>
