 {"id":687,"date":"2022-12-11T11:56:32","date_gmt":"2022-12-11T10:56:32","guid":{"rendered":"https:\/\/blogs.univ-tlse2.fr\/ensemble-pourluniversite\/?page_id=687"},"modified":"2022-12-11T11:56:32","modified_gmt":"2022-12-11T10:56:32","slug":"bilan-de-la-mandature-2018-2022","status":"publish","type":"page","link":"https:\/\/blogs.univ-tlse2.fr\/ensemble-pourluniversite\/mandature-2018-2022-2\/bilan-de-la-mandature-2018-2022\/","title":{"rendered":"Bilan de la mandature 2018-2022"},"content":{"rendered":"\n<p>Le 25 novembre 2022, le \u00ab\u00a0Bilan de mandature 2018-2022\u00a0\u00bb a \u00e9t\u00e9 diffus\u00e9 \u00e0 tou.tes les membres de la communaut\u00e9 universitaire. Nous le proposons ici pour que chacun.e puisse prendre connaissance des principales r\u00e9alisations port\u00e9es par l&rsquo;\u00e9quipe de la Pr\u00e9sidence ces quatre derni\u00e8res ann\u00e9es. <\/p>\n\n\n\n<div data-wp-interactive=\"core\/file\" class=\"wp-block-file\"><object data-wp-bind--hidden=\"!state.hasPdfPreview\" hidden class=\"wp-block-file__embed\" data=\"https:\/\/blogs.univ-tlse2.fr\/ensemble-pourluniversite\/files\/2022\/12\/Bilan-de-mandature-2018-2022_VF_compressed.pdf\" type=\"application\/pdf\" style=\"width:100%;height:600px\" aria-label=\"Contenu embarqu\u00e9 Bilan de mandature 2018- 2022_VF_compressed.\"><\/object><a id=\"wp-block-file--media-7ded36b2-5269-4692-b48e-159c77aa55fa\" href=\"https:\/\/blogs.univ-tlse2.fr\/ensemble-pourluniversite\/files\/2022\/12\/Bilan-de-mandature-2018-2022_VF_compressed.pdf\">Bilan de mandature 2018- 2022_VF_compressed<\/a><a href=\"https:\/\/blogs.univ-tlse2.fr\/ensemble-pourluniversite\/files\/2022\/12\/Bilan-de-mandature-2018-2022_VF_compressed.pdf\" class=\"wp-block-file__button wp-element-button\" download aria-describedby=\"wp-block-file--media-7ded36b2-5269-4692-b48e-159c77aa55fa\">T\u00e9l\u00e9charger<\/a><\/div>\n","protected":false},"excerpt":{"rendered":"<p>Le 25 novembre 2022, le \u00ab\u00a0Bilan de mandature 2018-2022\u00a0\u00bb a \u00e9t\u00e9 diffus\u00e9 \u00e0 tou.tes les membres de la communaut\u00e9 universitaire. Nous le proposons ici pour que chacun.e puisse prendre connaissance des principales r\u00e9alisations port\u00e9es par l&rsquo;\u00e9quipe de la Pr\u00e9sidence ces quatre derni\u00e8res ann\u00e9es.<\/p>\n","protected":false},"author":584,"featured_media":0,"parent":601,"menu_order":-1,"comment_status":"closed","ping_status":"closed","template":"","meta":{"footnotes":""},"class_list":["post-687","page","type-page","status-publish","hentry"],"_links":{"self":[{"href":"https:\/\/blogs.univ-tlse2.fr\/ensemble-pourluniversite\/wp-json\/wp\/v2\/pages\/687","targetHints":{"allow":["GET"]}}],"collection":[{"href":"https:\/\/blogs.univ-tlse2.fr\/ensemble-pourluniversite\/wp-json\/wp\/v2\/pages"}],"about":[{"href":"https:\/\/blogs.univ-tlse2.fr\/ensemble-pourluniversite\/wp-json\/wp\/v2\/types\/page"}],"author":[{"embeddable":true,"href":"https:\/\/blogs.univ-tlse2.fr\/ensemble-pourluniversite\/wp-json\/wp\/v2\/users\/584"}],"replies":[{"embeddable":true,"href":"https:\/\/blogs.univ-tlse2.fr\/ensemble-pourluniversite\/wp-json\/wp\/v2\/comments?post=687"}],"version-history":[{"count":2,"href":"https:\/\/blogs.univ-tlse2.fr\/ensemble-pourluniversite\/wp-json\/wp\/v2\/pages\/687\/revisions"}],"predecessor-version":[{"id":689,"href":"https:\/\/blogs.univ-tlse2.fr\/ensemble-pourluniversite\/wp-json\/wp\/v2\/pages\/687\/revisions\/689"}],"up":[{"embeddable":true,"href":"https:\/\/blogs.univ-tlse2.fr\/ensemble-pourluniversite\/wp-json\/wp\/v2\/pages\/601"}],"wp:attachment":[{"href":"https:\/\/blogs.univ-tlse2.fr\/ensemble-pourluniversite\/wp-json\/wp\/v2\/media?parent=687"}],"curies":[{"name":"wp","href":"https:\/\/api.w.org\/{rel}","templated":true}]}}

<p>Le 25 novembre 2022, le « Bilan de mandature 2018-2022 » a été diffusé à tou.tes les membres de la communauté universitaire. Nous le proposons ici pour que chacun.e puisse prendre connaissance des principales réalisations portées par l&rsquo;équipe de la Présidence ces quatre dernières années. </p>



<div data-wp-interactive="core/file" class="wp-block-file"><object data-wp-bind--hidden="!state.hasPdfPreview" hidden class="wp-block-file__embed" data="https://blogs.univ-tlse2.fr/ensemble-pourluniversite/files/2022/12/Bilan-de-mandature-2018-2022_VF_compressed.pdf" type="application/pdf" style="width:100%;height:600px" aria-label="Contenu embarqué Bilan de mandature 2018- 2022_VF_compressed."></object><a id="wp-block-file--media-7ded36b2-5269-4692-b48e-159c77aa55fa" href="https://blogs.univ-tlse2.fr/ensemble-pourluniversite/files/2022/12/Bilan-de-mandature-2018-2022_VF_compressed.pdf">Bilan de mandature 2018- 2022_VF_compressed</a><a href="https://blogs.univ-tlse2.fr/ensemble-pourluniversite/files/2022/12/Bilan-de-mandature-2018-2022_VF_compressed.pdf" class="wp-block-file__button wp-element-button" download aria-describedby="wp-block-file--media-7ded36b2-5269-4692-b48e-159c77aa55fa">Télécharger</a></div>

<p>Le 25 novembre 2022, le « Bilan de mandature 2018-2022 » a été diffusé à tou.tes les membres de la communauté universitaire. Nous le proposons ici pour que chacun.e puisse prendre connaissance des principales réalisations portées par l&rsquo;équipe de la Présidence ces quatre dernières années.</p>
