 {"id":771,"date":"2023-01-24T16:28:57","date_gmt":"2023-01-24T15:28:57","guid":{"rendered":"https:\/\/blogs.univ-tlse2.fr\/ensemble-pourluniversite\/?page_id=771"},"modified":"2023-01-24T16:58:31","modified_gmt":"2023-01-24T15:58:31","slug":"conseil-dadministration","status":"publish","type":"page","link":"https:\/\/blogs.univ-tlse2.fr\/ensemble-pourluniversite\/nos-candidat-e-s\/conseil-dadministration\/","title":{"rendered":"Conseil d&rsquo;administration"},"content":{"rendered":"\n<p><\/p>\n\n\n\n<figure class=\"wp-block-image size-large\"><img loading=\"lazy\" decoding=\"async\" width=\"1024\" height=\"191\" src=\"https:\/\/blogs.univ-tlse2.fr\/ensemble-pourluniversite\/files\/2023\/01\/EU_CA-1024x191.png\" alt=\"\" class=\"wp-image-772\" srcset=\"https:\/\/blogs.univ-tlse2.fr\/ensemble-pourluniversite\/files\/2023\/01\/EU_CA-1024x191.png 1024w, https:\/\/blogs.univ-tlse2.fr\/ensemble-pourluniversite\/files\/2023\/01\/EU_CA-300x56.png 300w, https:\/\/blogs.univ-tlse2.fr\/ensemble-pourluniversite\/files\/2023\/01\/EU_CA-768x143.png 768w, https:\/\/blogs.univ-tlse2.fr\/ensemble-pourluniversite\/files\/2023\/01\/EU_CA-1536x287.png 1536w, https:\/\/blogs.univ-tlse2.fr\/ensemble-pourluniversite\/files\/2023\/01\/EU_CA.png 1897w\" sizes=\"auto, (max-width: 1024px) 100vw, 1024px\" \/><figcaption class=\"wp-element-caption\"><br><strong>Coll\u00e8ge A<\/strong><br>Emmanuelle GARNIER\u00a0: UFR LLCE, d\u00e9partement Langues \u00e9trang\u00e8res appliqu\u00e9es, LLA-CREATIS<br>Florent HAUTEFEUILLE\u00a0: UFR HAA, d\u00e9partement Histoire de l\u2019art et arch\u00e9ologie, TRACES<br>Sophie EBERSOLD\u00a0: UFR SES, d\u00e9partement Math\u00e9matiques &#8211; Informatique, IRIT<br>Herv\u00e9 LUGA\u00a0: INSPE, IRIT<br>Christina STANGE-FAYOS\u00a0: UFR LLCE, d\u00e9partement Langues \u00e9trang\u00e8res (allemand), CREG<br>Ludovic TANGUY\u00a0: UFR LLCE, d\u00e9partement Sciences du langage, CLLE<br>Julie LEMARI\u00c9\u00a0: UFR Psychologie, d\u00e9partement Psychologie cognitive et ergonomie, CLLE<br>Nicolas VALDEYRON\u00a0: UFR HAA, d\u00e9partement Histoire de l\u2019art et arch\u00e9ologie, TRACES<br>\u00a0<br><strong>Coll\u00e8ge B<\/strong><br>Marion GAUTREAU\u00a0: UFR LLCE, d\u00e9partement \u00c9tudes hispaniques et hispano-am\u00e9ricaines, FRAMESPA<br>R\u00e9gis COURTRAY\u00a0: UFR LPMAsC, d\u00e9partement Langues, Litt\u00e9ratures et Civilisations Anciennes, PLH<br>Laurence BARTHE\u00a0: UFR SES, d\u00e9partement G\u00e9ographie &#8211; Am\u00e9nagement &#8211; Environnement, LISST<br>Michel CATLLA\u00a0: UFR SES, d\u00e9partement Sociologie, CERTOP<br>St\u00e9phanie MAFFRE\u00a0: INSPE, FRAMESPA<br>C\u00e9dric A\u00cfT-ALI\u00a0: UFR SES, d\u00e9partement Sciences de l\u2019\u00e9ducation, EFTS<br>Hilda INDERWILDI\u00a0: UFR LLCE, d\u00e9partement Langues \u00e9trang\u00e8res (allemand), CREG<br>Julien LABETAA\u00a0: UFR SES, d\u00e9partement Math\u00e9matiques &#8211; Informatique<br>\u00a0<br><strong>Coll\u00e8ge BIATSS<\/strong><br>Olivier VERG\u00c9\u00a0: UFR Psychologie<br>Christine CALVET\u00a0: IRPALL<br>Lo\u00efc LEGENDRE\u00a0: Service commun de la documentation (SCD-CROG)<br>C\u00e9cile DYBEK\u00a0: Imprimerie<br>Bruno P\u00c9RAN\u00a0: Pr\u00e9sidence<br>V\u00e9ronique BOYER\u00a0: Laboratoire PLH<\/figcaption><\/figure>\n","protected":false},"excerpt":{"rendered":"","protected":false},"author":584,"featured_media":0,"parent":589,"menu_order":-1,"comment_status":"closed","ping_status":"closed","template":"","meta":{"footnotes":""},"class_list":["post-771","page","type-page","status-publish","hentry"],"_links":{"self":[{"href":"https:\/\/blogs.univ-tlse2.fr\/ensemble-pourluniversite\/wp-json\/wp\/v2\/pages\/771","targetHints":{"allow":["GET"]}}],"collection":[{"href":"https:\/\/blogs.univ-tlse2.fr\/ensemble-pourluniversite\/wp-json\/wp\/v2\/pages"}],"about":[{"href":"https:\/\/blogs.univ-tlse2.fr\/ensemble-pourluniversite\/wp-json\/wp\/v2\/types\/page"}],"author":[{"embeddable":true,"href":"https:\/\/blogs.univ-tlse2.fr\/ensemble-pourluniversite\/wp-json\/wp\/v2\/users\/584"}],"replies":[{"embeddable":true,"href":"https:\/\/blogs.univ-tlse2.fr\/ensemble-pourluniversite\/wp-json\/wp\/v2\/comments?post=771"}],"version-history":[{"count":5,"href":"https:\/\/blogs.univ-tlse2.fr\/ensemble-pourluniversite\/wp-json\/wp\/v2\/pages\/771\/revisions"}],"predecessor-version":[{"id":799,"href":"https:\/\/blogs.univ-tlse2.fr\/ensemble-pourluniversite\/wp-json\/wp\/v2\/pages\/771\/revisions\/799"}],"up":[{"embeddable":true,"href":"https:\/\/blogs.univ-tlse2.fr\/ensemble-pourluniversite\/wp-json\/wp\/v2\/pages\/589"}],"wp:attachment":[{"href":"https:\/\/blogs.univ-tlse2.fr\/ensemble-pourluniversite\/wp-json\/wp\/v2\/media?parent=771"}],"curies":[{"name":"wp","href":"https:\/\/api.w.org\/{rel}","templated":true}]}}

<p></p>



<figure class="wp-block-image size-large"><img loading="lazy" decoding="async" width="1024" height="191" src="https://blogs.univ-tlse2.fr/ensemble-pourluniversite/files/2023/01/EU_CA-1024x191.png" alt="" class="wp-image-772" srcset="https://blogs.univ-tlse2.fr/ensemble-pourluniversite/files/2023/01/EU_CA-1024x191.png 1024w, https://blogs.univ-tlse2.fr/ensemble-pourluniversite/files/2023/01/EU_CA-300x56.png 300w, https://blogs.univ-tlse2.fr/ensemble-pourluniversite/files/2023/01/EU_CA-768x143.png 768w, https://blogs.univ-tlse2.fr/ensemble-pourluniversite/files/2023/01/EU_CA-1536x287.png 1536w, https://blogs.univ-tlse2.fr/ensemble-pourluniversite/files/2023/01/EU_CA.png 1897w" sizes="auto, (max-width: 1024px) 100vw, 1024px" /><figcaption class="wp-element-caption"><br><strong>Collège A</strong><br>Emmanuelle GARNIER : UFR LLCE, département Langues étrangères appliquées, LLA-CREATIS<br>Florent HAUTEFEUILLE : UFR HAA, département Histoire de l’art et archéologie, TRACES<br>Sophie EBERSOLD : UFR SES, département Mathématiques &#8211; Informatique, IRIT<br>Hervé LUGA : INSPE, IRIT<br>Christina STANGE-FAYOS : UFR LLCE, département Langues étrangères (allemand), CREG<br>Ludovic TANGUY : UFR LLCE, département Sciences du langage, CLLE<br>Julie LEMARIÉ : UFR Psychologie, département Psychologie cognitive et ergonomie, CLLE<br>Nicolas VALDEYRON : UFR HAA, département Histoire de l’art et archéologie, TRACES<br> <br><strong>Collège B</strong><br>Marion GAUTREAU : UFR LLCE, département Études hispaniques et hispano-américaines, FRAMESPA<br>Régis COURTRAY : UFR LPMAsC, département Langues, Littératures et Civilisations Anciennes, PLH<br>Laurence BARTHE : UFR SES, département Géographie &#8211; Aménagement &#8211; Environnement, LISST<br>Michel CATLLA : UFR SES, département Sociologie, CERTOP<br>Stéphanie MAFFRE : INSPE, FRAMESPA<br>Cédric AÏT-ALI : UFR SES, département Sciences de l’éducation, EFTS<br>Hilda INDERWILDI : UFR LLCE, département Langues étrangères (allemand), CREG<br>Julien LABETAA : UFR SES, département Mathématiques &#8211; Informatique<br> <br><strong>Collège BIATSS</strong><br>Olivier VERGÉ : UFR Psychologie<br>Christine CALVET : IRPALL<br>Loïc LEGENDRE : Service commun de la documentation (SCD-CROG)<br>Cécile DYBEK : Imprimerie<br>Bruno PÉRAN : Présidence<br>Véronique BOYER : Laboratoire PLH</figcaption></figure>
