 {"id":775,"date":"2023-01-24T16:32:12","date_gmt":"2023-01-24T15:32:12","guid":{"rendered":"https:\/\/blogs.univ-tlse2.fr\/ensemble-pourluniversite\/?page_id=775"},"modified":"2023-01-24T19:11:08","modified_gmt":"2023-01-24T18:11:08","slug":"commission-formation-et-vie-universitaire","status":"publish","type":"page","link":"https:\/\/blogs.univ-tlse2.fr\/ensemble-pourluniversite\/nos-candidat-e-s\/commission-formation-et-vie-universitaire\/","title":{"rendered":"Commission Formation et vie universitaire"},"content":{"rendered":"\n<figure class=\"wp-block-image size-large\"><img loading=\"lazy\" decoding=\"async\" width=\"1024\" height=\"189\" src=\"https:\/\/blogs.univ-tlse2.fr\/ensemble-pourluniversite\/files\/2023\/01\/EU_CFVU-1024x189.png\" alt=\"\" class=\"wp-image-776\" srcset=\"https:\/\/blogs.univ-tlse2.fr\/ensemble-pourluniversite\/files\/2023\/01\/EU_CFVU-1024x189.png 1024w, https:\/\/blogs.univ-tlse2.fr\/ensemble-pourluniversite\/files\/2023\/01\/EU_CFVU-300x55.png 300w, https:\/\/blogs.univ-tlse2.fr\/ensemble-pourluniversite\/files\/2023\/01\/EU_CFVU-768x142.png 768w, https:\/\/blogs.univ-tlse2.fr\/ensemble-pourluniversite\/files\/2023\/01\/EU_CFVU-1536x284.png 1536w, https:\/\/blogs.univ-tlse2.fr\/ensemble-pourluniversite\/files\/2023\/01\/EU_CFVU.png 1917w\" sizes=\"auto, (max-width: 1024px) 100vw, 1024px\" \/><figcaption class=\"wp-element-caption\"><br><strong>Coll\u00e8ge A LSHS<\/strong><br>Karine DUVIGNAU\u00a0: INSPE, CLLE<br>Patrice TERRIER\u00a0: UFR Psychologie, d\u00e9partement Psychologie cognitive et ergonomie, CLLE<br>Muriel LEFEBVRE\u00a0: UFR LPMAsC, d\u00e9partement Art&amp;Com, LERASS<br>Fran\u00e7ois LE GOFF\u00a0: INSPE, LLA-CREATIS<br>Nathalie SPANGHERO GAILLARD\u00a0: UFR LLCE, d\u00e9partement Sciences du langage, LERASS<br>Franck COCHOY\u00a0: UFR SES, d\u00e9partement Sociologie, LISST<br>\u00a0<br><strong>Coll\u00e8ge A ST<\/strong><br>Caroline THIERRY\u00a0: UFR SES, d\u00e9partement Math\u00e9matiques &#8211; Informatique, IRIT<br>Adrien VAN DEN BOSSCHE\u00a0: IUT de Blagnac, d\u00e9partement G\u00e9nie industriel et maintenance, IRIT<br>\u00a0<br><strong>Coll\u00e8ge B LSHS<\/strong><br>\u00c9milie LUMIERE\u00a0: UFR LLCE, d\u00e9partement \u00c9tudes hispaniques et hispano-am\u00e9ricaines, LLA-CREATIS<br>Jaime HERNANDEZ YA\u00d1EZ\u00a0: UFR LLCE, d\u00e9partement Langues \u00e9trang\u00e8res appliqu\u00e9es<br>Oph\u00e9lie CARRERAS\u00a0: UFR Psychologie, d\u00e9partement Psychologie cognitive et ergonomie, CLLE<br>Jacques DUBOIS\u00a0: UFR HAA, d\u00e9partement Histoire de l\u2019art et arch\u00e9ologie, FRAMESPA<br>Gesine STURM\u00a0: UFR Psychologie, d\u00e9partement Psychologie clinique du sujet, LCPI<br>Olivier DROUARD PASCAREL\u00a0: IUT de Figeac, d\u00e9partement Techniques de commercialisation<br>\u00a0<br><strong>Coll\u00e8ge B ST<\/strong><br>Xavier DARAN\u00a0: IUT de Blagnac, d\u00e9partement G\u00e9nie industriel et maintenance, IRIT<br>Catherine COMPAROT\u00a0: UFR SES, d\u00e9partement Math\u00e9matiques &#8211; Informatique, IRIT<br>\u00a0<br><strong>Coll\u00e8ge BIATSS<\/strong><br>J\u00e9r\u00f4me LOPUSNIAC\u00a0: IUT de Blagnac<br>Nawel CHAOUNI\u00a0: Direction des affaires financi\u00e8res<br>Philippe LEMISTRE\u00a0: Laboratoire CERTOP<br>Ana LEAL\u00a0: Direction des affaires juridiques et institutionnelles<\/figcaption><\/figure>\n","protected":false},"excerpt":{"rendered":"","protected":false},"author":584,"featured_media":0,"parent":589,"menu_order":-2,"comment_status":"closed","ping_status":"closed","template":"","meta":{"footnotes":""},"class_list":["post-775","page","type-page","status-publish","hentry"],"_links":{"self":[{"href":"https:\/\/blogs.univ-tlse2.fr\/ensemble-pourluniversite\/wp-json\/wp\/v2\/pages\/775","targetHints":{"allow":["GET"]}}],"collection":[{"href":"https:\/\/blogs.univ-tlse2.fr\/ensemble-pourluniversite\/wp-json\/wp\/v2\/pages"}],"about":[{"href":"https:\/\/blogs.univ-tlse2.fr\/ensemble-pourluniversite\/wp-json\/wp\/v2\/types\/page"}],"author":[{"embeddable":true,"href":"https:\/\/blogs.univ-tlse2.fr\/ensemble-pourluniversite\/wp-json\/wp\/v2\/users\/584"}],"replies":[{"embeddable":true,"href":"https:\/\/blogs.univ-tlse2.fr\/ensemble-pourluniversite\/wp-json\/wp\/v2\/comments?post=775"}],"version-history":[{"count":5,"href":"https:\/\/blogs.univ-tlse2.fr\/ensemble-pourluniversite\/wp-json\/wp\/v2\/pages\/775\/revisions"}],"predecessor-version":[{"id":811,"href":"https:\/\/blogs.univ-tlse2.fr\/ensemble-pourluniversite\/wp-json\/wp\/v2\/pages\/775\/revisions\/811"}],"up":[{"embeddable":true,"href":"https:\/\/blogs.univ-tlse2.fr\/ensemble-pourluniversite\/wp-json\/wp\/v2\/pages\/589"}],"wp:attachment":[{"href":"https:\/\/blogs.univ-tlse2.fr\/ensemble-pourluniversite\/wp-json\/wp\/v2\/media?parent=775"}],"curies":[{"name":"wp","href":"https:\/\/api.w.org\/{rel}","templated":true}]}}

<figure class="wp-block-image size-large"><img loading="lazy" decoding="async" width="1024" height="189" src="https://blogs.univ-tlse2.fr/ensemble-pourluniversite/files/2023/01/EU_CFVU-1024x189.png" alt="" class="wp-image-776" srcset="https://blogs.univ-tlse2.fr/ensemble-pourluniversite/files/2023/01/EU_CFVU-1024x189.png 1024w, https://blogs.univ-tlse2.fr/ensemble-pourluniversite/files/2023/01/EU_CFVU-300x55.png 300w, https://blogs.univ-tlse2.fr/ensemble-pourluniversite/files/2023/01/EU_CFVU-768x142.png 768w, https://blogs.univ-tlse2.fr/ensemble-pourluniversite/files/2023/01/EU_CFVU-1536x284.png 1536w, https://blogs.univ-tlse2.fr/ensemble-pourluniversite/files/2023/01/EU_CFVU.png 1917w" sizes="auto, (max-width: 1024px) 100vw, 1024px" /><figcaption class="wp-element-caption"><br><strong>Collège A LSHS</strong><br>Karine DUVIGNAU : INSPE, CLLE<br>Patrice TERRIER : UFR Psychologie, département Psychologie cognitive et ergonomie, CLLE<br>Muriel LEFEBVRE : UFR LPMAsC, département Art&amp;Com, LERASS<br>François LE GOFF : INSPE, LLA-CREATIS<br>Nathalie SPANGHERO GAILLARD : UFR LLCE, département Sciences du langage, LERASS<br>Franck COCHOY : UFR SES, département Sociologie, LISST<br> <br><strong>Collège A ST</strong><br>Caroline THIERRY : UFR SES, département Mathématiques &#8211; Informatique, IRIT<br>Adrien VAN DEN BOSSCHE : IUT de Blagnac, département Génie industriel et maintenance, IRIT<br> <br><strong>Collège B LSHS</strong><br>Émilie LUMIERE : UFR LLCE, département Études hispaniques et hispano-américaines, LLA-CREATIS<br>Jaime HERNANDEZ YAÑEZ : UFR LLCE, département Langues étrangères appliquées<br>Ophélie CARRERAS : UFR Psychologie, département Psychologie cognitive et ergonomie, CLLE<br>Jacques DUBOIS : UFR HAA, département Histoire de l’art et archéologie, FRAMESPA<br>Gesine STURM : UFR Psychologie, département Psychologie clinique du sujet, LCPI<br>Olivier DROUARD PASCAREL : IUT de Figeac, département Techniques de commercialisation<br> <br><strong>Collège B ST</strong><br>Xavier DARAN : IUT de Blagnac, département Génie industriel et maintenance, IRIT<br>Catherine COMPAROT : UFR SES, département Mathématiques &#8211; Informatique, IRIT<br> <br><strong>Collège BIATSS</strong><br>Jérôme LOPUSNIAC : IUT de Blagnac<br>Nawel CHAOUNI : Direction des affaires financières<br>Philippe LEMISTRE : Laboratoire CERTOP<br>Ana LEAL : Direction des affaires juridiques et institutionnelles</figcaption></figure>
