 {"id":180,"date":"2021-09-30T10:34:41","date_gmt":"2021-09-30T08:34:41","guid":{"rendered":"https:\/\/blogs.univ-tlse2.fr\/espaces-audiovisuels\/?page_id=180"},"modified":"2021-11-12T12:40:33","modified_gmt":"2021-11-12T11:40:33","slug":"projections","status":"publish","type":"page","link":"https:\/\/blogs.univ-tlse2.fr\/espaces-audiovisuels\/projections\/","title":{"rendered":"Projections"},"content":{"rendered":"\n<p class=\"has-medium-font-size\"><span style=\"color:#cd8704\" class=\"has-inline-color\"><strong>Dimanche 14 novembre 2021<\/strong><br>19h00 &#8211; 22h00<br><\/span><span class=\"has-inline-color has-white-color\"><em>&#8211; participation libre &#8211;<\/em><br><\/span><span style=\"color:#b8baba\" class=\"has-inline-color\"><strong>Cin\u00e9ma <\/strong><\/span><strong><a rel=\"noreferrer noopener\" href=\"https:\/\/www.cinemalecratere.com\/\" target=\"_blank\"><span style=\"color:#b8baba\" class=\"has-inline-color\">LE CRATERE<\/span><\/a><\/strong><span style=\"color:#b8baba\" class=\"has-inline-color\"><br>95 Grande Rue St Michel, Toulouse<\/span><\/p>\n\n\n\n<blockquote class=\"wp-block-quote is-layout-flow wp-block-quote-is-layout-flow\"><p><strong><span style=\"color:#ce9804\" class=\"has-inline-color\">PR\u00c9AMBULE  : \u00ab\u00a0LES TERRITOIRES DE CIN\u00c9MA\u00a0\u00bb<\/span><\/strong><span class=\"has-inline-color has-luminous-vivid-amber-color\"><br><\/span><span class=\"has-inline-color has-white-color\"><em>&#8211; en pr\u00e9sence des r\u00e9alisateur.trice.s ou membre de l&rsquo;\u00e9quipe &#8211;<\/em><br><\/span><\/p><\/blockquote>\n\n\n\n<p class=\"has-text-align-left\"><\/p>\n\n\n\n<div class=\"wp-block-columns is-layout-flex wp-container-core-columns-is-layout-9d6595d7 wp-block-columns-is-layout-flex\">\n<div class=\"wp-block-column is-layout-flow wp-block-column-is-layout-flow\">\n<figure class=\"wp-block-image size-medium\"><a href=\"https:\/\/www.leszoomsverts.net\/fiche-film\/aqui-y-alli-journal-d-une-exilee\/\" target=\"_blank\" rel=\"noopener\"><img loading=\"lazy\" decoding=\"async\" width=\"200\" height=\"300\" src=\"https:\/\/blogs.univ-tlse2.fr\/espaces-audiovisuels\/files\/2021\/09\/aquiyallli_affiche-fevrier2021_1-200x300.jpg\" alt=\"\" class=\"wp-image-201\" srcset=\"https:\/\/blogs.univ-tlse2.fr\/espaces-audiovisuels\/files\/2021\/09\/aquiyallli_affiche-fevrier2021_1-200x300.jpg 200w, https:\/\/blogs.univ-tlse2.fr\/espaces-audiovisuels\/files\/2021\/09\/aquiyallli_affiche-fevrier2021_1.jpg 595w\" sizes=\"auto, (max-width: 200px) 100vw, 200px\" \/><\/a><\/figure>\n<\/div>\n\n\n\n<div class=\"wp-block-column is-layout-flow wp-block-column-is-layout-flow\">\n<figure class=\"wp-block-image size-medium\"><a href=\"https:\/\/en.unifrance.org\/movie\/50253\/la-isola\" target=\"_blank\" rel=\"noopener\"><img loading=\"lazy\" decoding=\"async\" width=\"212\" height=\"300\" src=\"https:\/\/blogs.univ-tlse2.fr\/espaces-audiovisuels\/files\/2021\/09\/La-Isola-212x300.jpg\" alt=\"\" class=\"wp-image-213\" srcset=\"https:\/\/blogs.univ-tlse2.fr\/espaces-audiovisuels\/files\/2021\/09\/La-Isola-212x300.jpg 212w, https:\/\/blogs.univ-tlse2.fr\/espaces-audiovisuels\/files\/2021\/09\/La-Isola.jpg 452w\" sizes=\"auto, (max-width: 212px) 100vw, 212px\" \/><\/a><\/figure>\n<\/div>\n\n\n\n<div class=\"wp-block-column is-layout-flow wp-block-column-is-layout-flow\">\n<figure class=\"wp-block-image size-medium\"><a href=\"https:\/\/ingridchikhaoui.com\/fictions\/un-kilo-de-plumes\/\" target=\"_blank\" rel=\"noopener\"><img loading=\"lazy\" decoding=\"async\" width=\"211\" height=\"300\" src=\"https:\/\/blogs.univ-tlse2.fr\/espaces-audiovisuels\/files\/2021\/09\/unkiloplumes-211x300.jpg\" alt=\"\" class=\"wp-image-211\" srcset=\"https:\/\/blogs.univ-tlse2.fr\/espaces-audiovisuels\/files\/2021\/09\/unkiloplumes-211x300.jpg 211w, https:\/\/blogs.univ-tlse2.fr\/espaces-audiovisuels\/files\/2021\/09\/unkiloplumes.jpg 500w\" sizes=\"auto, (max-width: 211px) 100vw, 211px\" \/><\/a><\/figure>\n<\/div>\n\n\n\n<div class=\"wp-block-column is-layout-flow wp-block-column-is-layout-flow\">\n<figure class=\"wp-block-image size-medium\"><a href=\"http:\/\/tishacircus.com\/\" target=\"_blank\" rel=\"noopener\"><img loading=\"lazy\" decoding=\"async\" width=\"229\" height=\"300\" src=\"https:\/\/blogs.univ-tlse2.fr\/espaces-audiovisuels\/files\/2021\/09\/Capture-de\u0301cran-2021-09-30-a\u0300-10.26.32-229x300.png\" alt=\"\" class=\"wp-image-220\" srcset=\"https:\/\/blogs.univ-tlse2.fr\/espaces-audiovisuels\/files\/2021\/09\/Capture-de\u0301cran-2021-09-30-a\u0300-10.26.32-229x300.png 229w, https:\/\/blogs.univ-tlse2.fr\/espaces-audiovisuels\/files\/2021\/09\/Capture-de\u0301cran-2021-09-30-a\u0300-10.26.32.png 525w\" sizes=\"auto, (max-width: 229px) 100vw, 229px\" \/><\/a><\/figure>\n<\/div>\n<\/div>\n\n\n\n<div class=\"wp-block-columns is-layout-flex wp-container-core-columns-is-layout-9d6595d7 wp-block-columns-is-layout-flex\"><\/div>\n\n\n\n<p><span class=\"has-inline-color has-black-color\">.<\/span><\/p>\n\n\n\n<p><\/p>\n\n\n\n<p class=\"has-medium-font-size\"><span style=\"color:#cd8704\" class=\"has-inline-color\"><strong>Lundi 15 novembre 2021<\/strong><br>19h30<\/span><span style=\"color:#7891e2\" class=\"has-inline-color\"><br><\/span><strong><span style=\"color:#b8baba\" class=\"has-inline-color\">ENSAV<\/span><\/strong><span style=\"color:#b8baba\" class=\"has-inline-color\"><strong> &#8211; Salle Arts du spectacle<\/strong><br>56 rue du Taur, Toulouse<\/span><\/p>\n\n\n\n<div class=\"wp-block-columns is-layout-flex wp-container-core-columns-is-layout-9d6595d7 wp-block-columns-is-layout-flex\">\n<div class=\"wp-block-column is-layout-flow wp-block-column-is-layout-flow\">\n<blockquote class=\"wp-block-quote has-text-align-left is-layout-flow wp-block-quote-is-layout-flow\"><p><\/p><p><strong><span style=\"color:#ce9804\" class=\"has-inline-color\">CARTE BLANCHE \u00e0 GREGORY BLED<\/span><\/strong><br><strong><span style=\"color:#ce9804\" class=\"has-inline-color\">\u00ab\u00a0Pratiques sc\u00e9nographiques\u00a0\u00bb<\/span><\/strong><span style=\"color:#3ace6b\" class=\"has-inline-color\"><br><\/span><em><span class=\"has-inline-color has-white-color\">&#8211; en pr\u00e9sence du chef d\u00e9corateur Gr\u00e9gory BLED (PAST ENSAV) &#8211;<\/span><\/em><\/p><\/blockquote>\n\n\n\n<p><span class=\"has-inline-color has-white-color\">Gr\u00e9gory BLED pr\u00e9sentera, \u00e0 travers des extraits d&rsquo;exercices, les particularit\u00e9s de l&rsquo;espace cin\u00e9matographique au cin\u00e9ma (montage, fragmentation de l&rsquo;espace, logique architecturale, effacement&#8230;).<\/span><\/p>\n\n\n\n<p><em><span style=\"color:#b8baba\" class=\"has-inline-color\">&#8211; entr\u00e9e libre &#8211;<\/span><\/em><\/p>\n<\/div>\n\n\n\n<div class=\"wp-block-column is-layout-flow wp-block-column-is-layout-flow\">\n<div class=\"wp-block-image is-style-rounded\"><figure class=\"alignleft size-thumbnail is-resized\"><a href=\"https:\/\/lara.hypotheses.org\/membres-de-lequipe\/gregory-bled\" target=\"_blank\" rel=\"noopener\"><img loading=\"lazy\" decoding=\"async\" src=\"https:\/\/blogs.univ-tlse2.fr\/espaces-audiovisuels\/files\/2021\/10\/Capture-de\u0301cran-2021-10-15-a\u0300-10.56.19-150x150.png\" alt=\"\" class=\"wp-image-454\" width=\"100\" height=\"100\" \/><\/a><\/figure><\/div>\n<\/div>\n<\/div>\n\n\n\n<p><\/p>\n\n\n\n<p><span class=\"has-inline-color has-black-color\">.<\/span><\/p>\n\n\n\n<p><span class=\"has-inline-color has-black-color\">.<\/span><\/p>\n\n\n\n<p class=\"has-medium-font-size\"><span style=\"color:#cd8704\" class=\"has-inline-color\"><strong>Mardi 16 novembre 2021<\/strong><br>20h30<\/span><br><span style=\"color:#b8baba\" class=\"has-inline-color\"><strong>Th\u00e9\u00e2tre de la Fabrique, Universit\u00e9 Toulouse 2 Jean Jaur\u00e8s<\/strong><br>5 all\u00e9e Antonio Machado, Toulouse<\/span><\/p>\n\n\n\n<div class=\"wp-block-columns is-layout-flex wp-container-core-columns-is-layout-9d6595d7 wp-block-columns-is-layout-flex\">\n<div class=\"wp-block-column is-layout-flow wp-block-column-is-layout-flow\">\n<blockquote class=\"wp-block-quote is-layout-flow wp-block-quote-is-layout-flow\"><p><\/p><p><span style=\"color:#ce9804\" class=\"has-inline-color\"><strong>CARTE BLANCHE au GRAN LUX<\/strong><br><\/span><span class=\"has-inline-color has-white-color\">&#8211; <em>en pr\u00e9sence d&rsquo;Olivier Dutel (co-fondateur du GRAN LUX \u00e0 St Etienne)<\/em><\/span> <span class=\"has-inline-color has-white-color\">et Ga\u00eblle JOLY (projection 16mm, GRAN LUX \u00e0 St Etienne)<\/span><\/p><\/blockquote>\n\n\n\n<p><em><span style=\"color:#b8baba\" class=\"has-inline-color\">&#8211; entr\u00e9e libre &#8211;<\/span><\/em><\/p>\n<\/div>\n\n\n\n<div class=\"wp-block-column is-layout-flow wp-block-column-is-layout-flow\">\n<div class=\"wp-block-image is-style-rounded\"><figure class=\"alignleft size-full is-resized\"><a href=\"https:\/\/www.granlux.org\/\" target=\"_blank\" rel=\"noopener\"><img loading=\"lazy\" decoding=\"async\" src=\"https:\/\/blogs.univ-tlse2.fr\/espaces-audiovisuels\/files\/2021\/10\/logo-gran-lux.png\" alt=\"\" class=\"wp-image-367\" width=\"100\" height=\"100\" srcset=\"https:\/\/blogs.univ-tlse2.fr\/espaces-audiovisuels\/files\/2021\/10\/logo-gran-lux.png 225w, https:\/\/blogs.univ-tlse2.fr\/espaces-audiovisuels\/files\/2021\/10\/logo-gran-lux-150x150.png 150w\" sizes=\"auto, (max-width: 100px) 100vw, 100px\" \/><\/a><\/figure><\/div>\n<\/div>\n<\/div>\n\n\n\n<p><span class=\"has-inline-color has-black-color\">.<\/span><\/p>\n\n\n\n<p class=\"has-medium-font-size\"><span style=\"color:#cd8704\" class=\"has-inline-color\"><strong>Mercredi 17 novembre 2021<\/strong><br>11h30<\/span><span style=\"color:#7891e2\" class=\"has-inline-color\"><br><\/span><strong><span style=\"color:#b8baba\" class=\"has-inline-color\">ENSAV<\/span><\/strong><span style=\"color:#b8baba\" class=\"has-inline-color\"><strong> &#8211; Salle Arts du spectacle<\/strong><br>56 rue du Taur, Toulouse<\/span><\/p>\n\n\n\n<div class=\"wp-block-columns is-layout-flex wp-container-core-columns-is-layout-9d6595d7 wp-block-columns-is-layout-flex\">\n<div class=\"wp-block-column is-layout-flow wp-block-column-is-layout-flow\">\n<blockquote class=\"wp-block-quote is-layout-flow wp-block-quote-is-layout-flow\"><p><\/p><p><strong><span style=\"color:#cd8704\" class=\"has-inline-color\">Oeuvres audiovisuelles de la collection FRAC Occitanie :<br><\/span><\/strong><span class=\"has-inline-color has-white-color\">Alexandru-Petru Badelita<\/span> <span class=\"has-inline-color has-white-color\">&#8211; Clin d\u2019Oeil<\/span><br><span class=\"has-inline-color has-white-color\">Halil Altindere  &#8211; Space Refugee<\/span><br><span class=\"has-inline-color has-white-color\">Ben Russell &#8211; Typps #3 &#8211; Malobi et #7 &#8211; Badlands<\/span><\/p><\/blockquote>\n<\/div>\n\n\n\n<div class=\"wp-block-column is-layout-flow wp-block-column-is-layout-flow\">\n<figure class=\"wp-block-image size-full is-resized is-style-default\"><a href=\"https:\/\/www.lesabattoirs.org\/\" target=\"_blank\" rel=\"noopener\"><img loading=\"lazy\" decoding=\"async\" src=\"https:\/\/blogs.univ-tlse2.fr\/espaces-audiovisuels\/files\/2021\/10\/Capture-de\u0301cran-2021-10-12-a\u0300-22.54.19.png\" alt=\"\" class=\"wp-image-366\" width=\"232\" height=\"43\" \/><\/a><\/figure>\n<\/div>\n<\/div>\n\n\n\n<p><em><span style=\"color:#b8baba\" class=\"has-inline-color\">&#8211; entr\u00e9e libre &#8211;<\/span><\/em><\/p>\n\n\n\n<p><span class=\"has-inline-color has-black-color\">.<\/span><\/p>\n\n\n\n<p><span class=\"has-inline-color has-black-color\">.<\/span><\/p>\n\n\n\n<p><span class=\"has-inline-color has-black-color\">.<\/span><\/p>\n","protected":false},"excerpt":{"rendered":"<p>Dimanche 14 novembre 202119h00 &#8211; 22h00&#8211; participation libre &#8211;Cin\u00e9ma LE CRATERE95 Grande Rue St Michel, Toulouse PR\u00c9AMBULE : \u00ab\u00a0LES TERRITOIRES DE CIN\u00c9MA\u00a0\u00bb&#8211; en pr\u00e9sence des r\u00e9alisateur.trice.s ou membre de l&rsquo;\u00e9quipe &#8211; . Lundi 15 novembre 202119h30ENSAV &#8211; Salle Arts du spectacle56 rue du Taur, Toulouse CARTE BLANCHE \u00e0 GREGORY BLED\u00ab\u00a0Pratiques sc\u00e9nographiques\u00a0\u00bb&#8211; en pr\u00e9sence du chef d\u00e9corateur Gr\u00e9gory BLED (PAST ENSAV) &#8211; Gr\u00e9gory BLED pr\u00e9sentera, \u00e0 travers des extraits d&rsquo;exercices, les particularit\u00e9s de l&rsquo;espace cin\u00e9matographique au cin\u00e9ma (montage, fragmentation de l&rsquo;espace, logique architecturale, effacement&#8230;). &#8211; entr\u00e9e libre &#8211; . . Mardi 16 novembre 202120h30Th\u00e9\u00e2tre de la Fabrique, Universit\u00e9 Toulouse 2 Jean Jaur\u00e8s5 all\u00e9e Antonio Machado, Toulouse CARTE BLANCHE au GRAN LUX&#8211; en pr\u00e9sence d&rsquo;Olivier Dutel (co-fondateur du GRAN LUX \u00e0 St Etienne) et Ga\u00eblle JOLY (projection 16mm, GRAN LUX \u00e0 St Etienne) &#8211; entr\u00e9e libre &#8211; . Mercredi 17 novembre 202111h30ENSAV &#8211; Salle Arts du spectacle56 rue du Taur, Toulouse Oeuvres&hellip;<\/p>\n<p> <a class=\"more-link\" href=\"https:\/\/blogs.univ-tlse2.fr\/espaces-audiovisuels\/projections\/\">Lire la suite<\/a><\/p>\n","protected":false},"author":963,"featured_media":297,"parent":0,"menu_order":0,"comment_status":"closed","ping_status":"closed","template":"","meta":{"footnotes":""},"class_list":["post-180","page","type-page","status-publish","has-post-thumbnail"],"_links":{"self":[{"href":"https:\/\/blogs.univ-tlse2.fr\/espaces-audiovisuels\/wp-json\/wp\/v2\/pages\/180","targetHints":{"allow":["GET"]}}],"collection":[{"href":"https:\/\/blogs.univ-tlse2.fr\/espaces-audiovisuels\/wp-json\/wp\/v2\/pages"}],"about":[{"href":"https:\/\/blogs.univ-tlse2.fr\/espaces-audiovisuels\/wp-json\/wp\/v2\/types\/page"}],"author":[{"embeddable":true,"href":"https:\/\/blogs.univ-tlse2.fr\/espaces-audiovisuels\/wp-json\/wp\/v2\/users\/963"}],"replies":[{"embeddable":true,"href":"https:\/\/blogs.univ-tlse2.fr\/espaces-audiovisuels\/wp-json\/wp\/v2\/comments?post=180"}],"version-history":[{"count":81,"href":"https:\/\/blogs.univ-tlse2.fr\/espaces-audiovisuels\/wp-json\/wp\/v2\/pages\/180\/revisions"}],"predecessor-version":[{"id":955,"href":"https:\/\/blogs.univ-tlse2.fr\/espaces-audiovisuels\/wp-json\/wp\/v2\/pages\/180\/revisions\/955"}],"wp:featuredmedia":[{"embeddable":true,"href":"https:\/\/blogs.univ-tlse2.fr\/espaces-audiovisuels\/wp-json\/wp\/v2\/media\/297"}],"wp:attachment":[{"href":"https:\/\/blogs.univ-tlse2.fr\/espaces-audiovisuels\/wp-json\/wp\/v2\/media?parent=180"}],"curies":[{"name":"wp","href":"https:\/\/api.w.org\/{rel}","templated":true}]}}