 {"id":690,"date":"2021-10-28T19:39:47","date_gmt":"2021-10-28T17:39:47","guid":{"rendered":"https:\/\/blogs.univ-tlse2.fr\/espaces-audiovisuels\/?page_id=690"},"modified":"2021-10-29T09:46:12","modified_gmt":"2021-10-29T07:46:12","slug":"claire-allouche","status":"publish","type":"page","link":"https:\/\/blogs.univ-tlse2.fr\/espaces-audiovisuels\/claire-allouche\/","title":{"rendered":"Claire ALLOUCHE"},"content":{"rendered":"\n<p class=\"has-text-align-center\"><span style=\"color:#3ace6b\" class=\"has-inline-color\"><em>Intervention mardi 16 nov. 2021 \u00e0 10h45 <\/em><\/span><br><strong><span style=\"color:#3ace6b\" class=\"has-inline-color\">\u00ab\u00a0De l\u2019espace v\u00e9cu au lieu de tournage :<\/span><\/strong><br><strong><span style=\"color:#3ace6b\" class=\"has-inline-color\">le cin\u00e9ma d\u2019Affonso Uch\u00f4a et Ezequiel Yanco comme \u00ab partage du sensible \u00bb.\u00a0\u00bb<\/span><\/strong><\/p>\n\n\n\n<p><span class=\"has-inline-color has-black-color\">.<\/span><\/p>\n\n\n\n<p><strong><span style=\"color:#7891e2\" class=\"has-inline-color\">Claire Allouche<\/span><\/strong> <span class=\"has-inline-color has-white-color\">est doctorante en \u00e9tudes cin\u00e9matographiques \u00e0 l\u2019Universit\u00e9 Paris VIII Vincennes &#8211; Saint-Denis sous la direction de Dork Zabunyan et de Thierry Roche. Sa recherche, intitul\u00e9e \u00ab Lugares de filmar : p\u00e9riph\u00e9risation des cin\u00e9mas contemporains d\u2019Argentine et du Br\u00e9sil (2008 \u2013 2019) \u00bb, porte sur l\u2019investissement d\u2019une nouvelle cartographie cin\u00e9matographique dans les deux pays par une g\u00e9n\u00e9ration \u00e9mergente de cin\u00e9astes, suscitant un renouvellement des pratiques et des formes filmiques. Elle s\u2019est pr\u00e9alablement form\u00e9e en \u00e9tudes cin\u00e9matographiques au DHTA de l\u2019ENS Ulm, \u00e0 l\u2019Universit\u00e9 Paris 8 et \u00e0 la UNSAM en Argentine. Elle a \u00e9galement obtenu un master en \u00ab Territoires, Espaces et Soci\u00e9t\u00e9s \u00bb \u00e0 l\u2019EHESS, avec une dominante anthropologique.<\/span><br><span class=\"has-inline-color has-white-color\">De mai \u00e0 ao\u00fbt 2018, elle m\u00e8ne un s\u00e9jour de recherche \u00e0 Recife, sous la direction d\u2019\u00c2ngela Prysthon, gr\u00e2ce \u00e0 une bourse attribu\u00e9e par le REFEB. Elle poursuit son terrain br\u00e9silien \u00e0 Belo Horizonte, d\u00e9but 2020, sous la supervision de Cl\u00e1udia Mesquita, de nouveau gr\u00e2ce au REFEB. Depuis juin 2020, elle fait partie du comit\u00e9 de r\u00e9daction des Cahiers du Cin\u00e9ma. Elle collabore ponctuellement \u00e0 d\u2019autres revues, comme Trafic, R\u00e9pliques et D\u00e9bordements. Depuis 2018, elle co-organise le s\u00e9minaire doctoral pluridisciplinaire \u00ab Penser la cr\u00e9ation contemporaine dans le C\u00f4ne Sud\u00a0\u00bb.<\/span><\/p>\n\n\n\n<p><span class=\"has-inline-color has-black-color\">.<\/span><\/p>\n\n\n\n<p><span class=\"has-inline-color has-black-color\">.<\/span><\/p>\n","protected":false},"excerpt":{"rendered":"<p>Intervention mardi 16 nov. 2021 \u00e0 10h45 \u00ab\u00a0De l\u2019espace v\u00e9cu au lieu de tournage :le cin\u00e9ma d\u2019Affonso Uch\u00f4a et Ezequiel Yanco comme \u00ab partage du sensible \u00bb.\u00a0\u00bb . Claire Allouche est doctorante en \u00e9tudes cin\u00e9matographiques \u00e0 l\u2019Universit\u00e9 Paris VIII Vincennes &#8211; Saint-Denis sous la direction de Dork Zabunyan et de Thierry Roche. Sa recherche, intitul\u00e9e \u00ab Lugares de filmar : p\u00e9riph\u00e9risation des cin\u00e9mas contemporains d\u2019Argentine et du Br\u00e9sil (2008 \u2013 2019) \u00bb, porte sur l\u2019investissement d\u2019une nouvelle cartographie cin\u00e9matographique dans les deux pays par une g\u00e9n\u00e9ration \u00e9mergente de cin\u00e9astes, suscitant un renouvellement des pratiques et des formes filmiques. Elle s\u2019est pr\u00e9alablement form\u00e9e en \u00e9tudes cin\u00e9matographiques au DHTA de l\u2019ENS Ulm, \u00e0 l\u2019Universit\u00e9 Paris 8 et \u00e0 la UNSAM en Argentine. Elle a \u00e9galement obtenu un master en \u00ab Territoires, Espaces et Soci\u00e9t\u00e9s \u00bb \u00e0 l\u2019EHESS, avec une dominante anthropologique.De mai \u00e0 ao\u00fbt 2018, elle m\u00e8ne un s\u00e9jour de recherche \u00e0&hellip;<\/p>\n<p> <a class=\"more-link\" href=\"https:\/\/blogs.univ-tlse2.fr\/espaces-audiovisuels\/claire-allouche\/\">Lire la suite<\/a><\/p>\n","protected":false},"author":963,"featured_media":303,"parent":0,"menu_order":0,"comment_status":"closed","ping_status":"closed","template":"","meta":{"footnotes":""},"class_list":["post-690","page","type-page","status-publish","has-post-thumbnail"],"_links":{"self":[{"href":"https:\/\/blogs.univ-tlse2.fr\/espaces-audiovisuels\/wp-json\/wp\/v2\/pages\/690","targetHints":{"allow":["GET"]}}],"collection":[{"href":"https:\/\/blogs.univ-tlse2.fr\/espaces-audiovisuels\/wp-json\/wp\/v2\/pages"}],"about":[{"href":"https:\/\/blogs.univ-tlse2.fr\/espaces-audiovisuels\/wp-json\/wp\/v2\/types\/page"}],"author":[{"embeddable":true,"href":"https:\/\/blogs.univ-tlse2.fr\/espaces-audiovisuels\/wp-json\/wp\/v2\/users\/963"}],"replies":[{"embeddable":true,"href":"https:\/\/blogs.univ-tlse2.fr\/espaces-audiovisuels\/wp-json\/wp\/v2\/comments?post=690"}],"version-history":[{"count":3,"href":"https:\/\/blogs.univ-tlse2.fr\/espaces-audiovisuels\/wp-json\/wp\/v2\/pages\/690\/revisions"}],"predecessor-version":[{"id":736,"href":"https:\/\/blogs.univ-tlse2.fr\/espaces-audiovisuels\/wp-json\/wp\/v2\/pages\/690\/revisions\/736"}],"wp:featuredmedia":[{"embeddable":true,"href":"https:\/\/blogs.univ-tlse2.fr\/espaces-audiovisuels\/wp-json\/wp\/v2\/media\/303"}],"wp:attachment":[{"href":"https:\/\/blogs.univ-tlse2.fr\/espaces-audiovisuels\/wp-json\/wp\/v2\/media?parent=690"}],"curies":[{"name":"wp","href":"https:\/\/api.w.org\/{rel}","templated":true}]}}