 {"id":693,"date":"2021-10-28T19:44:47","date_gmt":"2021-10-28T17:44:47","guid":{"rendered":"https:\/\/blogs.univ-tlse2.fr\/espaces-audiovisuels\/?page_id=693"},"modified":"2021-10-29T09:46:58","modified_gmt":"2021-10-29T07:46:58","slug":"clovis-bezies-gros","status":"publish","type":"page","link":"https:\/\/blogs.univ-tlse2.fr\/espaces-audiovisuels\/clovis-bezies-gros\/","title":{"rendered":"Clovis BEZIES-GROS"},"content":{"rendered":"\n<p class=\"has-text-align-center\"><span style=\"color:#3ace6b\" class=\"has-inline-color\"><em>Intervention mardi 16 nov. 2021 \u00e0 11h30 <\/em><\/span><br><strong><span style=\"color:#3ace6b\" class=\"has-inline-color\">\u00ab\u00a0<em>High Life<\/em> de Claire Denis &#8211; Espace filmique et photog\u00e9nie aux fronti\u00e8res de l&rsquo;humanite.\u00a0\u00bb<\/span><\/strong><\/p>\n\n\n\n<p><span class=\"has-inline-color has-black-color\">.<\/span><\/p>\n\n\n\n<p><strong><span style=\"color:#7891e2\" class=\"has-inline-color\">Clovis Bezies-Gros<\/span><\/strong> <span class=\"has-inline-color has-white-color\">est doctorant \u00e0 l&rsquo;Universit\u00e9 Paris 1- Panth\u00e9on Sorbonne, membre de l&rsquo;Ecole doctorale d&rsquo;Arts plastiques, esth\u00e9tique &amp; sciences de l&rsquo;art (ED 279) associ\u00e9 au laboratoire ACTE, et de l&rsquo;Association Francaise des Enseignants et Chercheurs en Cin\u00e9ma et AudioVisuel (AFECCAV).<br>Il est \u00e9galement charg\u00e9 de cours \u00e0 l&rsquo;Universit\u00e9 Toulouse Jean-Jaur\u00e8s dans l&rsquo;unit\u00e9 d\u2019enseignement \u00ab R\u00e9alisation \u00bb de la licence 3 et \u00e0 la Cin\u00e9pr\u00e9pa du Lyc\u00e9e Post-bac Sali\u00e8ge.<\/span><\/p>\n\n\n\n<p><span class=\"has-inline-color has-white-color\">Ses travaux de recherche portent sur la mise en sc\u00e8ne et la contrainte, dans le processus cr\u00e9atif cin\u00e9matographique. Dans un entretien r\u00e9alis\u00e9 par Andr\u00e9 Bazin, Orson Welles exprime sa vision originale sur cet enjeu : \u00ab On ne peut esp\u00e9rer d\u00e9boucher sur la po\u00e9sie qu&rsquo;en composant avec des limitations<\/span> <span class=\"has-inline-color has-vivid-cyan-blue-color\">[1]<\/span> <span class=\"has-inline-color has-white-color\">\u00bb. Son travail de m\u00e9moire sur le film noir a consist\u00e9, dans cette logique, \u00e0 analyser l&rsquo;inventivit\u00e9 des cin\u00e9astes am\u00e9ricains pour r\u00e9pondre, par la mise en sc\u00e8ne, \u00e0 l&rsquo;\u00e9preuve d&rsquo;acceptabilit\u00e9 qu&rsquo;imposait le code Hays. Dans cette m\u00eame dynamique, l&rsquo;enjeu de sa th\u00e8se est de mettre en lumi\u00e8re la cr\u00e9ativit\u00e9 de quatre r\u00e9alisateurs fran\u00e7ais contemporains (Luc Besson, Claire Denis, Alice Winocour, Philippe Fernandez) pour r\u00e9pondre aux contraintes esth\u00e9tiques qu&rsquo;imposent l&rsquo;univers<br>di\u00e9g\u00e9tique du cosmos.<\/span><\/p>\n\n\n\n<p><span class=\"has-inline-color has-black-color\">.<\/span><\/p>\n\n\n\n<p><span class=\"has-inline-color has-black-color\">.<\/span><\/p>\n\n\n\n<p><span class=\"has-inline-color has-vivid-cyan-blue-color\">[1]<\/span><span style=\"color:#b8baba\" class=\"has-inline-color\"> : Orson Welles, in Andr\u00e9 Bazin \u2013 Orson Welles, Edition Cahiers du cin\u00e9ma, Collection \u00ab Petite biblioth\u00e8que des<br>Cahiers du cin\u00e9ma \u00bb, 2006, p. 147.<\/span><\/p>\n\n\n\n<p><span class=\"has-inline-color has-black-color\">.<\/span><\/p>\n\n\n\n<p><span class=\"has-inline-color has-black-color\">.<\/span><\/p>\n\n\n\n<p> <\/p>\n","protected":false},"excerpt":{"rendered":"<p>Intervention mardi 16 nov. 2021 \u00e0 11h30 \u00ab\u00a0High Life de Claire Denis &#8211; Espace filmique et photog\u00e9nie aux fronti\u00e8res de l&rsquo;humanite.\u00a0\u00bb . Clovis Bezies-Gros est doctorant \u00e0 l&rsquo;Universit\u00e9 Paris 1- Panth\u00e9on Sorbonne, membre de l&rsquo;Ecole doctorale d&rsquo;Arts plastiques, esth\u00e9tique &amp; sciences de l&rsquo;art (ED 279) associ\u00e9 au laboratoire ACTE, et de l&rsquo;Association Francaise des Enseignants et Chercheurs en Cin\u00e9ma et AudioVisuel (AFECCAV).Il est \u00e9galement charg\u00e9 de cours \u00e0 l&rsquo;Universit\u00e9 Toulouse Jean-Jaur\u00e8s dans l&rsquo;unit\u00e9 d\u2019enseignement \u00ab R\u00e9alisation \u00bb de la licence 3 et \u00e0 la Cin\u00e9pr\u00e9pa du Lyc\u00e9e Post-bac Sali\u00e8ge. Ses travaux de recherche portent sur la mise en sc\u00e8ne et la contrainte, dans le processus cr\u00e9atif cin\u00e9matographique. Dans un entretien r\u00e9alis\u00e9 par Andr\u00e9 Bazin, Orson Welles exprime sa vision originale sur cet enjeu : \u00ab On ne peut esp\u00e9rer d\u00e9boucher sur la po\u00e9sie qu&rsquo;en composant avec des limitations [1] \u00bb. Son travail de m\u00e9moire sur le film noir a consist\u00e9,&hellip;<\/p>\n<p> <a class=\"more-link\" href=\"https:\/\/blogs.univ-tlse2.fr\/espaces-audiovisuels\/clovis-bezies-gros\/\">Lire la suite<\/a><\/p>\n","protected":false},"author":963,"featured_media":303,"parent":0,"menu_order":0,"comment_status":"closed","ping_status":"closed","template":"","meta":{"footnotes":""},"class_list":["post-693","page","type-page","status-publish","has-post-thumbnail"],"_links":{"self":[{"href":"https:\/\/blogs.univ-tlse2.fr\/espaces-audiovisuels\/wp-json\/wp\/v2\/pages\/693","targetHints":{"allow":["GET"]}}],"collection":[{"href":"https:\/\/blogs.univ-tlse2.fr\/espaces-audiovisuels\/wp-json\/wp\/v2\/pages"}],"about":[{"href":"https:\/\/blogs.univ-tlse2.fr\/espaces-audiovisuels\/wp-json\/wp\/v2\/types\/page"}],"author":[{"embeddable":true,"href":"https:\/\/blogs.univ-tlse2.fr\/espaces-audiovisuels\/wp-json\/wp\/v2\/users\/963"}],"replies":[{"embeddable":true,"href":"https:\/\/blogs.univ-tlse2.fr\/espaces-audiovisuels\/wp-json\/wp\/v2\/comments?post=693"}],"version-history":[{"count":3,"href":"https:\/\/blogs.univ-tlse2.fr\/espaces-audiovisuels\/wp-json\/wp\/v2\/pages\/693\/revisions"}],"predecessor-version":[{"id":737,"href":"https:\/\/blogs.univ-tlse2.fr\/espaces-audiovisuels\/wp-json\/wp\/v2\/pages\/693\/revisions\/737"}],"wp:featuredmedia":[{"embeddable":true,"href":"https:\/\/blogs.univ-tlse2.fr\/espaces-audiovisuels\/wp-json\/wp\/v2\/media\/303"}],"wp:attachment":[{"href":"https:\/\/blogs.univ-tlse2.fr\/espaces-audiovisuels\/wp-json\/wp\/v2\/media?parent=693"}],"curies":[{"name":"wp","href":"https:\/\/api.w.org\/{rel}","templated":true}]}}