 {"id":703,"date":"2021-10-28T19:59:20","date_gmt":"2021-10-28T17:59:20","guid":{"rendered":"https:\/\/blogs.univ-tlse2.fr\/espaces-audiovisuels\/?page_id=703"},"modified":"2021-10-28T20:27:29","modified_gmt":"2021-10-28T18:27:29","slug":"tristan-dominguez","status":"publish","type":"page","link":"https:\/\/blogs.univ-tlse2.fr\/espaces-audiovisuels\/tristan-dominguez\/","title":{"rendered":"Tristan DOMINGUEZ"},"content":{"rendered":"\n<p class=\"has-text-align-center\"><span style=\"color:#3ace6b\" class=\"has-inline-color\"><em>Intervention mardi 16 nov. 2021 \u00e0 16h30 <\/em><\/span><br><strong><span style=\"color:#3ace6b\" class=\"has-inline-color\">\u00ab\u00a0La capitale du cin\u00e9ma ou le cin\u00e9ma de la capitale ?<\/span><\/strong><br><strong><span style=\"color:#3ace6b\" class=\"has-inline-color\">La dichotomie Paris\/province questionn\u00e9e au prisme des liens entre espaces de r\u00e9ception et espace repr\u00e9sent\u00e9.\u00a0\u00bb<\/span><\/strong><\/p>\n\n\n\n<p><span class=\"has-inline-color has-black-color\">.<\/span><\/p>\n\n\n\n<p><strong><span style=\"color:#7891e2\" class=\"has-inline-color\">Tristan Dominguez<\/span><\/strong> <span class=\"has-inline-color has-white-color\">est doctorant \u00e0 l\u2019universit\u00e9 Paris Sorbonne Nouvelle sous la direction de Laurent Creton. Son sujet de th\u00e8se porte sur les multiplexes et les transformations relatives aux publics de ces nouveaux \u00e9quipements. En prenant un cadre socio-\u00e9conomique et historique, il mobilise des m\u00e9thodes diverses : statistiques, entretiens et observations.<\/span><\/p>\n\n\n\n<p><span class=\"has-inline-color has-black-color\">.<\/span><\/p>\n\n\n\n<p><span class=\"has-inline-color has-black-color\">.<\/span><\/p>\n","protected":false},"excerpt":{"rendered":"<p>Intervention mardi 16 nov. 2021 \u00e0 16h30 \u00ab\u00a0La capitale du cin\u00e9ma ou le cin\u00e9ma de la capitale ?La dichotomie Paris\/province questionn\u00e9e au prisme des liens entre espaces de r\u00e9ception et espace repr\u00e9sent\u00e9.\u00a0\u00bb . Tristan Dominguez est doctorant \u00e0 l\u2019universit\u00e9 Paris Sorbonne Nouvelle sous la direction de Laurent Creton. Son sujet de th\u00e8se porte sur les multiplexes et les transformations relatives aux publics de ces nouveaux \u00e9quipements. En prenant un cadre socio-\u00e9conomique et historique, il mobilise des m\u00e9thodes diverses : statistiques, entretiens et observations. . .<\/p>\n","protected":false},"author":963,"featured_media":303,"parent":0,"menu_order":0,"comment_status":"closed","ping_status":"closed","template":"","meta":{"footnotes":""},"class_list":["post-703","page","type-page","status-publish","has-post-thumbnail"],"_links":{"self":[{"href":"https:\/\/blogs.univ-tlse2.fr\/espaces-audiovisuels\/wp-json\/wp\/v2\/pages\/703","targetHints":{"allow":["GET"]}}],"collection":[{"href":"https:\/\/blogs.univ-tlse2.fr\/espaces-audiovisuels\/wp-json\/wp\/v2\/pages"}],"about":[{"href":"https:\/\/blogs.univ-tlse2.fr\/espaces-audiovisuels\/wp-json\/wp\/v2\/types\/page"}],"author":[{"embeddable":true,"href":"https:\/\/blogs.univ-tlse2.fr\/espaces-audiovisuels\/wp-json\/wp\/v2\/users\/963"}],"replies":[{"embeddable":true,"href":"https:\/\/blogs.univ-tlse2.fr\/espaces-audiovisuels\/wp-json\/wp\/v2\/comments?post=703"}],"version-history":[{"count":1,"href":"https:\/\/blogs.univ-tlse2.fr\/espaces-audiovisuels\/wp-json\/wp\/v2\/pages\/703\/revisions"}],"predecessor-version":[{"id":704,"href":"https:\/\/blogs.univ-tlse2.fr\/espaces-audiovisuels\/wp-json\/wp\/v2\/pages\/703\/revisions\/704"}],"wp:featuredmedia":[{"embeddable":true,"href":"https:\/\/blogs.univ-tlse2.fr\/espaces-audiovisuels\/wp-json\/wp\/v2\/media\/303"}],"wp:attachment":[{"href":"https:\/\/blogs.univ-tlse2.fr\/espaces-audiovisuels\/wp-json\/wp\/v2\/media?parent=703"}],"curies":[{"name":"wp","href":"https:\/\/api.w.org\/{rel}","templated":true}]}}