 {"id":711,"date":"2021-10-28T20:13:04","date_gmt":"2021-10-28T18:13:04","guid":{"rendered":"https:\/\/blogs.univ-tlse2.fr\/espaces-audiovisuels\/?page_id=711"},"modified":"2021-10-28T20:27:48","modified_gmt":"2021-10-28T18:27:48","slug":"germain-sclafer","status":"publish","type":"page","link":"https:\/\/blogs.univ-tlse2.fr\/espaces-audiovisuels\/germain-sclafer\/","title":{"rendered":"Germain SCLAFER"},"content":{"rendered":"\n<p class=\"has-text-align-center\"><span style=\"color:#3ace6b\" class=\"has-inline-color\"><em>Intervention mardi 16 nov. 2021 \u00e0 15h15 <\/em><\/span><br><strong><span style=\"color:#3ace6b\" class=\"has-inline-color\">\u00ab\u00a0Quels espaces chor\u00e9graphiques lors du Nouvel Hollywood ?<\/span><\/strong><br><strong><span style=\"color:#3ace6b\" class=\"has-inline-color\">Caract\u00e9risation des rapports entre corps dansant et d\u00e9cor dans le cin\u00e9ma am\u00e9ricain non musical des ann\u00e9es 1960-1970.\u00a0\u00bb<\/span><\/strong><\/p>\n\n\n\n<p><span class=\"has-inline-color has-black-color\">.<\/span><\/p>\n\n\n\n<p><strong><span style=\"color:#7891e2\" class=\"has-inline-color\">Germain Sclafer<\/span><\/strong> <span class=\"has-inline-color has-white-color\">est doctorant-chercheur affili\u00e9 \u00e0 l\u2019\u00c9cole Doctorale Esth\u00e9tique, Sciences et Technologies des Arts (EDESTA), et membre du laboratoire Esth\u00e9tique, Sciences et Technologies du Cin\u00e9ma et de l\u2019Audiovisuel (ESTCA \u2013 EA2302) de l\u2019Universit\u00e9 Paris 8, depuis 2018. Actuellement en pr\u00e9paration d\u2019une th\u00e8se intitul\u00e9e : \u00ab Des corps sans attraction aux attractions sans corps du Nouvel Hollywood &#8211; Reformulation des attractions dans le cin\u00e9ma am\u00e9ricain des ann\u00e9es 1960\/1970 sur le mod\u00e8le du musical classique hollywoodien \u00bb, sous la direction de Mme. Marguerite Chabrol.<\/span><\/p>\n\n\n\n<p><span style=\"color:#7891e2\" class=\"has-inline-color\">Champs de recherche actuels :<\/span><span class=\"has-inline-color has-white-color\"> le cin\u00e9ma am\u00e9ricain, notamment le genre musical classique et le Nouvel Hollywood (dont mon projet de th\u00e8se a pour ambition de souligner les influences de l\u2019un sur l\u2019autre), les relations attractions\/narration.<\/span><\/p>\n\n\n\n<p><span class=\"has-inline-color has-white-color\">Enseignant en cin\u00e9ma dans diverses universit\u00e9s et institutions : Paris 8, Universit\u00e9 de Poitiers, \u00c9cole Sup\u00e9rieure de Cin\u00e9ma et d\u2019Audiovisuel de Tours (ESCAT), Universit\u00e9 du Magdalena (Colombie).<\/span><br><span style=\"color:#7891e2\" class=\"has-inline-color\">Enseignements <\/span><span class=\"has-inline-color has-white-color\">: histoire, esth\u00e9tique, analyse de film, m\u00e9thodologie de la recherche.<\/span><\/p>\n\n\n\n<p><span class=\"has-inline-color has-black-color\">.<\/span><\/p>\n\n\n\n<p><em><strong><span style=\"color:#7891e2\" class=\"has-inline-color\">Publication<\/span><\/strong><br><span style=\"color:#b8baba\" class=\"has-inline-color\">\u00ab 2001: A Pace Odyssey \u2013 The Donau Sequence as an American Film Musical Number \u00bb, Quarterly Review<\/span> <span style=\"color:#b8baba\" class=\"has-inline-color\">of Film and Video <\/span><\/em><span style=\"color:#b8baba\" class=\"has-inline-color\">36 (1), 2019, p. 26-41, url : https:\/\/www.tandfonline.com\/doi\/abs\/10.1080\/10509208.2018.1450584.<\/span><\/p>\n\n\n\n<p><span class=\"has-inline-color has-black-color\">.<\/span><\/p>\n\n\n\n<p><strong><span style=\"color:#7891e2\" class=\"has-inline-color\">Communications<\/span><\/strong><br><span style=\"color:#b8baba\" class=\"has-inline-color\">\u00ab Entre \u00ab\u00a0Psychose\u00a0\u00bb et folie : <em>Casino Royale<\/em> (John Huston et al., 1967) ou le retour en force des attractions<br>dans la <em>crazy comedy<\/em> du Nouvel Hollywood \u00bb, Journ\u00e9e inter-universitaire d\u2019\u00e9tudes doctorales \u00ab Y a-t-il un<br>sens dans ce film ? La com\u00e9die am\u00e9ricaine des ann\u00e9es 1980 (1975-1991) \u00bb, organis\u00e9 par l\u2019ESTCA et<br>l\u2019Universit\u00e9 Gustave Eiffel (ex-Universit\u00e9 Paris Est \u2013 Marne-la-Vall\u00e9e), Paris, 3 octobre 2019.<\/span><\/p>\n\n\n\n<p><span style=\"color:#b8baba\" class=\"has-inline-color\">\u00ab Attraction ou narration ? \u00c9tude de cas par la description du \u00ab\u00a0syntagme en accolade\u00a0\u00bb musicalis\u00e9 dans le<\/span><br><span style=\"color:#b8baba\" class=\"has-inline-color\">Nouvel Hollywood, d\u2019<em>Easy Rider<\/em> (Dennis Hopper, 1969) \u00e0 <em>Tootsie<\/em> (Sydney Pollack, 1982) \u00bb, atelier doctoral<br>de l\u2019EDESTA \u00ab D\u00e9crire et analyser les \u0153uvres \u00bb, Paris, 20 mars 2020.<\/span><\/p>\n\n\n\n<p><span class=\"has-inline-color has-black-color\">.<\/span><\/p>\n\n\n\n<p><span class=\"has-inline-color has-black-color\">.<\/span><\/p>\n","protected":false},"excerpt":{"rendered":"<p>Intervention mardi 16 nov. 2021 \u00e0 15h15 \u00ab\u00a0Quels espaces chor\u00e9graphiques lors du Nouvel Hollywood ?Caract\u00e9risation des rapports entre corps dansant et d\u00e9cor dans le cin\u00e9ma am\u00e9ricain non musical des ann\u00e9es 1960-1970.\u00a0\u00bb . Germain Sclafer est doctorant-chercheur affili\u00e9 \u00e0 l\u2019\u00c9cole Doctorale Esth\u00e9tique, Sciences et Technologies des Arts (EDESTA), et membre du laboratoire Esth\u00e9tique, Sciences et Technologies du Cin\u00e9ma et de l\u2019Audiovisuel (ESTCA \u2013 EA2302) de l\u2019Universit\u00e9 Paris 8, depuis 2018. Actuellement en pr\u00e9paration d\u2019une th\u00e8se intitul\u00e9e : \u00ab Des corps sans attraction aux attractions sans corps du Nouvel Hollywood &#8211; Reformulation des attractions dans le cin\u00e9ma am\u00e9ricain des ann\u00e9es 1960\/1970 sur le mod\u00e8le du musical classique hollywoodien \u00bb, sous la direction de Mme. Marguerite Chabrol. Champs de recherche actuels : le cin\u00e9ma am\u00e9ricain, notamment le genre musical classique et le Nouvel Hollywood (dont mon projet de th\u00e8se a pour ambition de souligner les influences de l\u2019un sur l\u2019autre), les relations attractions\/narration.&hellip;<\/p>\n<p> <a class=\"more-link\" href=\"https:\/\/blogs.univ-tlse2.fr\/espaces-audiovisuels\/germain-sclafer\/\">Lire la suite<\/a><\/p>\n","protected":false},"author":963,"featured_media":303,"parent":0,"menu_order":0,"comment_status":"closed","ping_status":"closed","template":"","meta":{"footnotes":""},"class_list":["post-711","page","type-page","status-publish","has-post-thumbnail"],"_links":{"self":[{"href":"https:\/\/blogs.univ-tlse2.fr\/espaces-audiovisuels\/wp-json\/wp\/v2\/pages\/711","targetHints":{"allow":["GET"]}}],"collection":[{"href":"https:\/\/blogs.univ-tlse2.fr\/espaces-audiovisuels\/wp-json\/wp\/v2\/pages"}],"about":[{"href":"https:\/\/blogs.univ-tlse2.fr\/espaces-audiovisuels\/wp-json\/wp\/v2\/types\/page"}],"author":[{"embeddable":true,"href":"https:\/\/blogs.univ-tlse2.fr\/espaces-audiovisuels\/wp-json\/wp\/v2\/users\/963"}],"replies":[{"embeddable":true,"href":"https:\/\/blogs.univ-tlse2.fr\/espaces-audiovisuels\/wp-json\/wp\/v2\/comments?post=711"}],"version-history":[{"count":3,"href":"https:\/\/blogs.univ-tlse2.fr\/espaces-audiovisuels\/wp-json\/wp\/v2\/pages\/711\/revisions"}],"predecessor-version":[{"id":714,"href":"https:\/\/blogs.univ-tlse2.fr\/espaces-audiovisuels\/wp-json\/wp\/v2\/pages\/711\/revisions\/714"}],"wp:featuredmedia":[{"embeddable":true,"href":"https:\/\/blogs.univ-tlse2.fr\/espaces-audiovisuels\/wp-json\/wp\/v2\/media\/303"}],"wp:attachment":[{"href":"https:\/\/blogs.univ-tlse2.fr\/espaces-audiovisuels\/wp-json\/wp\/v2\/media?parent=711"}],"curies":[{"name":"wp","href":"https:\/\/api.w.org\/{rel}","templated":true}]}}