 {"id":851,"date":"2021-11-02T17:25:28","date_gmt":"2021-11-02T16:25:28","guid":{"rendered":"https:\/\/blogs.univ-tlse2.fr\/espaces-audiovisuels\/?page_id=851"},"modified":"2021-11-02T17:25:29","modified_gmt":"2021-11-02T16:25:29","slug":"thierry-besche","status":"publish","type":"page","link":"https:\/\/blogs.univ-tlse2.fr\/espaces-audiovisuels\/thierry-besche\/","title":{"rendered":"Thierry BESCHE"},"content":{"rendered":"\n<p><span class=\"has-inline-color has-black-color\">.<\/span><\/p>\n\n\n\n<p><span style=\"color:#7891e2\" class=\"has-inline-color\">Thierry Besche<\/span> <span class=\"has-inline-color has-white-color\">est cr\u00e9ateur sonore, compositeur \u00e9lectroacoustique et formateur. Co-fondateur (en 1977) et directeur du GMEA, Centre national de cr\u00e9ation musicale d\u2019Albi-Tarn de 1981 \u00e0 fin 2015. Ses travaux porte aujourd\u2019hui sur l\u2019\u00e9criture du son dans l\u2019espace.Il anime l\u2019association \u00ab\u00a0J\u2019\u00e9coute sans r\u00e9pit\u00a0\u00bb. Il coordonne l\u2019association Passerelle Arts Sciences Technologies en r\u00e9gion Occitanie. Il est au bureau de Science en Tarn.<\/span><\/p>\n\n\n\n<p><span class=\"has-inline-color has-black-color\">.<\/span><\/p>\n\n\n\n<p><strong><span style=\"color:#7891e2\" class=\"has-inline-color\">Publications<\/span><\/strong><br><span style=\"color:#b8baba\" class=\"has-inline-color\">Revues Frictions \u2013 Th\u00e9\u00e2tre \/ \u00c9critures<br>N\u00b015 &#8211; Du son au th\u00e9\u00e2tre (\u00e0 propos d\u2019Ode maritime mis en sc\u00e8ne par Claude\u00a0R\u00e9gy)<br>N\u00b020 &#8211; Vers un th\u00e9\u00e2tre de\u00a0l&rsquo;effet<br>N\u00b021 &#8211; Raoul fait du son\u00a0!<br>L&rsquo;\u00e9criture du son dans Tabac rouge<br>N\u00b024 &#8211; De quelques points remarquables dans Hyp\u00e9rion<br>N\u00b028 &#8211; Sculpter le son au\u00a0plateau<br>N\u00b031 &#8211; Tric trac du\u00a0son<br>N\u00b032 &#8211; \u00ab\u00a0O\u00f9 il vous plaira\u2026\u00bb<br>N\u00b034 &#8211; Sur le pont d\u2019Avignon, triptyque.<br>https:\/\/www.revue-frictions.net\/catalogue\/auteurs\/thierry-besche<\/span><\/p>\n\n\n\n<p><span style=\"color:#b8baba\" class=\"has-inline-color\">Espace et cin\u00e9ma 360\u00b0\u00a0: Quelle \u00e9criture pour le son\u00a0? In <em>Entrelacs<\/em> &#8211; cin\u00e9ma et audiovisuel 2020 N\u00b017<br>https:\/\/doi.org\/10.4000\/entrelacs.5941<\/span><\/p>\n","protected":false},"excerpt":{"rendered":"<p>. Thierry Besche est cr\u00e9ateur sonore, compositeur \u00e9lectroacoustique et formateur. Co-fondateur (en 1977) et directeur du GMEA, Centre national de cr\u00e9ation musicale d\u2019Albi-Tarn de 1981 \u00e0 fin 2015. Ses travaux porte aujourd\u2019hui sur l\u2019\u00e9criture du son dans l\u2019espace.Il anime l\u2019association \u00ab\u00a0J\u2019\u00e9coute sans r\u00e9pit\u00a0\u00bb. Il coordonne l\u2019association Passerelle Arts Sciences Technologies en r\u00e9gion Occitanie. Il est au bureau de Science en Tarn. . PublicationsRevues Frictions \u2013 Th\u00e9\u00e2tre \/ \u00c9crituresN\u00b015 &#8211; Du son au th\u00e9\u00e2tre (\u00e0 propos d\u2019Ode maritime mis en sc\u00e8ne par Claude\u00a0R\u00e9gy)N\u00b020 &#8211; Vers un th\u00e9\u00e2tre de\u00a0l&rsquo;effetN\u00b021 &#8211; Raoul fait du son\u00a0!L&rsquo;\u00e9criture du son dans Tabac rougeN\u00b024 &#8211; De quelques points remarquables dans Hyp\u00e9rionN\u00b028 &#8211; Sculpter le son au\u00a0plateauN\u00b031 &#8211; Tric trac du\u00a0sonN\u00b032 &#8211; \u00ab\u00a0O\u00f9 il vous plaira\u2026\u00bbN\u00b034 &#8211; Sur le pont d\u2019Avignon, triptyque.https:\/\/www.revue-frictions.net\/catalogue\/auteurs\/thierry-besche Espace et cin\u00e9ma 360\u00b0\u00a0: Quelle \u00e9criture pour le son\u00a0? In Entrelacs &#8211; cin\u00e9ma et audiovisuel 2020 N\u00b017https:\/\/doi.org\/10.4000\/entrelacs.5941<\/p>\n","protected":false},"author":963,"featured_media":303,"parent":0,"menu_order":0,"comment_status":"closed","ping_status":"closed","template":"","meta":{"footnotes":""},"class_list":["post-851","page","type-page","status-publish","has-post-thumbnail"],"_links":{"self":[{"href":"https:\/\/blogs.univ-tlse2.fr\/espaces-audiovisuels\/wp-json\/wp\/v2\/pages\/851","targetHints":{"allow":["GET"]}}],"collection":[{"href":"https:\/\/blogs.univ-tlse2.fr\/espaces-audiovisuels\/wp-json\/wp\/v2\/pages"}],"about":[{"href":"https:\/\/blogs.univ-tlse2.fr\/espaces-audiovisuels\/wp-json\/wp\/v2\/types\/page"}],"author":[{"embeddable":true,"href":"https:\/\/blogs.univ-tlse2.fr\/espaces-audiovisuels\/wp-json\/wp\/v2\/users\/963"}],"replies":[{"embeddable":true,"href":"https:\/\/blogs.univ-tlse2.fr\/espaces-audiovisuels\/wp-json\/wp\/v2\/comments?post=851"}],"version-history":[{"count":2,"href":"https:\/\/blogs.univ-tlse2.fr\/espaces-audiovisuels\/wp-json\/wp\/v2\/pages\/851\/revisions"}],"predecessor-version":[{"id":853,"href":"https:\/\/blogs.univ-tlse2.fr\/espaces-audiovisuels\/wp-json\/wp\/v2\/pages\/851\/revisions\/853"}],"wp:featuredmedia":[{"embeddable":true,"href":"https:\/\/blogs.univ-tlse2.fr\/espaces-audiovisuels\/wp-json\/wp\/v2\/media\/303"}],"wp:attachment":[{"href":"https:\/\/blogs.univ-tlse2.fr\/espaces-audiovisuels\/wp-json\/wp\/v2\/media?parent=851"}],"curies":[{"name":"wp","href":"https:\/\/api.w.org\/{rel}","templated":true}]}}