 {"id":928,"date":"2021-11-09T15:07:25","date_gmt":"2021-11-09T14:07:25","guid":{"rendered":"https:\/\/blogs.univ-tlse2.fr\/espaces-audiovisuels\/?page_id=928"},"modified":"2021-11-09T18:08:59","modified_gmt":"2021-11-09T17:08:59","slug":"sebastien-cassin","status":"publish","type":"page","link":"https:\/\/blogs.univ-tlse2.fr\/espaces-audiovisuels\/sebastien-cassin\/","title":{"rendered":"S\u00e9bastien CASSIN"},"content":{"rendered":"\n<p><span class=\"has-inline-color has-black-color\">.<\/span><\/p>\n\n\n\n<p><strong><span style=\"color:#7891e2\" class=\"has-inline-color\">S\u00e9bastien Cassin<\/span><\/strong> <span class=\"has-inline-color has-white-color\">est doctorant en design au laboratoire LARA-SEPPIA (Laboratoire de Recherche en Audiovisuel, Savoirs, Praxis et Po\u00ef\u00e9tiques en Art) de Toulouse, et enseignant \u00e0 l\u2019ISCID (Institut Sup\u00e9rieur Couleur, Image, Design) de Montauban, o\u00f9 il exerce notamment aupr\u00e8s de la fili\u00e8re \u00ab\u00a0environnements\u00a0\u00bb.<br>Sensible \u00e0 la dimension po\u00e9tique des pratiques de conception et d&rsquo;habitation d&rsquo;espace, il m\u00e8ne ses recherches en articulation avec une pratique des arts appliqu\u00e9s dans le but de conceptualiser de nouvelles m\u00e9thodologies concernant la cr\u00e9ation d&rsquo;environnements.<\/span><\/p>\n\n\n\n<p><span class=\"has-inline-color has-black-color\">.<\/span><br><strong><span style=\"color:#7891e2\" class=\"has-inline-color\">Publication<\/span><\/strong><br><span style=\"color:#b8baba\" class=\"has-inline-color\">CASSIN S\u00e9bastien, \u00ab\u00a0S\u00e9jours Rocheux\u00a0\u00bb [in], BARR\u00c8S Patrick et L\u00c9COLE SOLNYCHKINE Sophie [Dir.], Gradalis &#8211; Carnets de Topo\u00ef\u00e9tique, n\u00b02, Visions Min\u00e9rales, Caen, Ed. Passage(s), 2019, 174\u00a0p.<\/span><\/p>\n\n\n\n<p><span class=\"has-inline-color has-black-color\">.<\/span><\/p>\n\n\n\n<p><span class=\"has-inline-color has-black-color\">.<\/span><\/p>\n","protected":false},"excerpt":{"rendered":"<p>. S\u00e9bastien Cassin est doctorant en design au laboratoire LARA-SEPPIA (Laboratoire de Recherche en Audiovisuel, Savoirs, Praxis et Po\u00ef\u00e9tiques en Art) de Toulouse, et enseignant \u00e0 l\u2019ISCID (Institut Sup\u00e9rieur Couleur, Image, Design) de Montauban, o\u00f9 il exerce notamment aupr\u00e8s de la fili\u00e8re \u00ab\u00a0environnements\u00a0\u00bb.Sensible \u00e0 la dimension po\u00e9tique des pratiques de conception et d&rsquo;habitation d&rsquo;espace, il m\u00e8ne ses recherches en articulation avec une pratique des arts appliqu\u00e9s dans le but de conceptualiser de nouvelles m\u00e9thodologies concernant la cr\u00e9ation d&rsquo;environnements. .PublicationCASSIN S\u00e9bastien, \u00ab\u00a0S\u00e9jours Rocheux\u00a0\u00bb [in], BARR\u00c8S Patrick et L\u00c9COLE SOLNYCHKINE Sophie [Dir.], Gradalis &#8211; Carnets de Topo\u00ef\u00e9tique, n\u00b02, Visions Min\u00e9rales, Caen, Ed. Passage(s), 2019, 174\u00a0p. . .<\/p>\n","protected":false},"author":963,"featured_media":303,"parent":0,"menu_order":0,"comment_status":"closed","ping_status":"closed","template":"","meta":{"footnotes":""},"class_list":["post-928","page","type-page","status-publish","has-post-thumbnail"],"_links":{"self":[{"href":"https:\/\/blogs.univ-tlse2.fr\/espaces-audiovisuels\/wp-json\/wp\/v2\/pages\/928","targetHints":{"allow":["GET"]}}],"collection":[{"href":"https:\/\/blogs.univ-tlse2.fr\/espaces-audiovisuels\/wp-json\/wp\/v2\/pages"}],"about":[{"href":"https:\/\/blogs.univ-tlse2.fr\/espaces-audiovisuels\/wp-json\/wp\/v2\/types\/page"}],"author":[{"embeddable":true,"href":"https:\/\/blogs.univ-tlse2.fr\/espaces-audiovisuels\/wp-json\/wp\/v2\/users\/963"}],"replies":[{"embeddable":true,"href":"https:\/\/blogs.univ-tlse2.fr\/espaces-audiovisuels\/wp-json\/wp\/v2\/comments?post=928"}],"version-history":[{"count":3,"href":"https:\/\/blogs.univ-tlse2.fr\/espaces-audiovisuels\/wp-json\/wp\/v2\/pages\/928\/revisions"}],"predecessor-version":[{"id":943,"href":"https:\/\/blogs.univ-tlse2.fr\/espaces-audiovisuels\/wp-json\/wp\/v2\/pages\/928\/revisions\/943"}],"wp:featuredmedia":[{"embeddable":true,"href":"https:\/\/blogs.univ-tlse2.fr\/espaces-audiovisuels\/wp-json\/wp\/v2\/media\/303"}],"wp:attachment":[{"href":"https:\/\/blogs.univ-tlse2.fr\/espaces-audiovisuels\/wp-json\/wp\/v2\/media?parent=928"}],"curies":[{"name":"wp","href":"https:\/\/api.w.org\/{rel}","templated":true}]}}