 {"id":31,"date":"2022-09-27T18:58:41","date_gmt":"2022-09-27T16:58:41","guid":{"rendered":"https:\/\/blogs.univ-tlse2.fr\/etudes-romanes-cahiers\/?page_id=31"},"modified":"2025-10-06T18:03:38","modified_gmt":"2025-10-06T16:03:38","slug":"nouvelere-en-ibero-amerique","status":"publish","type":"page","link":"https:\/\/blogs.univ-tlse2.fr\/etudes-romanes-cahiers\/nouvelere-en-ibero-amerique\/","title":{"rendered":"\u00c0 propos de Nouvel&rsquo;\u00c8re"},"content":{"rendered":"\n<div class=\"wp-block-columns is-layout-flex wp-container-core-columns-is-layout-9d6595d7 wp-block-columns-is-layout-flex\">\n<div class=\"wp-block-column is-vertically-aligned-stretch is-layout-flow wp-block-column-is-layout-flow\" style=\"flex-basis:100%\">\n<p class=\"has-text-align-left\">Dans Nouvel\u2019\u00c8re, vous trouverez un panorama non exhaustif des probl\u00e8mes contemporains : la pleine croissance de ce champs d&rsquo;\u00e9tude est av\u00e9r\u00e9e par la vivacit\u00e9 des recherches.<\/p>\n\n\n\n<p>Ces deux derni\u00e8res d\u00e9cennies, de nouvelles sources de pr\u00e9occupation jusqu\u2019alors ignor\u00e9es par nos a\u00een\u00e9s, ont vu le jour. En effet, le changement climatique, les in\u00e9galit\u00e9s sociales et \u00e9conomiques, la remise en cause des institutions, la migration de r\u00e9fugi\u00e9s, l&rsquo;interculturalit\u00e9, le devoir de m\u00e9moire ou encore le d\u00e9veloppement durable sont au c\u0153ur des probl\u00e9matiques actuelles.<\/p>\n\n\n\n<p>En tant que jeunes chercheur.euse.s en langues romanes, nous avons pour objectif de comprendre le monde dans lequel nous vivons \u00e0 travers l\u2019analyse des \u00e9v\u00e9nements du XXe et XXIe si\u00e8cle. Et d\u2019interroger les probl\u00e8mes des Am\u00e9riques et d\u2019Europe en r\u00e9pondant aux besoins actuels de notre g\u00e9n\u00e9ration sans tomber dans les travers et les st\u00e9r\u00e9otypes.<\/p>\n\n\n\n<p class=\"has-text-align-left\">Si vous voulez explorer ces enjeux pour mieux comprendre les d\u00e9fis d\u2019aujourd\u2019hui et de demain, vous \u00eates au bon endroit !<\/p>\n\n\n<div class=\"wp-block-image\">\n<figure class=\"aligncenter size-large is-resized\"><img decoding=\"async\" src=\"https:\/\/img-4.linternaute.com\/NRAgkLStlSyLh0NLFAlHdsLRzQU=\/1500x\/smart\/0a686448711b4f1885feded4b14ea98a\/ccmcms-linternaute\/11669017.jpg\" alt=\"\" style=\"width:471px;height:auto\" \/><\/figure>\n<\/div>\n\n\n<p class=\"has-text-align-center has-small-font-size\">JOHN GAPS III\/AP\/SIPA in linternaute.fr<\/p>\n\n\n\n<p><\/p>\n\n\n\n<p class=\"has-text-align-left\"><strong>\u00ab Bien inform\u00e9s, les hommes sont des citoyens ; mal inform\u00e9s, ils deviennent des sujets \u00bb <\/strong>&#8211; <strong>Alfred Sauvy<\/strong>.<\/p>\n\n\n\n<p><\/p>\n\n\n\n<p><\/p>\n<\/div>\n<\/div>\n\n\n\n<p><\/p>\n\n\n\n<p><\/p>\n","protected":false},"excerpt":{"rendered":"<p>Dans Nouvel\u2019\u00c8re, vous trouverez un panorama non exhaustif des probl\u00e8mes contemporains : la pleine croissance de ce champs d&rsquo;\u00e9tude est av\u00e9r\u00e9e par la vivacit\u00e9 des recherches. Ces deux derni\u00e8res d\u00e9cennies, de nouvelles sources de pr\u00e9occupation jusqu\u2019alors ignor\u00e9es par nos a\u00een\u00e9s, ont vu le jour. En effet, le changement climatique, les in\u00e9galit\u00e9s sociales et \u00e9conomiques, la [&hellip;]<\/p>\n","protected":false},"author":1190,"featured_media":0,"parent":0,"menu_order":0,"comment_status":"closed","ping_status":"closed","template":"","meta":{"footnotes":""},"class_list":["post-31","page","type-page","status-publish","hentry","post-preview"],"_links":{"self":[{"href":"https:\/\/blogs.univ-tlse2.fr\/etudes-romanes-cahiers\/wp-json\/wp\/v2\/pages\/31","targetHints":{"allow":["GET"]}}],"collection":[{"href":"https:\/\/blogs.univ-tlse2.fr\/etudes-romanes-cahiers\/wp-json\/wp\/v2\/pages"}],"about":[{"href":"https:\/\/blogs.univ-tlse2.fr\/etudes-romanes-cahiers\/wp-json\/wp\/v2\/types\/page"}],"author":[{"embeddable":true,"href":"https:\/\/blogs.univ-tlse2.fr\/etudes-romanes-cahiers\/wp-json\/wp\/v2\/users\/1190"}],"replies":[{"embeddable":true,"href":"https:\/\/blogs.univ-tlse2.fr\/etudes-romanes-cahiers\/wp-json\/wp\/v2\/comments?post=31"}],"version-history":[{"count":54,"href":"https:\/\/blogs.univ-tlse2.fr\/etudes-romanes-cahiers\/wp-json\/wp\/v2\/pages\/31\/revisions"}],"predecessor-version":[{"id":6412,"href":"https:\/\/blogs.univ-tlse2.fr\/etudes-romanes-cahiers\/wp-json\/wp\/v2\/pages\/31\/revisions\/6412"}],"wp:attachment":[{"href":"https:\/\/blogs.univ-tlse2.fr\/etudes-romanes-cahiers\/wp-json\/wp\/v2\/media?parent=31"}],"curies":[{"name":"wp","href":"https:\/\/api.w.org\/{rel}","templated":true}]}}