 {"id":163,"date":"2016-05-31T17:01:40","date_gmt":"2016-05-31T15:01:40","guid":{"rendered":"https:\/\/blogs.univ-tlse2.fr\/gaemp\/?page_id=163"},"modified":"2023-01-23T12:25:53","modified_gmt":"2023-01-23T11:25:53","slug":"presentation","status":"publish","type":"page","link":"https:\/\/blogs.univ-tlse2.fr\/gaemp\/presentation\/","title":{"rendered":"Pr\u00e9sentation"},"content":{"rendered":"\n<p>La formation se d\u00e9roule de septembre \u00e0 septembre. Les 8 premiers mois se d\u00e9roulent au Centre universitaire de Foix (Ari\u00e8ge), <a href=\"http:\/\/centre-universitaire-ariege.fr\/\">antenne de l\u2019Universit\u00e9 Toulouse Jean Jaur\u00e8s<\/a>. Les \u00e9tudiants partent ensuite en stage \u00e0 partir du mois d\u2019avril\/mai. Les soutenances ont lieu mi septembre.<\/p>\n\n\n\n<p>Les enseignements sont organis\u00e9s en 10 Unit\u00e9s d\u2019enseignement (UE) associant th\u00e9orie et pratique, dont &nbsp;un stage de 840h (environ 14 semaines) minimum.<\/p>\n\n\n\n<figure class=\"wp-block-table\"><table><tbody><tr><td><span style=\"color: #000000\"><strong>Une formation au plus pr\u00e8s du terrain&nbsp;:<\/strong><\/span><br><span style=\"color: #000000\">trois semaines de terrain collectif, un stage<\/span><br><span style=\"color: #000000\">de&nbsp;terrain&nbsp;de deux jours, de nombreuses sorties&nbsp;et \u00e9tudes de cas.<\/span><\/td><td><span style=\"color: #000000\"><strong>Une formation au plus pr\u00e8s du monde professionnel&nbsp;:<\/strong><\/span><br><span style=\"color: #000000\">25 intervenants professionnels&nbsp;assurent un tiers des heures d\u2019enseignement.<\/span><\/td><\/tr><\/tbody><\/table><\/figure>\n\n\n\n<p><strong>Les unit\u00e9s d\u2019enseignement :<br><\/strong><\/p>\n\n\n\n<figure class=\"wp-block-table\"><table><tbody><tr><td>&nbsp;<\/td><td>\n<p style=\"text-align: center\">ECTS<\/p>\n<\/td><td>\n<p style=\"text-align: center\">Heures<\/p>\n<\/td><\/tr><tr><td>\n<p>Connaissance des milieux naturels<\/p>\n<\/td><td>\n<p style=\"text-align: center\">5<\/p>\n<\/td><td>\n<p style=\"text-align: center\">60<\/p>\n<\/td><\/tr><tr><td>\n<p>SIG<\/p>\n<\/td><td>\n<p style=\"text-align: center\">5<\/p>\n<\/td><td>\n<p style=\"text-align: center\">60<\/p>\n<\/td><\/tr><tr><td>\n<p>Dynamiques territoriales, acteurs et politiques publiques<\/p>\n<\/td><td>\n<p style=\"text-align: center\">10<\/p>\n<\/td><td>\n<p style=\"text-align: center\">120<\/p>\n<\/td><\/tr><tr><td>\n<p>Outils de l&rsquo;agro-sylvo-pastoralisme<\/p>\n<\/td><td>\n<p style=\"text-align: center\">5<\/p>\n<\/td><td>\n<p style=\"text-align: center\">60<\/p>\n<\/td><\/tr><tr><td>\n<p>Gestes de l&rsquo;animation et de la m\u00e9diation<\/p>\n<\/td><td>\n<p style=\"text-align: center\">5<\/p>\n<\/td><td>\n<p style=\"text-align: center\">30<\/p>\n<\/td><\/tr><tr><td>\n<p>Approche audiovisuelle du terrain<\/p>\n<\/td><td>\n<p style=\"text-align: center\">2<\/p>\n<\/td><td>\n<p style=\"text-align: center\">20<\/p>\n<\/td><\/tr><tr><td>\n<p>Portrait de territoire<\/p>\n<\/td><td>\n<p style=\"text-align: center\">3<\/p>\n<\/td><td>\n<p style=\"text-align: center\">50<\/p>\n<\/td><\/tr><tr><td>\n<p><em>Au choix : <\/em>Questions fonci\u00e8res et am\u00e9nagement des espaces montagnards \u00c9copastoralisme et \u00e9cop\u00e2turage<\/p>\n<\/td><td>\n<p style=\"text-align: center\">2<\/p>\n<\/td><td>\n<p style=\"text-align: center\">40<\/p>\n<\/td><\/tr><tr><td>\n<p>Projet tutor\u00e9<\/p>\n<\/td><td>\n<p style=\"text-align: center\">8<\/p>\n<\/td><td>\n<p style=\"text-align: center\">160<\/p>\n<\/td><\/tr><tr><td>\n<p>Stage<\/p>\n<\/td><td>\n<p style=\"text-align: center\">15<\/p>\n<\/td><td>&nbsp;<\/td><\/tr><\/tbody><\/table><\/figure>\n\n\n\n<p><a href=\"https:\/\/www.univ-tlse2.fr\/medias\/fichier\/catalogue-licence-pro-2021-2026-montagne-et-pastoralisme_1624439262322-pdf?ID_FICHE=17688&amp;INLINE=FALSE\">Les enseignements sont pr\u00e9sent\u00e9s avec plus de d\u00e9tails dans la plaquette de la formation (PDF).<\/a><\/p>\n\n\n\n<p><\/p>\n","protected":false},"excerpt":{"rendered":"<p>La formation se d\u00e9roule de septembre \u00e0 septembre. Les 8 premiers mois se d\u00e9roulent au Centre universitaire de Foix (Ari\u00e8ge), antenne de l\u2019Universit\u00e9 Toulouse Jean Jaur\u00e8s. Les \u00e9tudiants partent ensuite en stage \u00e0 partir du mois d\u2019avril\/mai. Les soutenances ont lieu mi septembre. Les enseignements sont organis\u00e9s en 10 Unit\u00e9s d\u2019enseignement (UE) associant th\u00e9orie et [&hellip;]<\/p>\n","protected":false},"author":272,"featured_media":0,"parent":0,"menu_order":0,"comment_status":"closed","ping_status":"closed","template":"","meta":{"footnotes":""},"class_list":["post-163","page","type-page","status-publish","hentry"],"_links":{"self":[{"href":"https:\/\/blogs.univ-tlse2.fr\/gaemp\/wp-json\/wp\/v2\/pages\/163","targetHints":{"allow":["GET"]}}],"collection":[{"href":"https:\/\/blogs.univ-tlse2.fr\/gaemp\/wp-json\/wp\/v2\/pages"}],"about":[{"href":"https:\/\/blogs.univ-tlse2.fr\/gaemp\/wp-json\/wp\/v2\/types\/page"}],"author":[{"embeddable":true,"href":"https:\/\/blogs.univ-tlse2.fr\/gaemp\/wp-json\/wp\/v2\/users\/272"}],"replies":[{"embeddable":true,"href":"https:\/\/blogs.univ-tlse2.fr\/gaemp\/wp-json\/wp\/v2\/comments?post=163"}],"version-history":[{"count":15,"href":"https:\/\/blogs.univ-tlse2.fr\/gaemp\/wp-json\/wp\/v2\/pages\/163\/revisions"}],"predecessor-version":[{"id":358,"href":"https:\/\/blogs.univ-tlse2.fr\/gaemp\/wp-json\/wp\/v2\/pages\/163\/revisions\/358"}],"wp:attachment":[{"href":"https:\/\/blogs.univ-tlse2.fr\/gaemp\/wp-json\/wp\/v2\/media?parent=163"}],"curies":[{"name":"wp","href":"https:\/\/api.w.org\/{rel}","templated":true}]}}