 {"id":1207,"date":"2020-04-01T12:25:04","date_gmt":"2020-04-01T10:25:04","guid":{"rendered":"https:\/\/blogs.univ-tlse2.fr\/garaison\/?page_id=1207"},"modified":"2020-04-01T21:43:44","modified_gmt":"2020-04-01T19:43:44","slug":"temoignage-de-jacques-david","status":"publish","type":"page","link":"https:\/\/blogs.univ-tlse2.fr\/garaison\/temoignage-de-jacques-david\/","title":{"rendered":"T\u00e9moignage de Jacques David"},"content":{"rendered":"\n<h3 class=\"has-accent-color has-text-color has-text-align-center wp-block-heading\"><br><strong>T\u00c9MOIGNAGE<\/strong> DE JACQUES DAVID,<\/h3>\n\n\n\n<h3 class=\"has-accent-color has-text-color has-text-align-center wp-block-heading\"><strong>fils de <\/strong> Fran\u00e7oise Brun, petit-fils de Jos\u00e9phine et Edmond Brun, intern\u00e9 \u00e0 Garaison<strong> <\/strong><\/h3>\n\n\n\n<hr class=\"wp-block-separator\" \/>\n\n\n\n<p><em>Recueilli par mail le 5 ao\u00fbt 2019<\/em><\/p>\n\n\n\n<p><br>Madame<\/p>\n\n\n\n<p><p style=\"text-align: justify\">C\u2019est\navec plaisir que j\u2019\u00e9voque pour vous, Garaison, dont j\u2019ai souvent entendu parl\u00e9\npar&nbsp;<strong>Edmond BRUN<\/strong>&nbsp;mon grand-p\u00e8re (1880-1969),&nbsp;<strong>Jos\u00e9phine\nBRUN n\u00e9e FLEITH<\/strong>&nbsp;ma grand-m\u00e8re (1881-1968),&nbsp;<strong>Fran\u00e7oise BRUN<\/strong>&nbsp;\u00e9pouse\nDAVID ma m\u00e8re (1913-1992),&nbsp;<strong>Max Marius BRUN<\/strong>&nbsp;mon oncle\n(1910-1993).<\/p><\/p>\n\n\n\n<p><p style=\"text-align: justify\">En\n1913, Edmond quitte INGERSHEIM (Haut-Rhin) avec sa famille pour\n\u00ab&nbsp;apprendre le fran\u00e7ais&nbsp;\u00bb \u00e0 REMIREMONT (Vosges) en travaillant dans l\u2019usine\nde tuberie de son beau-fr\u00e8re, industriel.<\/p><\/p>\n\n\n\n<p><p style=\"text-align: justify\">Jos\u00e9phine\nracontait&nbsp;: en 1914, il est arr\u00eat\u00e9 par les gendarmes, menott\u00e9, et part\nvers l\u2019inconnu, la laissant avec ses deux jeunes enfants. Il lui \u00e9tait reproch\u00e9\nd\u2019\u00eatre Alsacien et de surcro\u00eet fils d\u2019un fonctionnaire allemand (Joseph,\ninstituteur arriv\u00e9 de Suisse en Alsace apr\u00e8s la guerre de 1870.)<\/p><\/p>\n\n\n\n<p><p style=\"text-align: justify\">Il\nfinit \u00e0 Garaison o\u00f9 le rejoindront Jos\u00e9phine et les enfants en juillet 1915,\nsur intervention du Pr\u00e9fet, relation de son beau-fr\u00e8re.<\/p><\/p>\n\n\n\n<p><p style=\"text-align: justify\">Jos\u00e9phine\nen voulait aux gendarmes&nbsp;: mais le comble, plus tard, son fils Max et son\ngendre, (mon p\u00e8re,) furent gendarmes&nbsp;!!<\/p><\/p>\n\n\n\n<p><p style=\"text-align: justify\"><strong>ROSE<\/strong>, n\u00e9e \u00e0 Garaison en 1917,\n\u00e9tant souffrante, Edmond alla chercher le Dr SCHWEITZER qui, racontait-il, l\u2019a\nenvoy\u00e9 \u00ab&nbsp;balader&nbsp;\u00bb. Quel ours, disait-il&nbsp;! De retour aupr\u00e8s de\nRose, SCHWEITZER \u00e9tait d\u00e9j\u00e0 l\u00e0&nbsp;!!<\/p><\/p>\n\n\n\n<p><p style=\"text-align: justify\">Edmond,\nSuisse d\u2019origine (il avait un HEIMATSCHEIN) recevait des colis de Suisse et\n\u00e9changea de nombreuses lettres avec son p\u00e8re rest\u00e9 en Alsace.<\/p><\/p>\n\n\n\n<p><p style=\"text-align: justify\">\u00c0\nma connaissance, ils n\u2019eurent aucun contact avec des \u00ab&nbsp;anciens&nbsp;\u00bb de\nGaraison&nbsp;! Seuls restent quelques photos, cartes postales et une\ncorrespondance avec sa famille&nbsp;!<\/p><\/p>\n\n\n\n<p><p style=\"text-align: justify\">Toute\nla famille s\u2019installe \u00e0 NEUF-BRISACH (Haut-Rhin) en 1919 et ach\u00e8te une maison\nen 1923 avec l\u2019\u00e9picerie de Jos\u00e9phine au rez-de-chauss\u00e9e. Edmond sera secr\u00e9taire\nde la mairie.<\/p><\/p>\n\n\n\n<p><p style=\"text-align: justify\">En\n1940, ils sont&nbsp;\u00bb \u00e9vacu\u00e9s&nbsp;\u00bb \u00e0 MEILHAN-sur-GARONNE (Lot-et-Garonne)\npuis ils reviennent et passent la Seconde Guerre mondiale chez eux au-dessus de\nl\u2019\u00e9picerie ouverte jusqu\u2019en 1946&nbsp;; ils \u00e9chappent aux bombardements\nam\u00e9ricains de 1945&nbsp;! et vivront heureux dans cette maison jusqu\u2019\u00e0 leurs\nd\u00e9c\u00e8s&nbsp;!<\/p><\/p>\n\n\n\n<p><p style=\"text-align: justify\">Ils eurent 5 petits-enfants et ont connu 3 de leurs arri\u00e8re-petits enfants&nbsp;!<br><br><br><a href=\"https:\/\/blogs.univ-tlse2.fr\/garaison\/temoignages\/zeugenschaften\/bericht-von-jacques-david\/\">Bericht in deutscher Sprache<\/a><\/p><\/p>\n","protected":false},"excerpt":{"rendered":"<p>T\u00c9MOIGNAGE DE JACQUES DAVID, fils de Fran\u00e7oise Brun, petit-fils de Jos\u00e9phine et Edmond Brun, intern\u00e9 \u00e0 Garaison Recueilli par mail le 5 ao\u00fbt 2019 Madame C\u2019est avec plaisir que j\u2019\u00e9voque pour vous, Garaison, dont j\u2019ai souvent entendu parl\u00e9 par&nbsp;Edmond BRUN&nbsp;mon grand-p\u00e8re (1880-1969),&nbsp;Jos\u00e9phine BRUN n\u00e9e FLEITH&nbsp;ma grand-m\u00e8re (1881-1968),&nbsp;Fran\u00e7oise BRUN&nbsp;\u00e9pouse DAVID ma m\u00e8re (1913-1992),&nbsp;Max Marius BRUN&nbsp;mon oncle [&hellip;]<\/p>\n","protected":false},"author":459,"featured_media":0,"parent":0,"menu_order":0,"comment_status":"closed","ping_status":"closed","template":"","meta":{"footnotes":""},"class_list":["post-1207","page","type-page","status-publish","hentry","post-preview"],"_links":{"self":[{"href":"https:\/\/blogs.univ-tlse2.fr\/garaison\/wp-json\/wp\/v2\/pages\/1207","targetHints":{"allow":["GET"]}}],"collection":[{"href":"https:\/\/blogs.univ-tlse2.fr\/garaison\/wp-json\/wp\/v2\/pages"}],"about":[{"href":"https:\/\/blogs.univ-tlse2.fr\/garaison\/wp-json\/wp\/v2\/types\/page"}],"author":[{"embeddable":true,"href":"https:\/\/blogs.univ-tlse2.fr\/garaison\/wp-json\/wp\/v2\/users\/459"}],"replies":[{"embeddable":true,"href":"https:\/\/blogs.univ-tlse2.fr\/garaison\/wp-json\/wp\/v2\/comments?post=1207"}],"version-history":[{"count":11,"href":"https:\/\/blogs.univ-tlse2.fr\/garaison\/wp-json\/wp\/v2\/pages\/1207\/revisions"}],"predecessor-version":[{"id":1237,"href":"https:\/\/blogs.univ-tlse2.fr\/garaison\/wp-json\/wp\/v2\/pages\/1207\/revisions\/1237"}],"wp:attachment":[{"href":"https:\/\/blogs.univ-tlse2.fr\/garaison\/wp-json\/wp\/v2\/media?parent=1207"}],"curies":[{"name":"wp","href":"https:\/\/api.w.org\/{rel}","templated":true}]}}