 {"id":148,"date":"2017-06-08T20:35:11","date_gmt":"2017-06-08T18:35:11","guid":{"rendered":"https:\/\/blogs.univ-tlse2.fr\/garaison\/?page_id=148"},"modified":"2018-04-16T20:29:04","modified_gmt":"2018-04-16T18:29:04","slug":"revue-de-presse","status":"publish","type":"page","link":"https:\/\/blogs.univ-tlse2.fr\/garaison\/dokumentarfilm-loin-de-verdun\/revue-de-presse\/","title":{"rendered":"Presse\/Stimmen"},"content":{"rendered":"<h5><em><span style=\"color: #808000\">Stimmen zu &#8222;Loin de Verdun&#8220;<br \/>\n<\/span><\/em><\/h5>\n<blockquote><p><em>Was mich am Dokumentarfilm von Xavier Delagnes besonders beeindruckt hat, ist die Art und Weise, wie er, obwohl kein Historiker, es zu Wege gebracht hat, einen historischen Diskurs nachzuzeichnen.<\/em><\/p>\n<p><em>Ausgehend von Zeugenberichten, Archivmaterial, Fotografien, ist es ihm gelungen, <\/em>seine<em> Geschichte des Lagers zu erz\u00e4hlen, wobei er den historischen Quellen treu bleibt.<\/em><\/p>\n<p><em>Mit Feingef\u00fchl und Blick f\u00fcrs Detail beleuchtet er die unterschiedlichen Aspekte des Lebens im Lager, die Erinnerungen, die es hinterlassen hat, seine Entdeckung durch die Historiker.<\/em><\/p>\n<p><em>Besonders bemerkenswert ist die Art und Weise, auf die die unterschiedlichen Diskurse miteinander verflochten sind: jene der Zeitzeugen, dann jene der heutigen &#8222;Bewohner&#8220; von und um Garaison, jener des Historikers.<\/em><\/p>\n<p><em>Kein Aspekt wird au\u00dfer Acht gelassen!<br \/>\n<\/em><\/p>\n<p><em>Und vor allem und \u00fcberhaupt, zu einer Zeit, da es sich geziemt, in \u00fcbertriebener Weise auf Emotion und Sensation zu setzen, appelliert Xavier Delagnes an unser Hirn, an unsere F\u00e4higkeit, nachzudenken &#8211; anspruchsvoll, aber nicht \u00fcberbeanspruchend.<\/em><\/p>\n<p><em>Eine gro\u00dfartige Leistung!<\/em><\/p><\/blockquote>\n<p style=\"text-align: right\"><em><strong>Fran\u00e7ois Giustiniani, Leiter Archiv D\u00e9partement Hautes-Pyr\u00e9n\u00e9es<br \/>\n<\/strong><\/em><\/p>\n<blockquote><p><em>Der ausgezeichnete Dokumentarfilm &#8222;Loin de Verdun&#8220; des Toulouser Regisseurs Xavier Delagnes, der am 19.1. im Eurocampus gezeigt wird, f\u00fchrt vor Augen, wie die Spurensuche in die Vergangenheit mit filmischen Mitteln eindrucksvoll dargestellt werden kann.<\/em><\/p><\/blockquote>\n<p style=\"text-align: right\"><em><strong>Quelle: <a href=\"http:\/\/www.dstoulouse.fr\/de\/college-lycee\/eroeffnung-der-ausstellung-garaison-loin-de-verdun-im-cdi\">Deutsche Schule Toulouse<\/a><\/strong><\/em><\/p>\n<h5><span style=\"color: #808000\"><em>Pressespiegel<\/em><\/span><\/h5>\n<ul>\n<li><a href=\"https:\/\/blogs.univ-tlse2.fr\/garaison\/dokumentarfilm-loin-de-verdun\/revue-de-presse\/loin-de-verdun-in-der-deutschen-schule\/\">Loin de Verdun an der Deutschen Schule Toulouse<\/a>, 17.1.2017<\/li>\n<\/ul>\n","protected":false},"excerpt":{"rendered":"<p>Stimmen zu &#8222;Loin de Verdun&#8220; Was mich am Dokumentarfilm von Xavier Delagnes besonders beeindruckt hat, ist die Art und Weise, wie er, obwohl kein Historiker, es zu Wege gebracht hat, einen historischen Diskurs nachzuzeichnen. Ausgehend von Zeugenberichten, Archivmaterial, Fotografien, ist es ihm gelungen, seine Geschichte des Lagers zu erz\u00e4hlen, wobei er den historischen Quellen treu [&hellip;]<\/p>\n","protected":false},"author":390,"featured_media":0,"parent":423,"menu_order":3,"comment_status":"closed","ping_status":"closed","template":"","meta":{"footnotes":""},"class_list":["post-148","page","type-page","status-publish","hentry","post-preview"],"_links":{"self":[{"href":"https:\/\/blogs.univ-tlse2.fr\/garaison\/wp-json\/wp\/v2\/pages\/148","targetHints":{"allow":["GET"]}}],"collection":[{"href":"https:\/\/blogs.univ-tlse2.fr\/garaison\/wp-json\/wp\/v2\/pages"}],"about":[{"href":"https:\/\/blogs.univ-tlse2.fr\/garaison\/wp-json\/wp\/v2\/types\/page"}],"author":[{"embeddable":true,"href":"https:\/\/blogs.univ-tlse2.fr\/garaison\/wp-json\/wp\/v2\/users\/390"}],"replies":[{"embeddable":true,"href":"https:\/\/blogs.univ-tlse2.fr\/garaison\/wp-json\/wp\/v2\/comments?post=148"}],"version-history":[{"count":19,"href":"https:\/\/blogs.univ-tlse2.fr\/garaison\/wp-json\/wp\/v2\/pages\/148\/revisions"}],"predecessor-version":[{"id":1149,"href":"https:\/\/blogs.univ-tlse2.fr\/garaison\/wp-json\/wp\/v2\/pages\/148\/revisions\/1149"}],"up":[{"embeddable":true,"href":"https:\/\/blogs.univ-tlse2.fr\/garaison\/wp-json\/wp\/v2\/pages\/423"}],"wp:attachment":[{"href":"https:\/\/blogs.univ-tlse2.fr\/garaison\/wp-json\/wp\/v2\/media?parent=148"}],"curies":[{"name":"wp","href":"https:\/\/api.w.org\/{rel}","templated":true}]}}