 {"id":743,"date":"2018-01-18T21:09:54","date_gmt":"2018-01-18T20:09:54","guid":{"rendered":"https:\/\/blogs.univ-tlse2.fr\/garaison\/?page_id=743"},"modified":"2018-04-16T20:27:23","modified_gmt":"2018-04-16T18:27:23","slug":"das-internierungslager-garaison","status":"publish","type":"page","link":"https:\/\/blogs.univ-tlse2.fr\/garaison\/forschungsprogramm\/das-internierungslager-garaison\/","title":{"rendered":"Das Internierungslager Garaison"},"content":{"rendered":"<h4><span style=\"color: #808000\"><strong><em>Das Lager Garaison 1914-1919<\/em><\/strong><em><strong><br \/>\n<\/strong><\/em><\/span><\/h4>\n<p style=\"text-align: justify\">Die \u201e<a href=\"http:\/\/noma\">Nomadenerbt\u00fcmer<\/a>\u201c entstammen einem vergessenen oder verdr\u00e4ngten Kapitel von Notre-Dame de Garaison. 1914 wird in dieser leerstehenden religi\u00f6sen Schule ein Internierungslager errichtet, wo fernab der Front neben wehrpflichtigen M\u00e4nnern Familien, Frauen und Kinder gefangen gehalten werden. Viele von ihnen leben seit mehreren Jahren in Frankreich oder sind dort geboren. Unter verschiedenen Bezeichnungen wie u.a. \u201eKonzentrationslager\u201c, \u201eLandwirtschaftskolonie\u201c oder \u201eGeisellager\u201c vereint Garaison zahlreiche zivile Staatsangeh\u00f6rige aller Nationalit\u00e4ten der Gro\u00dfm\u00e4chte, die sich damals im Krieg gegen Frankreich befinden: Deutsche, \u00d6sterreicher, Angeh\u00f6rige der \u00f6sterreichisch-ungarischen Monarchie (Ungaren, Tschechen, Polen&#8230;), Osmanen und nicht zu vergessen, Els\u00e4sser und Lothringer. Eine Einf\u00fchrung dazu findet sich im Werk von J. Cub\u00e9ro, <em>Le camp de Garaison. Guerre et nationalit\u00e9s 1914-1919<\/em> (\u00c9ditions Cairn, 2017).<\/p>\n<div id=\"attachment_186\" style=\"width: 468px\" class=\"wp-caption aligncenter\"><a href=\"https:\/\/blogs.univ-tlse2.fr\/garaison\/files\/2016\/10\/wp8150c456_05_06.jpg\"><img loading=\"lazy\" decoding=\"async\" aria-describedby=\"caption-attachment-186\" class=\"wp-image-186\" src=\"https:\/\/blogs.univ-tlse2.fr\/garaison\/files\/2016\/10\/wp8150c456_05_06-300x196.jpg\" alt=\"\" width=\"458\" height=\"300\" srcset=\"https:\/\/blogs.univ-tlse2.fr\/garaison\/files\/2016\/10\/wp8150c456_05_06-300x196.jpg 300w, https:\/\/blogs.univ-tlse2.fr\/garaison\/files\/2016\/10\/wp8150c456_05_06-648x423.jpg 648w, https:\/\/blogs.univ-tlse2.fr\/garaison\/files\/2016\/10\/wp8150c456_05_06-294x192.jpg 294w, https:\/\/blogs.univ-tlse2.fr\/garaison\/files\/2016\/10\/wp8150c456_05_06.jpg 666w\" sizes=\"auto, (max-width: 458px) 100vw, 458px\" \/><\/a><p id=\"caption-attachment-186\" class=\"wp-caption-text\">\u00a9 D. Mur, loucrup65.fr<\/p><\/div>\n<p style=\"text-align: justify\">Das Lager \u00f6ffnet am 7.\u00a0September\u00a01914 seine Pforten und schlie\u00dft 1919, einige Monate nach der Unterzeichnung des Friedensvertrags von Versailles. Da es darum geht, die Wehrpflichtigen davon abzuhalten, in ihr Vaterland zur\u00fcckzukehren, um die R\u00e4nge der feindlichen Armeen zu vergr\u00f6\u00dfern, wurden Frauen, Kinder und \u00fcber sechzig\u00a0Jahre alte sowie invalide oder unheilbare M\u00e4nner ab November\u00a01914 \u00fcber die Schweiz ausgewiesen.<\/p>\n<p style=\"text-align: justify\">Am 31.\u00a0Juli\u00a01918 sch\u00e4tzt die Leitung des Lagers die Anzahl der Menschen, die sich dort aufgehalten haben, auf 2130 Personen. Darunter befinden sich im Jahr 1917 auch Doktor Albert\u00a0Schweitzer und seine Frau, die Gabun als Deutsche auf franz\u00f6sischem Hoheitsgebiet verlassen m\u00fcssen und elf Monate in einer Kaserne in der N\u00e4he von Bordeaux, anschlie\u00dfend in Garaison und Saint-R\u00e9my-de-Provence interniert werden. Der Philosoph schreibt dar\u00fcber in <em>Aus meinem Leben und Denken (<\/em>F. Meiner Verlag, 1931).<\/p>\n<div id=\"attachment_1053\" style=\"width: 467px\" class=\"wp-caption aligncenter\"><a href=\"https:\/\/blogs.univ-tlse2.fr\/garaison\/files\/2018\/01\/IMG_7816.jpg\"><img loading=\"lazy\" decoding=\"async\" aria-describedby=\"caption-attachment-1053\" class=\"wp-image-1053 \" src=\"https:\/\/blogs.univ-tlse2.fr\/garaison\/files\/2018\/01\/IMG_7816-1024x683.jpg\" alt=\"\" width=\"457\" height=\"305\" srcset=\"https:\/\/blogs.univ-tlse2.fr\/garaison\/files\/2018\/01\/IMG_7816-1024x683.jpg 1024w, https:\/\/blogs.univ-tlse2.fr\/garaison\/files\/2018\/01\/IMG_7816-300x200.jpg 300w, https:\/\/blogs.univ-tlse2.fr\/garaison\/files\/2018\/01\/IMG_7816-768x512.jpg 768w, https:\/\/blogs.univ-tlse2.fr\/garaison\/files\/2018\/01\/IMG_7816-676x451.jpg 676w\" sizes=\"auto, (max-width: 457px) 100vw, 457px\" \/><\/a><p id=\"caption-attachment-1053\" class=\"wp-caption-text\">\u00a9 X. Delagnes<\/p><\/div>\n<p style=\"text-align: justify\">1923\u00a0kaufen ehemalige Sch\u00fcler das Geb\u00e4ude zur\u00fcck: Die Kleriker und die Schule nehmen ihren Platz wieder ein, die Spuren des Lagers werden so gut wie m\u00f6glich verwischt. So wird zum Beispiel eine Statue des heidnischen Fauns zerst\u00f6rt, die der deutsche Bildhauer Johnny B\u00fcchs (1878-1963), der von 1915 bis 1917 in Garaison interniert war, auf dem Brunnen des gro\u00dfen Vorplatzes errichtete.<\/p>\n<h4><em><strong><span style=\"color: #808000\">Garaison heute<\/span><\/strong><\/em><\/h4>\n<p style=\"text-align: justify\">Heute ist <a href=\"https:\/\/blogs.univ-tlse2.fr\/garaison\/partner\/notre-dame-de-garaison\/\">Notre-Dame de Garaison<\/a> eine unter Organisationsvertrag mit dem Staat stehende private gemischte <a href=\"https:\/\/blogs.univ-tlse2.fr\/garaison\/partner\/notre-dame-de-garaison\/\">schulische Einrichtung<\/a>. Das Antlitz des Ortes hat sich ver\u00e4ndert, aber es bestehen noch \u00dcberreste der Vergangenheit von 1914-1918: hier eine B\u00e4ckerei, dort eine von den Internierten erbaute Werkstatt oder das Zimmer des Ehepaares Schweitzer. <a href=\"https:\/\/blogs.univ-tlse2.fr\/garaison\/partner\/notre-dame-de-garaison\/\">Mehr<\/a><\/p>\n<p style=\"text-align: justify\"><strong>Website<\/strong>: <a href=\"http:\/\/www.garaison.com\">www.garaison.com<\/a><\/p>\n","protected":false},"excerpt":{"rendered":"<p>Das Lager Garaison 1914-1919 Die \u201eNomadenerbt\u00fcmer\u201c entstammen einem vergessenen oder verdr\u00e4ngten Kapitel von Notre-Dame de Garaison. 1914 wird in dieser leerstehenden religi\u00f6sen Schule ein Internierungslager errichtet, wo fernab der Front neben wehrpflichtigen M\u00e4nnern Familien, Frauen und Kinder gefangen gehalten werden. Viele von ihnen leben seit mehreren Jahren in Frankreich oder sind dort geboren. Unter verschiedenen [&hellip;]<\/p>\n","protected":false},"author":459,"featured_media":0,"parent":165,"menu_order":0,"comment_status":"closed","ping_status":"closed","template":"","meta":{"footnotes":""},"class_list":["post-743","page","type-page","status-publish","hentry","post-preview"],"_links":{"self":[{"href":"https:\/\/blogs.univ-tlse2.fr\/garaison\/wp-json\/wp\/v2\/pages\/743","targetHints":{"allow":["GET"]}}],"collection":[{"href":"https:\/\/blogs.univ-tlse2.fr\/garaison\/wp-json\/wp\/v2\/pages"}],"about":[{"href":"https:\/\/blogs.univ-tlse2.fr\/garaison\/wp-json\/wp\/v2\/types\/page"}],"author":[{"embeddable":true,"href":"https:\/\/blogs.univ-tlse2.fr\/garaison\/wp-json\/wp\/v2\/users\/459"}],"replies":[{"embeddable":true,"href":"https:\/\/blogs.univ-tlse2.fr\/garaison\/wp-json\/wp\/v2\/comments?post=743"}],"version-history":[{"count":39,"href":"https:\/\/blogs.univ-tlse2.fr\/garaison\/wp-json\/wp\/v2\/pages\/743\/revisions"}],"predecessor-version":[{"id":1160,"href":"https:\/\/blogs.univ-tlse2.fr\/garaison\/wp-json\/wp\/v2\/pages\/743\/revisions\/1160"}],"up":[{"embeddable":true,"href":"https:\/\/blogs.univ-tlse2.fr\/garaison\/wp-json\/wp\/v2\/pages\/165"}],"wp:attachment":[{"href":"https:\/\/blogs.univ-tlse2.fr\/garaison\/wp-json\/wp\/v2\/media?parent=743"}],"curies":[{"name":"wp","href":"https:\/\/api.w.org\/{rel}","templated":true}]}}