 {"id":2,"date":"2015-09-01T15:01:37","date_gmt":"2015-09-01T14:01:37","guid":{"rendered":"https:\/\/blogs.univ-tlse2.fr\/grec-canada\/?page_id=2"},"modified":"2015-09-24T11:13:31","modified_gmt":"2015-09-24T10:13:31","slug":"page-d-exemple","status":"publish","type":"page","link":"https:\/\/blogs.univ-tlse2.fr\/grec-canada\/page-d-exemple\/","title":{"rendered":"Pr\u00e9sentation"},"content":{"rendered":"<div>\n<p>Le\u00a0<strong>GREC<\/strong>\u00a0(Groupe de Recherche en Etudes Canadiennes), qui fait partie du CAS, a \u00e9t\u00e9 cr\u00e9\u00e9 avec l\u2019association \u201c<strong>Conna\u00eetre le Canada<\/strong>\u201d au D\u00e9partement d\u2019anglais de l\u2019Universit\u00e9 de Toulouse-Le Mirail en 1996\u00a0par\u00a0<strong>Mich\u00e8le Kaltemback<\/strong>\u00a0et\u00a0<strong>Marcienne Rocard<\/strong>. Compos\u00e9 de chercheurs fran\u00e7ais et canadiens, ses travaux \u00e9tablissent le lien entre les deux pays dans le domaine de l\u2019<strong>histoire<\/strong>, de la\u00a0<strong>g\u00e9ographie<\/strong>, de la\u00a0<strong>litt\u00e9rature<\/strong>, de l&rsquo;<strong>\u00e9cologie<\/strong>, de l&rsquo;<strong>\u00e9cocritique<\/strong>, de l\u2019<strong>ethnologie<\/strong>, de l\u2019<strong>art<\/strong>\u00a0et de la\u00a0<strong>g\u00e9opolitique<\/strong>\u00a0entre autres \u00e0 travers des colloques, des journ\u00e9es d\u2019\u00e9tudes et des ouvrages ou num\u00e9ros de revues, notamment la revue\u00a0<em>Caliban<\/em>\u00a0et\u00a0<em>Anglophonia\/Caliban<\/em>\u00a0de 1997 \u00e0 2014 (voir publications). Depuis 2010, c\u2019est Fran\u00e7oise Besson qui en est responsable.<\/p>\n<p>Ce site a pour but de faire conna\u00eetre les activit\u00e9s de l\u2019association \u00ab\u00a0Conna\u00eetre le Canada\u00a0\u00bb et du Groupe de Recherche en Etudes Canadiennes de Toulouse, en mati\u00e8re d\u2019enseignement et de recherche (annonces de journ\u00e9es d\u2019\u00e9tude et de colloques, publications).<\/p>\n<p>Il a aussi pour objectif de permettre aux chercheurs de tisser des liens dans le domaine de la recherche et de construire un r\u00e9seau s\u2019\u00e9tendant dans les divers centres fran\u00e7ais et au Canada.<\/p>\n<p>Gr\u00e2ce aux informations qui y sont donn\u00e9es, il doit aussi permettre aux jeunes chercheurs de trouver les liens qui les guideront dans leur recherche.<\/p>\n<p>Il doit aussi permettre d\u2019\u00e9tablir un lien entre les chercheurs et les \u00e9crivains et artistes canadiens.<\/p>\n<p><em>Photo du bandeau : Jacques Dorin, \u00ab\u00a0<span class=\"Apple-style-span\">Totem pole in Stanley Park, Vancouver\u00a0\u00bb, d\u00e9tail\u00a0<\/span>\u00a9Jacques Dorin<\/em><\/p>\n<\/div>\n<p>&nbsp;<\/p>\n","protected":false},"excerpt":{"rendered":"<p>Le\u00a0GREC\u00a0(Groupe de Recherche en Etudes Canadiennes), qui fait partie du CAS, a \u00e9t\u00e9 cr\u00e9\u00e9 avec l\u2019association \u201cConna\u00eetre le Canada\u201d au D\u00e9partement d\u2019anglais de l\u2019Universit\u00e9 de Toulouse-Le Mirail en 1996\u00a0par\u00a0Mich\u00e8le Kaltemback\u00a0et\u00a0Marcienne Rocard. Compos\u00e9 de chercheurs fran\u00e7ais et canadiens, ses travaux \u00e9tablissent le lien entre les deux pays dans le domaine de l\u2019histoire, de la\u00a0g\u00e9ographie, de la\u00a0litt\u00e9rature, &hellip; <a href=\"https:\/\/blogs.univ-tlse2.fr\/grec-canada\/page-d-exemple\/\" class=\"more-link\">Continuer la lecture de <span class=\"screen-reader-text\">Pr\u00e9sentation<\/span> <span class=\"meta-nav\">&rarr;<\/span><\/a><\/p>\n","protected":false},"author":242,"featured_media":0,"parent":0,"menu_order":0,"comment_status":"closed","ping_status":"closed","template":"","meta":{"footnotes":""},"class_list":["post-2","page","type-page","status-publish","hentry"],"_links":{"self":[{"href":"https:\/\/blogs.univ-tlse2.fr\/grec-canada\/wp-json\/wp\/v2\/pages\/2","targetHints":{"allow":["GET"]}}],"collection":[{"href":"https:\/\/blogs.univ-tlse2.fr\/grec-canada\/wp-json\/wp\/v2\/pages"}],"about":[{"href":"https:\/\/blogs.univ-tlse2.fr\/grec-canada\/wp-json\/wp\/v2\/types\/page"}],"author":[{"embeddable":true,"href":"https:\/\/blogs.univ-tlse2.fr\/grec-canada\/wp-json\/wp\/v2\/users\/242"}],"replies":[{"embeddable":true,"href":"https:\/\/blogs.univ-tlse2.fr\/grec-canada\/wp-json\/wp\/v2\/comments?post=2"}],"version-history":[{"count":5,"href":"https:\/\/blogs.univ-tlse2.fr\/grec-canada\/wp-json\/wp\/v2\/pages\/2\/revisions"}],"predecessor-version":[{"id":45,"href":"https:\/\/blogs.univ-tlse2.fr\/grec-canada\/wp-json\/wp\/v2\/pages\/2\/revisions\/45"}],"wp:attachment":[{"href":"https:\/\/blogs.univ-tlse2.fr\/grec-canada\/wp-json\/wp\/v2\/media?parent=2"}],"curies":[{"name":"wp","href":"https:\/\/api.w.org\/{rel}","templated":true}]}}

Présentation

<div>
<p>Le <strong>GREC</strong> (Groupe de Recherche en Etudes Canadiennes), qui fait partie du CAS, a été créé avec l’association “<strong>Connaître le Canada</strong>” au Département d’anglais de l’Université de Toulouse-Le Mirail en 1996 par <strong>Michèle Kaltemback</strong> et <strong>Marcienne Rocard</strong>. Composé de chercheurs français et canadiens, ses travaux établissent le lien entre les deux pays dans le domaine de l’<strong>histoire</strong>, de la <strong>géographie</strong>, de la <strong>littérature</strong>, de l&rsquo;<strong>écologie</strong>, de l&rsquo;<strong>écocritique</strong>, de l’<strong>ethnologie</strong>, de l’<strong>art</strong> et de la <strong>géopolitique</strong> entre autres à travers des colloques, des journées d’études et des ouvrages ou numéros de revues, notamment la revue <em>Caliban</em> et <em>Anglophonia/Caliban</em> de 1997 à 2014 (voir publications). Depuis 2010, c’est Françoise Besson qui en est responsable.</p>
<p>Ce site a pour but de faire connaître les activités de l’association « Connaître le Canada » et du Groupe de Recherche en Etudes Canadiennes de Toulouse, en matière d’enseignement et de recherche (annonces de journées d’étude et de colloques, publications).</p>
<p>Il a aussi pour objectif de permettre aux chercheurs de tisser des liens dans le domaine de la recherche et de construire un réseau s’étendant dans les divers centres français et au Canada.</p>
<p>Grâce aux informations qui y sont données, il doit aussi permettre aux jeunes chercheurs de trouver les liens qui les guideront dans leur recherche.</p>
<p>Il doit aussi permettre d’établir un lien entre les chercheurs et les écrivains et artistes canadiens.</p>
<p><em>Photo du bandeau : Jacques Dorin, « <span class="Apple-style-span">Totem pole in Stanley Park, Vancouver », détail </span>©Jacques Dorin</em></p>
</div>
<p>&nbsp;</p>

<p>Le GREC (Groupe de Recherche en Etudes Canadiennes), qui fait partie du CAS, a été créé avec l’association “Connaître le Canada” au Département d’anglais de l’Université de Toulouse-Le Mirail en 1996 par Michèle Kaltemback et Marcienne Rocard. Composé de chercheurs français et canadiens, ses travaux établissent le lien entre les deux pays dans le domaine de l’histoire, de la géographie, de la littérature, &hellip; <a href="https://blogs.univ-tlse2.fr/grec-canada/page-d-exemple/" class="more-link">Continuer la lecture de <span class="screen-reader-text">Présentation</span> <span class="meta-nav">&rarr;</span></a></p>
