 {"id":17,"date":"2016-06-08T09:45:23","date_gmt":"2016-06-08T07:45:23","guid":{"rendered":"https:\/\/blogs.univ-tlse2.fr\/gwenael-lefeuvre\/?page_id=17"},"modified":"2022-04-07T17:56:19","modified_gmt":"2022-04-07T15:56:19","slug":"parcours","status":"publish","type":"page","link":"https:\/\/blogs.univ-tlse2.fr\/gwenael-lefeuvre\/parcours\/","title":{"rendered":"PARCOURS"},"content":{"rendered":"<p>Apr\u00e8s un parcours dans le champ de l&rsquo;animation socioculturelle (en tant qu&rsquo;animateur volontaire, \u00a0professionnel puis \u00e9tudiant dans le cadre d&rsquo;une reprise d&rsquo;\u00e9tude dans un IUT carri\u00e8res sociales option animation socioculturelle), je m&rsquo;oriente vers les sciences de l&rsquo;\u00e9ducation o\u00f9 j&rsquo;effectue un DEA (niveau Master 2 Recherche) puis mon doctorat de 2004 \u00e0 2007 en tant qu&rsquo;allocataire de recherche (actuel contrat doctoral) , sous la direction de Marc Bru et de Jean-Fran\u00e7ois Marcel. De 2006 \u00e0 2008, je suis ATER (Attach\u00e9 temporaire \u00e0 l&rsquo;enseignement et \u00e0 la recherche) au d\u00e9partement des sciences de l&rsquo;\u00e9ducation et de la formation \u00e0 l&rsquo;universit\u00e9 de Toulouse. J&rsquo;ai \u00e9galement effectu\u00e9\u00a0un s\u00e9jour d&rsquo;un an en Master premi\u00e8re ann\u00e9e (2002) au Quebec (universit\u00e9 de Montr\u00e9al) o\u00f9 j&rsquo;ai particip\u00e9 aux activit\u00e9s\u00a0du laboratoire LABRIPROF co-dirig\u00e9s par Claude Lessard et Maurice Tardif \u00e0 l&rsquo;Universit\u00e9 de Montr\u00e9al.<\/p>\n<p>Qualifi\u00e9e en 70\u00e8me section en 2008 puis recrut\u00e9 en 2009 comme ma\u00eetre de conf\u00e9rences \u00e0 l&rsquo;Universit\u00e9 de Toulouse, je deviens chercheur au laboratoire du CREFI-T puis \u00e0 l&rsquo;Unit\u00e9 Mixte de Recherche EFTS (Education, Formation, Travail, Savoirs). J&rsquo;enseigne alors au d\u00e9partement des sciences de l&rsquo;\u00e9ducation et de la formation \u00e0 l&rsquo;universit\u00e9 de Toulouse Jean-Jaur\u00e8s.<\/p>\n<p>Mes travaux portent sur le travail enseignant, plus particuli\u00e8rement sur les pratiques enseignantes dans et hors de la classe. Mes premiers travaux se sont centr\u00e9s sur les modalit\u00e9s de travail collectif des enseignants et de leurs liens avec les processus d&rsquo;enseignement au sein de la classe. Mes r\u00e9f\u00e9rences th\u00e9oriques sont la sociologie des organisations, les travaux en ergonomie et les th\u00e9ories de l&rsquo;activit\u00e9 (notamment les travaux d\u00e9velopp\u00e9s par la didactique professionnelle).<\/p>\n<p>Mes\u00a0recherches actuelles s&rsquo;orientent sur l&rsquo;\u00e9tude des r\u00e9gulations des d\u00e9sordres \u00e0 l&rsquo;\u00e9cole, notamment la mani\u00e8re dont les enseignants r\u00e9gulent, de mani\u00e8re imm\u00e9diate ou diff\u00e9r\u00e9e, les d\u00e9sordres dans et hors de classe.<\/p>\n","protected":false},"excerpt":{"rendered":"<p>Apr\u00e8s un parcours dans le champ de l&rsquo;animation socioculturelle (en tant qu&rsquo;animateur volontaire, \u00a0professionnel puis \u00e9tudiant dans le cadre d&rsquo;une reprise d&rsquo;\u00e9tude dans un IUT carri\u00e8res sociales option animation socioculturelle), je m&rsquo;oriente vers les sciences de l&rsquo;\u00e9ducation o\u00f9 j&rsquo;effectue un DEA (niveau Master 2 Recherche) puis mon doctorat de 2004 \u00e0 2007 en tant qu&rsquo;allocataire [&hellip;]<\/p>\n","protected":false},"author":306,"featured_media":0,"parent":0,"menu_order":0,"comment_status":"closed","ping_status":"closed","template":"","meta":{"footnotes":""},"class_list":["post-17","page","type-page","status-publish","hentry","post-preview"],"_links":{"self":[{"href":"https:\/\/blogs.univ-tlse2.fr\/gwenael-lefeuvre\/wp-json\/wp\/v2\/pages\/17","targetHints":{"allow":["GET"]}}],"collection":[{"href":"https:\/\/blogs.univ-tlse2.fr\/gwenael-lefeuvre\/wp-json\/wp\/v2\/pages"}],"about":[{"href":"https:\/\/blogs.univ-tlse2.fr\/gwenael-lefeuvre\/wp-json\/wp\/v2\/types\/page"}],"author":[{"embeddable":true,"href":"https:\/\/blogs.univ-tlse2.fr\/gwenael-lefeuvre\/wp-json\/wp\/v2\/users\/306"}],"replies":[{"embeddable":true,"href":"https:\/\/blogs.univ-tlse2.fr\/gwenael-lefeuvre\/wp-json\/wp\/v2\/comments?post=17"}],"version-history":[{"count":9,"href":"https:\/\/blogs.univ-tlse2.fr\/gwenael-lefeuvre\/wp-json\/wp\/v2\/pages\/17\/revisions"}],"predecessor-version":[{"id":152,"href":"https:\/\/blogs.univ-tlse2.fr\/gwenael-lefeuvre\/wp-json\/wp\/v2\/pages\/17\/revisions\/152"}],"wp:attachment":[{"href":"https:\/\/blogs.univ-tlse2.fr\/gwenael-lefeuvre\/wp-json\/wp\/v2\/media?parent=17"}],"curies":[{"name":"wp","href":"https:\/\/api.w.org\/{rel}","templated":true}]}}