 {"id":310,"date":"2016-11-16T22:41:59","date_gmt":"2016-11-16T21:41:59","guid":{"rendered":"https:\/\/blogs.univ-tlse2.fr\/histoire-arts\/?page_id=310"},"modified":"2016-11-16T23:09:33","modified_gmt":"2016-11-16T22:09:33","slug":"presentation","status":"publish","type":"page","link":"https:\/\/blogs.univ-tlse2.fr\/histoire-arts\/presentation\/","title":{"rendered":"Pr\u00e9sentation"},"content":{"rendered":"<p><strong>Pr\u00e9sentation g\u00e9n\u00e9rale du Master recherche en histoire de l&rsquo;art pour les p\u00e9riodes Moderne et Contemporain.\u00a0<\/strong><\/p>\n<p>(texte \u00e0 ins\u00e9rer<\/p>\n<p><a href=\"https:\/\/blogs.univ-tlse2.fr\/histoire-arts\/informations-generales-sur-le-master-recherche\/le-planning-du-master\/\">Afficher le planning<\/a><\/p>\n","protected":false},"excerpt":{"rendered":"<p>Pr\u00e9sentation g\u00e9n\u00e9rale du Master recherche en histoire de l&rsquo;art pour les p\u00e9riodes Moderne et Contemporain.\u00a0 (texte \u00e0 ins\u00e9rer Afficher le planning<\/p>\n<p class=\"more-link-p\"><a class=\"more-link\" href=\"https:\/\/blogs.univ-tlse2.fr\/histoire-arts\/presentation\/\">Read more &rarr;<\/a><\/p>\n","protected":false},"author":308,"featured_media":0,"parent":0,"menu_order":0,"comment_status":"closed","ping_status":"closed","template":"","meta":{"footnotes":""},"class_list":["post-310","page","type-page","status-publish","hentry"],"_links":{"self":[{"href":"https:\/\/blogs.univ-tlse2.fr\/histoire-arts\/wp-json\/wp\/v2\/pages\/310","targetHints":{"allow":["GET"]}}],"collection":[{"href":"https:\/\/blogs.univ-tlse2.fr\/histoire-arts\/wp-json\/wp\/v2\/pages"}],"about":[{"href":"https:\/\/blogs.univ-tlse2.fr\/histoire-arts\/wp-json\/wp\/v2\/types\/page"}],"author":[{"embeddable":true,"href":"https:\/\/blogs.univ-tlse2.fr\/histoire-arts\/wp-json\/wp\/v2\/users\/308"}],"replies":[{"embeddable":true,"href":"https:\/\/blogs.univ-tlse2.fr\/histoire-arts\/wp-json\/wp\/v2\/comments?post=310"}],"version-history":[{"count":2,"href":"https:\/\/blogs.univ-tlse2.fr\/histoire-arts\/wp-json\/wp\/v2\/pages\/310\/revisions"}],"predecessor-version":[{"id":316,"href":"https:\/\/blogs.univ-tlse2.fr\/histoire-arts\/wp-json\/wp\/v2\/pages\/310\/revisions\/316"}],"wp:attachment":[{"href":"https:\/\/blogs.univ-tlse2.fr\/histoire-arts\/wp-json\/wp\/v2\/media?parent=310"}],"curies":[{"name":"wp","href":"https:\/\/api.w.org\/{rel}","templated":true}]}}