 {"id":13,"date":"2015-11-03T11:00:17","date_gmt":"2015-11-03T10:00:17","guid":{"rendered":"https:\/\/blogs.univ-tlse2.fr\/histoirebilingue\/?page_id=13"},"modified":"2016-07-04T15:35:27","modified_gmt":"2016-07-04T13:35:27","slug":"debouches","status":"publish","type":"page","link":"https:\/\/blogs.univ-tlse2.fr\/histoirebilingue\/debouches\/","title":{"rendered":"Inscriptions"},"content":{"rendered":"<p>Selon votre statut actuel, les d\u00e9marches d&rsquo;inscription sont diff\u00e9rents :<\/p>\n<ul>\n<li><a href=\"https:\/\/blogs.univ-tlse2.fr\/histoirebilingue\/debouches\/vous-etes-lyceen\/\">vous \u00eates lyc\u00e9en<\/a><\/li>\n<li><a href=\"https:\/\/blogs.univ-tlse2.fr\/histoirebilingue\/debouches\/vous-etes-etudiant-2\/\">vous \u00eates d\u00e9j\u00e0 \u00e9tudiant<\/a><\/li>\n<li><a href=\"https:\/\/blogs.univ-tlse2.fr\/histoirebilingue\/debouches\/vous-etes-etudiant\/\">vous \u00eates \u00e9tudiant \u00e9tranger<\/a><\/li>\n<\/ul>\n<p><\/p>","protected":false},"excerpt":{"rendered":"<p>Selon votre statut actuel, les d\u00e9marches d&rsquo;inscription sont diff\u00e9rents : vous \u00eates lyc\u00e9en vous \u00eates d\u00e9j\u00e0 \u00e9tudiant vous \u00eates \u00e9tudiant \u00e9tranger<\/p>\n","protected":false},"author":258,"featured_media":0,"parent":0,"menu_order":4,"comment_status":"closed","ping_status":"closed","template":"","meta":{"footnotes":""},"class_list":["post-13","page","type-page","status-publish","hentry"],"_links":{"self":[{"href":"https:\/\/blogs.univ-tlse2.fr\/histoirebilingue\/wp-json\/wp\/v2\/pages\/13","targetHints":{"allow":["GET"]}}],"collection":[{"href":"https:\/\/blogs.univ-tlse2.fr\/histoirebilingue\/wp-json\/wp\/v2\/pages"}],"about":[{"href":"https:\/\/blogs.univ-tlse2.fr\/histoirebilingue\/wp-json\/wp\/v2\/types\/page"}],"author":[{"embeddable":true,"href":"https:\/\/blogs.univ-tlse2.fr\/histoirebilingue\/wp-json\/wp\/v2\/users\/258"}],"replies":[{"embeddable":true,"href":"https:\/\/blogs.univ-tlse2.fr\/histoirebilingue\/wp-json\/wp\/v2\/comments?post=13"}],"version-history":[{"count":5,"href":"https:\/\/blogs.univ-tlse2.fr\/histoirebilingue\/wp-json\/wp\/v2\/pages\/13\/revisions"}],"predecessor-version":[{"id":507,"href":"https:\/\/blogs.univ-tlse2.fr\/histoirebilingue\/wp-json\/wp\/v2\/pages\/13\/revisions\/507"}],"wp:attachment":[{"href":"https:\/\/blogs.univ-tlse2.fr\/histoirebilingue\/wp-json\/wp\/v2\/media?parent=13"}],"curies":[{"name":"wp","href":"https:\/\/api.w.org\/{rel}","templated":true}]}}