 {"id":355,"date":"2016-02-09T10:36:50","date_gmt":"2016-02-09T09:36:50","guid":{"rendered":"https:\/\/blogs.univ-tlse2.fr\/histoirebilingue\/?page_id=355"},"modified":"2016-02-09T10:36:50","modified_gmt":"2016-02-09T09:36:50","slug":"presentation","status":"publish","type":"page","link":"https:\/\/blogs.univ-tlse2.fr\/histoirebilingue\/formation\/presentation\/","title":{"rendered":"Pr\u00e9sentation"},"content":{"rendered":"<p><\/p>\n<div class=\"entry\">\n<p>La licence d\u2019histoire bilingue se d\u00e9roule sur trois ann\u00e9es : les deux premi\u00e8res sur le campus du Mirail \u00e0 Toulouse et la troisi\u00e8me ann\u00e9e \u00e0 l\u2019\u00e9tranger. A Toulouse, plus de la moiti\u00e9 des cours sont en langue \u00e9trang\u00e8re (anglais ou espagnol).<\/p>\n<p>La formation s\u2019effectue dans les meilleures conditions:<\/p>\n<ul>\n<li>L\u2019effectif maximum d\u2019une promotion est de 25 \u00e9tudiants<\/li>\n<li>Le d\u00e9partement d\u2019histoire occupe depuis 2015 un nouveau b\u00e2timent qui offre un grand confort de travail<\/li>\n<li>Plusieurs biblioth\u00e8ques et centres de ressources\u00a0\u00bb sont accessibles aux \u00e9tudiants <a href=\"http:\/\/bibliotheques.univ-tlse2.fr\/accueil-bibliotheques\/bibliotheques-de-l-ut2j\/bibliotheques-du-campus-mirail\/bibliotheque-universitaire-centrale\/\" target=\"_blank\">biblioth\u00e8que universitaire centrale<\/a>, <a href=\"http:\/\/bibliotheques.univ-tlse2.fr\/accueil-bibliotheques\/bibliotheques-de-l-ut2j\/bibliotheques-du-campus-mirail\/centre-de-ressources-olympe-de-gouges\/\" target=\"_blank\">centre de ressources Olympes de Gouges<\/a>, <a href=\"http:\/\/bibliotheques.univ-tlse2.fr\/accueil-bibliotheques\/bibliotheques-de-l-ut2j\/bibliotheques-du-campus-mirail\/centre-de-ressources-des-langues\/\" target=\"_blank\">Centre de ressources des Langues<\/a>, <a href=\"http:\/\/bibliotheques.univ-tlse2.fr\/accueil-bibliotheques\/bibliotheques-de-l-ut2j\/bibliotheques-du-campus-mirail\/cadist-peninsule-iberique\/\" target=\"_blank\">CADIST P\u00e9ninsule ib\u00e9rique<\/a>.<\/li>\n<li>Une <a href=\"http:\/\/www.etudesmirail.com\/\">librairie universitaire est pr\u00e9sente sur le campus. <\/a><\/li>\n<\/ul>\n<p>Les cours:<\/p>\n<ul>\n<li>discipline principale<\/li>\n<li>discipline associ\u00e9e<\/li>\n<li>des cours de langue en option (obligatoire)<\/li>\n<\/ul>\n<\/div>\n<p><\/p>","protected":false},"excerpt":{"rendered":"<p>La licence d\u2019histoire bilingue se d\u00e9roule sur trois ann\u00e9es : les deux premi\u00e8res sur le campus du Mirail \u00e0 Toulouse et la troisi\u00e8me ann\u00e9e \u00e0 l\u2019\u00e9tranger. A Toulouse, plus de la moiti\u00e9 des cours sont en langue \u00e9trang\u00e8re (anglais ou espagnol). La formation s\u2019effectue dans les meilleures conditions: L\u2019effectif maximum d\u2019une promotion est de 25 [&hellip;]<\/p>\n","protected":false},"author":258,"featured_media":0,"parent":11,"menu_order":0,"comment_status":"closed","ping_status":"closed","template":"","meta":{"footnotes":""},"class_list":["post-355","page","type-page","status-publish","hentry"],"_links":{"self":[{"href":"https:\/\/blogs.univ-tlse2.fr\/histoirebilingue\/wp-json\/wp\/v2\/pages\/355","targetHints":{"allow":["GET"]}}],"collection":[{"href":"https:\/\/blogs.univ-tlse2.fr\/histoirebilingue\/wp-json\/wp\/v2\/pages"}],"about":[{"href":"https:\/\/blogs.univ-tlse2.fr\/histoirebilingue\/wp-json\/wp\/v2\/types\/page"}],"author":[{"embeddable":true,"href":"https:\/\/blogs.univ-tlse2.fr\/histoirebilingue\/wp-json\/wp\/v2\/users\/258"}],"replies":[{"embeddable":true,"href":"https:\/\/blogs.univ-tlse2.fr\/histoirebilingue\/wp-json\/wp\/v2\/comments?post=355"}],"version-history":[{"count":1,"href":"https:\/\/blogs.univ-tlse2.fr\/histoirebilingue\/wp-json\/wp\/v2\/pages\/355\/revisions"}],"predecessor-version":[{"id":356,"href":"https:\/\/blogs.univ-tlse2.fr\/histoirebilingue\/wp-json\/wp\/v2\/pages\/355\/revisions\/356"}],"up":[{"embeddable":true,"href":"https:\/\/blogs.univ-tlse2.fr\/histoirebilingue\/wp-json\/wp\/v2\/pages\/11"}],"wp:attachment":[{"href":"https:\/\/blogs.univ-tlse2.fr\/histoirebilingue\/wp-json\/wp\/v2\/media?parent=355"}],"curies":[{"name":"wp","href":"https:\/\/api.w.org\/{rel}","templated":true}]}}