 {"id":63,"date":"2015-11-03T12:00:30","date_gmt":"2015-11-03T11:00:30","guid":{"rendered":"https:\/\/blogs.univ-tlse2.fr\/histoirebilingue\/?page_id=63"},"modified":"2015-12-02T10:27:45","modified_gmt":"2015-12-02T09:27:45","slug":"blogs-et-reseaux-sociaux","status":"publish","type":"page","link":"https:\/\/blogs.univ-tlse2.fr\/histoirebilingue\/vie-etudiante\/blogs-et-reseaux-sociaux\/","title":{"rendered":"Blogs et r\u00e9seaux sociaux"},"content":{"rendered":"<p>Page facebook de la licence<\/p>\n<p><a href=\"https:\/\/www.facebook.com\/LicencesHistoirebilingue\/?fref=ts\">https:\/\/www.facebook.com\/LicencesHistoirebilingue\/?fref=ts<\/a><\/p>\n<p>Page du BDE<\/p>\n<p><a href=\"https:\/\/www.facebook.com\/BDEHistoireBilingue\/?fref=ts\">https:\/\/www.facebook.com\/BDEHistoireBilingue\/?fref=ts<\/a><\/p>\n<p>Le compte twitter de la bilingue<\/p>\n<p><a href=\"https:\/\/twitter.com\/LicencesBi\">https:\/\/twitter.com\/LicencesBi<\/a><\/p>\n<p>N&rsquo;h\u00e9sitez pas \u00e0 y faire un tour et \u00e0 y poser des questions !<\/p>\n<p>&nbsp;<\/p>","protected":false},"excerpt":{"rendered":"<p>Page facebook de la licence https:\/\/www.facebook.com\/LicencesHistoirebilingue\/?fref=ts Page du BDE https:\/\/www.facebook.com\/BDEHistoireBilingue\/?fref=ts Le compte twitter de la bilingue https:\/\/twitter.com\/LicencesBi N&rsquo;h\u00e9sitez pas \u00e0 y faire un tour et \u00e0 y poser des questions ! &nbsp;<\/p>\n","protected":false},"author":258,"featured_media":0,"parent":17,"menu_order":1,"comment_status":"closed","ping_status":"closed","template":"","meta":{"footnotes":""},"class_list":["post-63","page","type-page","status-publish","hentry"],"_links":{"self":[{"href":"https:\/\/blogs.univ-tlse2.fr\/histoirebilingue\/wp-json\/wp\/v2\/pages\/63","targetHints":{"allow":["GET"]}}],"collection":[{"href":"https:\/\/blogs.univ-tlse2.fr\/histoirebilingue\/wp-json\/wp\/v2\/pages"}],"about":[{"href":"https:\/\/blogs.univ-tlse2.fr\/histoirebilingue\/wp-json\/wp\/v2\/types\/page"}],"author":[{"embeddable":true,"href":"https:\/\/blogs.univ-tlse2.fr\/histoirebilingue\/wp-json\/wp\/v2\/users\/258"}],"replies":[{"embeddable":true,"href":"https:\/\/blogs.univ-tlse2.fr\/histoirebilingue\/wp-json\/wp\/v2\/comments?post=63"}],"version-history":[{"count":3,"href":"https:\/\/blogs.univ-tlse2.fr\/histoirebilingue\/wp-json\/wp\/v2\/pages\/63\/revisions"}],"predecessor-version":[{"id":308,"href":"https:\/\/blogs.univ-tlse2.fr\/histoirebilingue\/wp-json\/wp\/v2\/pages\/63\/revisions\/308"}],"up":[{"embeddable":true,"href":"https:\/\/blogs.univ-tlse2.fr\/histoirebilingue\/wp-json\/wp\/v2\/pages\/17"}],"wp:attachment":[{"href":"https:\/\/blogs.univ-tlse2.fr\/histoirebilingue\/wp-json\/wp\/v2\/media?parent=63"}],"curies":[{"name":"wp","href":"https:\/\/api.w.org\/{rel}","templated":true}]}}