 {"id":2465,"date":"2021-02-01T15:01:42","date_gmt":"2021-02-01T14:01:42","guid":{"rendered":"https:\/\/blogs.univ-tlse2.fr\/ifmi\/?page_id=2465"},"modified":"2026-02-04T08:04:42","modified_gmt":"2026-02-04T07:04:42","slug":"a-propos-des-tests-dentree-de-lifmi-de-toulouse","status":"publish","type":"page","link":"https:\/\/blogs.univ-tlse2.fr\/ifmi\/rejoindre-lifmi\/a-propos-des-tests-dentree-de-lifmi-de-toulouse\/","title":{"rendered":"Les \u00e9preuves des tests d&rsquo;entr\u00e9e de l&rsquo;IFMI de Toulouse"},"content":{"rendered":"\n<h2 class=\"wp-block-heading red_row\">Quelques informations utiles sur les \u00e9preuves des tests d&rsquo;entr\u00e9e<\/h2>\n\n\n\n<p>Les tests d&rsquo;entr\u00e9e sont compos\u00e9s de deux \u00e9tapes : l&rsquo;admissibilit\u00e9 et l&rsquo;admission<\/p>\n\n\n\n<p><strong>Les \u00e9preuves d&rsquo;admissibilit\u00e9 sont constitu\u00e9es de :<\/strong><\/p>\n\n\n\n<ol class=\"wp-block-list\">\n<li>Une \u00e9preuve d&rsquo;<strong>interpr\u00e9tation instrumentale ou vocale<\/strong> (selon la sp\u00e9cialit\u00e9 pr\u00e9sent\u00e9e) qui consiste \u00e0 jouer deux pi\u00e8ces d&rsquo;esth\u00e9tiques diff\u00e9rentes. Chaque morceau fera l&rsquo;objet d&rsquo;<strong>une vid\u00e9o <\/strong>de moins de 5 min \u00e0 d\u00e9poser dans un dossier en ligne.<\/li>\n\n\n\n<li><strong>Une \u00e9preuve vocale<\/strong> au choix du candidat (chanson, lied, m\u00e9lodie, air&#8230;) pr\u00e9sentant un int\u00e9r\u00eat m\u00e9lodique et un ambitus significatif. La pi\u00e8ce fera \u00e9galement l&rsquo;objet d&rsquo;<strong>une vid\u00e9o<\/strong> de moins de 5 min \u00e0 d\u00e9poser sur un drive.<\/li>\n\n\n\n<li><strong>Un test d&rsquo;\u00e9coute et de culture musicale<\/strong> portant sur divers extraits musicaux de style, d&rsquo;\u00e9poques et de pays d&rsquo;origine diff\u00e9rents.<\/li>\n\n\n\n<li><strong>Une \u00e9preuve \u00e9crite de formation musicale<\/strong> puis <strong>un oral<\/strong> de d\u00e9chiffrage, de m\u00e9morisation et d&rsquo;imitation vocale.<\/li>\n<\/ol>\n\n\n\n<p>Si le candidat est s\u00e9lectionn\u00e9 \u00e0 l&rsquo;issue des \u00e9preuves d&rsquo;admissibilit\u00e9, il peut passer les \u00e9preuves d&rsquo;admission.<\/p>\n\n\n\n<p><strong>Les \u00e9preuves d&rsquo;admission sont constitu\u00e9es de :<\/strong><\/p>\n\n\n\n<ul class=\"wp-block-list\">\n<li>Une \u00e9preuve de <strong>mise en situation d&rsquo;expression orale<\/strong>.<br>Le candidat pr\u00e9sente en 10 minutes une r\u00e9flexion structur\u00e9e et argument\u00e9e sur un sujet de son choix, <strong>en lien avec la musique<\/strong> :\n<ul class=\"wp-block-list\">\n<li>une \u0153uvre artistique.<\/li>\n\n\n\n<li>un enjeu historique, culturel, politique ou scientifique.<\/li>\n\n\n\n<li>un sujet d&rsquo;actualit\u00e9, une recherche dans un domaine en lien avec la musique, un courant ou une question p\u00e9dagogique.<\/li>\n<\/ul>\n<\/li>\n\n\n\n<li> Un <strong>entretien avec le jury<\/strong> de 10 minutes s&rsquo;int\u00e9ressant plus particuli\u00e8rement \u00e0 la motivation du candidat, \u00e0 son int\u00e9r\u00eat pour la formation dans le cadre de son projet professionnel et \u00e0 son app\u00e9tit pour les diff\u00e9rents aspects de la p\u00e9dagogie et de l&rsquo;\u00e9ducation musicale. <\/li>\n<\/ul>\n\n\n\n<div class=\"wp-block-buttons is-content-justification-center is-layout-flex wp-container-core-buttons-is-layout-16018d1d wp-block-buttons-is-layout-flex\">\n<div class=\"wp-block-button has-custom-width wp-block-button__width-50 ifmi_button\"><a class=\"wp-block-button__link wp-element-button\" href=\"https:\/\/form.jotform.com\/260253087686363\">S&rsquo;inscrire \u00e0 la prochaine session de tests d&rsquo;entr\u00e9e<\/a><\/div>\n<\/div>\n\n\n\n<p><\/p>\n","protected":false},"excerpt":{"rendered":"<p>Quelques informations utiles sur les \u00e9preuves des tests d&rsquo;entr\u00e9e Les tests d&rsquo;entr\u00e9e sont compos\u00e9s de deux \u00e9tapes : l&rsquo;admissibilit\u00e9 et l&rsquo;admission Les \u00e9preuves d&rsquo;admissibilit\u00e9 sont constitu\u00e9es de : Si le candidat est s\u00e9lectionn\u00e9 \u00e0 l&rsquo;issue des \u00e9preuves d&rsquo;admissibilit\u00e9, il peut passer les \u00e9preuves d&rsquo;admission. Les \u00e9preuves d&rsquo;admission sont constitu\u00e9es de :<\/p>\n","protected":false},"author":391,"featured_media":0,"parent":2339,"menu_order":0,"comment_status":"closed","ping_status":"closed","template":"","meta":{"footnotes":""},"class_list":["post-2465","page","type-page","status-publish","hentry"],"_links":{"self":[{"href":"https:\/\/blogs.univ-tlse2.fr\/ifmi\/wp-json\/wp\/v2\/pages\/2465","targetHints":{"allow":["GET"]}}],"collection":[{"href":"https:\/\/blogs.univ-tlse2.fr\/ifmi\/wp-json\/wp\/v2\/pages"}],"about":[{"href":"https:\/\/blogs.univ-tlse2.fr\/ifmi\/wp-json\/wp\/v2\/types\/page"}],"author":[{"embeddable":true,"href":"https:\/\/blogs.univ-tlse2.fr\/ifmi\/wp-json\/wp\/v2\/users\/391"}],"replies":[{"embeddable":true,"href":"https:\/\/blogs.univ-tlse2.fr\/ifmi\/wp-json\/wp\/v2\/comments?post=2465"}],"version-history":[{"count":20,"href":"https:\/\/blogs.univ-tlse2.fr\/ifmi\/wp-json\/wp\/v2\/pages\/2465\/revisions"}],"predecessor-version":[{"id":3656,"href":"https:\/\/blogs.univ-tlse2.fr\/ifmi\/wp-json\/wp\/v2\/pages\/2465\/revisions\/3656"}],"up":[{"embeddable":true,"href":"https:\/\/blogs.univ-tlse2.fr\/ifmi\/wp-json\/wp\/v2\/pages\/2339"}],"wp:attachment":[{"href":"https:\/\/blogs.univ-tlse2.fr\/ifmi\/wp-json\/wp\/v2\/media?parent=2465"}],"curies":[{"name":"wp","href":"https:\/\/api.w.org\/{rel}","templated":true}]}}