 {"id":210,"date":"2018-02-03T16:21:03","date_gmt":"2018-02-03T15:21:03","guid":{"rendered":"https:\/\/blogs.univ-tlse2.fr\/inclusiontsa\/?page_id=210"},"modified":"2018-02-03T16:21:03","modified_gmt":"2018-02-03T15:21:03","slug":"videos-de-la-journee","status":"publish","type":"page","link":"https:\/\/blogs.univ-tlse2.fr\/inclusiontsa\/videos-de-la-journee\/","title":{"rendered":"Vid\u00e9os de la journ\u00e9e"},"content":{"rendered":"<p>Bonjour \u00e0 tous,<\/p>\n<p>La journ\u00e9e d&rsquo;\u00e9tude a r\u00e9uni plus de 130 personnes! Le succ\u00e8s fut au rendez-vous: un grand merci \u00e0 tous pour votre pr\u00e9sence et votre enthousiasme!<\/p>\n<p>Afin de permettre au plus grand nombre d&rsquo;avoir acc\u00e8s aux diff\u00e9rentes interventions, voici le lien qui vous permet de visionner les vid\u00e9os de la journ\u00e9e: <a href=\"https:\/\/www.canal-u.tv\/producteurs\/universite_toulouse_ii_le_mirail\/journees_d_etudes_seminaires_rencontres_debat\/troubles_du_spectre_de_l_autisme_a_l_adolescence_quels_defis_pour_l_inclusion\" target=\"_blank\" rel=\"noopener\">Acc\u00e8s vid\u00e9os<\/a><\/p>\n<p>N&rsquo;h\u00e9sitez pas \u00e0 diffuser ce lien largement autour de vous: la sensibilisation est essentielle pour faire avancer les connaissances du grand public sur l&rsquo;autisme, faciliter l&rsquo;inclusion des jeunes (et moins jeunes :)) avec TSA et leur permettre de d\u00e9velopper leur plein potentiel.<\/p>\n<p>En cas de difficult\u00e9 ou pour toute question, n&rsquo;h\u00e9sitez pas \u00e0 me contacter \u00e0 l&rsquo;adresse suivante: m&#111;&#x72;&#x67;an&#101;&#x2e;&#x61;ub&#105;&#x6e;&#x65;au&#x40;&#x67;&#x6d;a&#105;&#x6c;&#x2e;co&#109;<\/p>\n<p>Bon visionnage!<\/p>\n","protected":false},"excerpt":{"rendered":"<p>Bonjour \u00e0 tous, La journ\u00e9e d&rsquo;\u00e9tude a r\u00e9uni plus de 130 personnes! Le succ\u00e8s fut au rendez-vous: un grand merci \u00e0 tous pour votre pr\u00e9sence et votre enthousiasme! Afin de permettre au plus grand nombre d&rsquo;avoir acc\u00e8s aux diff\u00e9rentes interventions, &hellip; <a href=\"https:\/\/blogs.univ-tlse2.fr\/inclusiontsa\/videos-de-la-journee\/\">Continuer la lecture <span class=\"meta-nav\">&rarr;<\/span><\/a><\/p>\n","protected":false},"author":401,"featured_media":0,"parent":0,"menu_order":0,"comment_status":"closed","ping_status":"closed","template":"","meta":{"footnotes":""},"class_list":["post-210","page","type-page","status-publish","hentry"],"_links":{"self":[{"href":"https:\/\/blogs.univ-tlse2.fr\/inclusiontsa\/wp-json\/wp\/v2\/pages\/210","targetHints":{"allow":["GET"]}}],"collection":[{"href":"https:\/\/blogs.univ-tlse2.fr\/inclusiontsa\/wp-json\/wp\/v2\/pages"}],"about":[{"href":"https:\/\/blogs.univ-tlse2.fr\/inclusiontsa\/wp-json\/wp\/v2\/types\/page"}],"author":[{"embeddable":true,"href":"https:\/\/blogs.univ-tlse2.fr\/inclusiontsa\/wp-json\/wp\/v2\/users\/401"}],"replies":[{"embeddable":true,"href":"https:\/\/blogs.univ-tlse2.fr\/inclusiontsa\/wp-json\/wp\/v2\/comments?post=210"}],"version-history":[{"count":1,"href":"https:\/\/blogs.univ-tlse2.fr\/inclusiontsa\/wp-json\/wp\/v2\/pages\/210\/revisions"}],"predecessor-version":[{"id":211,"href":"https:\/\/blogs.univ-tlse2.fr\/inclusiontsa\/wp-json\/wp\/v2\/pages\/210\/revisions\/211"}],"wp:attachment":[{"href":"https:\/\/blogs.univ-tlse2.fr\/inclusiontsa\/wp-json\/wp\/v2\/media?parent=210"}],"curies":[{"name":"wp","href":"https:\/\/api.w.org\/{rel}","templated":true}]}}