 {"id":156,"date":"2013-03-29T08:30:11","date_gmt":"2013-03-29T07:30:11","guid":{"rendered":"https:\/\/blogs.univ-tlse2.fr\/colloquevinalbi2013\/?page_id=156"},"modified":"2013-03-29T08:30:11","modified_gmt":"2013-03-29T07:30:11","slug":"marie-therese-marty","status":"publish","type":"page","link":"https:\/\/blogs.univ-tlse2.fr\/invinovarietas\/colloque-albi-2013\/conference-invite\/marie-therese-marty\/","title":{"rendered":"Marie-Th\u00e9r\u00e8se MARTY"},"content":{"rendered":"<p>N\u00e9e le 15 mars 1954 \u00e0 Millau (Aveyron)<\/p>\n<p style=\"text-align: justify\">\u00a0Marie-Th\u00e9r\u00e8se Marty est arch\u00e9ologue, ing\u00e9nieur de recherche au CNRS, rattach\u00e9e au laboratoire TRACES (Travaux et Recherches Arch\u00e9ologiques sur les Cultures, les Espaces et les Soci\u00e9t\u00e9s) &#8211; UMR 5608 du CNRS\/Universit\u00e9 Toulouse II-Le Mirail.<\/p>\n<p style=\"text-align: justify\">Titulaire d\u2019une double formation en arch\u00e9ologie et en sciences de l\u2019information, elle a d\u00e9marr\u00e9 sa carri\u00e8re au CNRS, en 1980, \u00a0dans le cadre du GDR-ISARD (groupement de recherches pluridisciplinaires sur l\u2019\u00ab\u00a0Information\u00a0 scientifique sur l\u2019Am\u00e9nagement R\u00e9gional et le D\u00e9veloppement\u00a0\u00bb) centr\u00e9 sur les Pyr\u00e9n\u00e9es franco-espagnoles et pilot\u00e9 par des g\u00e9ographes de l\u2019Universit\u00e9 Toulouse II-Le Mirail (Pr. G. Bertrand).<\/p>\n<p style=\"text-align: justify\">De 1985 \u00e0 1994, elle a initi\u00e9 et d\u00e9velopp\u00e9 une op\u00e9ration de valorisation scientifique et culturelle autour de la gastronomie de la Rome antique sur le site de Saint-Bertrand-de-Comminges (Haute-Garonne), en partenariat avec le Chef Renzo Pedrazzini. Ces recherches ont donn\u00e9 lieu \u00e0 la cr\u00e9ation du Restaurant \u00ab\u00a0Le Lugdunum\u00a0\u00bb (Troph\u00e9e d\u2019or du Tourisme Innovation, 1995), devenu un haut-lieu du patrimoine gastronomique.<\/p>\n<p style=\"text-align: justify\">A partir de 1995, au sein de l\u2019\u00e9quipe Antiquit\u00e9 du laboratoire TRACES,\u00a0 elle a repris une activit\u00e9 arch\u00e9ologique de terrain en participant \u00e0 l\u2019encadrement des chantiers-\u00e9coles de l\u2019Universit\u00e9 du Mirail, \u00e0 Saint-Bertrand-de-Comminges (Pr. R. Sablayrolles).<\/p>\n<p style=\"text-align: justify\">Depuis 2000, renouant avec ses premiers travaux sur le verre arch\u00e9ologique de l\u2019Antiquit\u00e9 et du haut Moyen Age, elle dirige un programme de recherche sur ce mat\u00e9riau, en particulier \u00e0 partir des nombreux vestiges issus des cit\u00e9s ou des villes antiques du Sud-Ouest de la Gaule (en particulier, Toulouse, Eauze, Saint-Bertrand-de-Comminges, Rodez, Barzan).<\/p>\n<p><strong>\u00a0 Bibliographie\u00a0(s\u00e9lective) :<\/strong><\/p>\n<p style=\"text-align: justify\">Foy D. et Marty M.-Th., Les importations de verres septentrionaux dans le Sud de la Gaule (III<sup>e<\/sup>-IV<sup>e<\/sup> s.)\u00a0: des liens avec les ateliers rh\u00e9nans, <i>Aquitania, 2013, 29.<\/i><\/p>\n<p style=\"text-align: justify\">Marty M.-Th. direction scientifique, synth\u00e8ses et pr\u00e9face de l\u2019ouvrage du Chef de cuisine Renzo Pedrazzini : <em>Gastronomie d\u2019Apicius : Cuisiner romain aujourd\u2019hui.<\/em> Ed. de Terran, 2010, 240 p. Livre de recettes illustr\u00e9es, r\u00e9alis\u00e9 \u00e0 partir du savoir et savoir-faire d\u00e9velopp\u00e9s dans le cadre du partenariat CNRS\/UTM et R. Pedrazzini.<\/p>\n<p style=\"text-align: justify\">Marty M.-Th. \u00ab\u00a0Synth\u00e8se sur le verre antique en Midi-Pyr\u00e9n\u00e9es\u00a0\u00bb, <i>Guide Arch\u00e9ologique de Midi-Pyr\u00e9n\u00e9es <\/i>(coord. R. Sablayrolles avec la collab. de M.-L. Maraval), Ed. F\u00e9d\u00e9ration Aquitania, 2010.<\/p>\n<p style=\"text-align: justify\">\u00a0Marty M.-Th. \u00ab R\u00e9centes d\u00e9couvertes de verres antiques souffl\u00e9s dans un moule, en Ari\u00e8ge (n\u00e9cropole de Gabri\u00e9lat \u00e0 Pamiers) \u00bb in <i>D\u2019Ennion au Val Saint-Lambert, le verre souffl\u00e9-moul\u00e9, Actes des 23<sup>e<\/sup> Rencontres de l\u2019Association Fran\u00e7aise pour l\u2019Arch\u00e9ologie du Verre<\/i>, Colloque international, Bruxelles-Namur, 17-19\/10\/2008, Institut Royal du Patrimoine Artistique, Scientia Artis 5, Bruxelles, 2010, 205-209.<\/p>\n<p style=\"text-align: justify\">Marty M.-Th. \u00ab Le verre \u00bb. In Schaad D., <i>La Graufesenque (Millau, Aveyron), vol. I. <\/i>Ed. F\u00e9d\u00e9ration Aquitania, \u00c9tudes d&rsquo;arch\u00e9ologie urbaine, 2007, 125-133.<\/p>\n<p style=\"text-align: justify\">Marty M.-Th. \u00ab Les verres \u00bb. In Esmonde Cleary S., Wood J., <i>Saint-Bertrand-de-Comminges, III. <\/i><i>Le rempart de l&rsquo;Antiquit\u00e9 tardive de la ville haute<\/i>. Ed. F\u00e9d\u00e9ration Aquitania, \u00c9tudes d&rsquo;arch\u00e9ologie urbaine, 2006, 295-306.<\/p>\n<p style=\"text-align: justify\">Marty M.-Th. (\u00e9d.), \u00ab\u00a0Eclats de verre. Arch\u00e9ologie du verre en Midi-Pyr\u00e9n\u00e9es : une approche exp\u00e9rimentale du verre antique. Actes du colloque international, XIXe rencontres de l&rsquo;AFAV<i>\u00a0\u00bb<\/i>, Gaillac-Montans, 15-16 octobre 2004, <i>Bulletin de l&rsquo;Association Fran\u00e7aise pour l&rsquo;Arch\u00e9ologie du Verre<\/i>, 2005, 80 p.<\/p>\n<p style=\"text-align: justify\">Marty M.-Th. (coord.), <i>Le verre antique : la mati\u00e8re et les gestes<\/i>, avec la participation de D. Foy, A. Guillot (verrier, meilleur ouvrier de France 2004) et N. Vanpeene. DVD-Vid\u00e9o (45 mn + dossier technique + livre p\u00e9dagogique). Albi : CDDP du Tarn et Toulouse : UTAH-UMR 5608 CNRS\/Universit\u00e9 Toulouse-Le Mirail, 2005.<\/p>\n<p><strong>\u00a0En pr\u00e9paration\u00a0:<\/strong><\/p>\n<p style=\"text-align: justify\">\u00a0Marty M.-Th. \u00ab\u00a0Le verre\u00a0\u00bb in Sablayrolles R., dir. <i>Les \u00e9difices public et priv\u00e9 de Coup\u00e9r\u00e9, Saint-Bertrand-de-Comminges\u00a0<\/i>\u00bb, Ed. F\u00e9d\u00e9ration Aquitania, \u00c9tudes d&rsquo;arch\u00e9ologie urbaine.<\/p>\n<p style=\"text-align: justify\">Marty M.-Th et Larroque S. \u00ab\u00a0Le mobilier en verre\u00a0\u00bb in Bouet A., dir. Les entrep\u00f4ts de Barzan, Ed. F\u00e9d\u00e9ration Aquitania, Suppl\u00e9ment, Barzan IV.<\/p>\n<p>Marty M.-Th. et P\u00e9doussaut L. \u00ab\u00a0Le verre\u00a0\u00bb in Guyon J., dir. <i>La basilique chr\u00e9tienne de Saint-Bertrand-de-Comminges<\/i>, Ed. F\u00e9d\u00e9ration Aquitania, \u00c9tudes d&rsquo;arch\u00e9ologie urbaine.<\/p>\n","protected":false},"excerpt":{"rendered":"<p>N\u00e9e le 15 mars 1954 \u00e0 Millau (Aveyron) \u00a0Marie-Th\u00e9r\u00e8se Marty est arch\u00e9ologue, ing\u00e9nieur de recherche au CNRS, rattach\u00e9e au laboratoire TRACES (Travaux et Recherches Arch\u00e9ologiques sur les Cultures, les Espaces et les Soci\u00e9t\u00e9s) &#8211; UMR 5608 du CNRS\/Universit\u00e9 Toulouse II-Le Mirail. Titulaire d\u2019une double formation en arch\u00e9ologie et en sciences de l\u2019information, elle a d\u00e9marr\u00e9 [&hellip;]<\/p>\n","protected":false},"author":251,"featured_media":0,"parent":23,"menu_order":0,"comment_status":"closed","ping_status":"closed","template":"","meta":{"footnotes":""},"class_list":["post-156","page","type-page","status-publish","hentry"],"_links":{"self":[{"href":"https:\/\/blogs.univ-tlse2.fr\/invinovarietas\/wp-json\/wp\/v2\/pages\/156","targetHints":{"allow":["GET"]}}],"collection":[{"href":"https:\/\/blogs.univ-tlse2.fr\/invinovarietas\/wp-json\/wp\/v2\/pages"}],"about":[{"href":"https:\/\/blogs.univ-tlse2.fr\/invinovarietas\/wp-json\/wp\/v2\/types\/page"}],"author":[{"embeddable":true,"href":"https:\/\/blogs.univ-tlse2.fr\/invinovarietas\/wp-json\/wp\/v2\/users\/251"}],"replies":[{"embeddable":true,"href":"https:\/\/blogs.univ-tlse2.fr\/invinovarietas\/wp-json\/wp\/v2\/comments?post=156"}],"version-history":[{"count":0,"href":"https:\/\/blogs.univ-tlse2.fr\/invinovarietas\/wp-json\/wp\/v2\/pages\/156\/revisions"}],"up":[{"embeddable":true,"href":"https:\/\/blogs.univ-tlse2.fr\/invinovarietas\/wp-json\/wp\/v2\/pages\/23"}],"wp:attachment":[{"href":"https:\/\/blogs.univ-tlse2.fr\/invinovarietas\/wp-json\/wp\/v2\/media?parent=156"}],"curies":[{"name":"wp","href":"https:\/\/api.w.org\/{rel}","templated":true}]}}