 {"id":168,"date":"2013-03-29T12:53:59","date_gmt":"2013-03-29T11:53:59","guid":{"rendered":"https:\/\/blogs.univ-tlse2.fr\/colloquevinalbi2013\/?page_id=168"},"modified":"2013-03-29T12:53:59","modified_gmt":"2013-03-29T11:53:59","slug":"inscription-au-colloque","status":"publish","type":"page","link":"https:\/\/blogs.univ-tlse2.fr\/invinovarietas\/colloque-albi-2013\/informations-pratiques\/inscription-au-colloque\/","title":{"rendered":"Inscription au colloque :"},"content":{"rendered":"<p><strong>Tarif : \u00a0\u00a0 \u00a0\u00a0\u00a0 \u00a080 \u20ac<\/strong><\/p>\n<p>Ce tarif comprend :<\/p>\n<ul>\n<li>&#8211; l\u2019inscription aux quatre journ\u00e9es du colloque.<\/li>\n<li>&#8211; la remise sur cl\u00e9 USB des interventions du colloque, et la publication des actes du colloque \u00e9dit\u00e9e par l\u2019UTM.<\/li>\n<li>&#8211; l\u2019entr\u00e9e au Festival des vins naturels d\u2019Albi le 20 et 21 avril.<\/li>\n<li>&#8211; l\u2019invitation \u00e0 la r\u00e9ception de bienvenue \u00e0 la Mairie d\u2019Albi le vendredi 19 avril.<\/li>\n<\/ul>\n<p><strong>N. B.<\/strong> : ce tarif ne comprend pas les repas, l\u2019h\u00e9bergement, la soir\u00e9e de gala, et la soir\u00e9e du dimanche.<\/p>\n<p><strong>Deux modes de paiement<\/strong> :<\/p>\n<ul>\n<li><strong>Paiement par ch\u00e8que, \u00e0 l\u2019ordre de l\u2019Agent Comptable de l\u2019UTM<\/strong><\/li>\n<li><strong>R\u00e8glement par bon de commande \u00a0\u00a0 \u00a0\u00a0\u00a0<\/strong><\/li>\n<\/ul>\n<p>Dans les deux cas, <a href=\"https:\/\/blogs.univ-tlse2.fr\/invinovarietas\/files\/2013\/03\/bulletin-participation.pdf\">t\u00e9l\u00e9charger votre fiche d\u2019inscription<\/a>.<br \/>\nPuis pour le premier retourner la d\u00fbment compl\u00e9t\u00e9e, avec votre r\u00e8glement <strong>avant le 6 avril\u00a0 2013<\/strong> \u00e0 l\u2019adresse ci-dessous.<br \/>\nPour le second, retourner la d\u00fbment compl\u00e9t\u00e9e, avec votre bon de commande <strong>avant le 6 avril 2013<\/strong> \u00e0 la m\u00eame adresse :<\/p>\n<p>J\u00e9r\u00f4me Grapy.<br \/>\nUniversit\u00e9 de Toulouse-le Mirail II<br \/>\nD\u00e9partement de G\u00e9ographie<br \/>\n5 all\u00e9es Antonio Machado<br \/>\n31 058 TOULOUSE Cedex<br \/>\n<a href=\"m&#97;&#x69;&#x6c;t&#111;&#x3a;&#x64;o&#99;&#x67;&#x65;o&#64;&#x75;&#x6e;iv&#x2d;&#x74;ls&#101;&#x32;&#x2e;f&#114;\">&#100;o&#x63;g&#x65;o&#x40;u&#x6e;&#105;&#x76;&#45;t&#x6c;s&#x65;2&#x2e;f&#x72;<\/a><\/p>\n","protected":false},"excerpt":{"rendered":"<p>Tarif : \u00a0\u00a0 \u00a0\u00a0\u00a0 \u00a080 \u20ac Ce tarif comprend : &#8211; l\u2019inscription aux quatre journ\u00e9es du colloque. &#8211; la remise sur cl\u00e9 USB des interventions du colloque, et la publication des actes du colloque \u00e9dit\u00e9e par l\u2019UTM. &#8211; l\u2019entr\u00e9e au Festival des vins naturels d\u2019Albi le 20 et 21 avril. &#8211; l\u2019invitation \u00e0 la r\u00e9ception [&hellip;]<\/p>\n","protected":false},"author":251,"featured_media":0,"parent":17,"menu_order":0,"comment_status":"closed","ping_status":"closed","template":"","meta":{"footnotes":""},"class_list":["post-168","page","type-page","status-publish","hentry"],"_links":{"self":[{"href":"https:\/\/blogs.univ-tlse2.fr\/invinovarietas\/wp-json\/wp\/v2\/pages\/168","targetHints":{"allow":["GET"]}}],"collection":[{"href":"https:\/\/blogs.univ-tlse2.fr\/invinovarietas\/wp-json\/wp\/v2\/pages"}],"about":[{"href":"https:\/\/blogs.univ-tlse2.fr\/invinovarietas\/wp-json\/wp\/v2\/types\/page"}],"author":[{"embeddable":true,"href":"https:\/\/blogs.univ-tlse2.fr\/invinovarietas\/wp-json\/wp\/v2\/users\/251"}],"replies":[{"embeddable":true,"href":"https:\/\/blogs.univ-tlse2.fr\/invinovarietas\/wp-json\/wp\/v2\/comments?post=168"}],"version-history":[{"count":0,"href":"https:\/\/blogs.univ-tlse2.fr\/invinovarietas\/wp-json\/wp\/v2\/pages\/168\/revisions"}],"up":[{"embeddable":true,"href":"https:\/\/blogs.univ-tlse2.fr\/invinovarietas\/wp-json\/wp\/v2\/pages\/17"}],"wp:attachment":[{"href":"https:\/\/blogs.univ-tlse2.fr\/invinovarietas\/wp-json\/wp\/v2\/media?parent=168"}],"curies":[{"name":"wp","href":"https:\/\/api.w.org\/{rel}","templated":true}]}}