 {"id":23,"date":"2012-11-27T10:01:28","date_gmt":"2012-11-27T09:01:28","guid":{"rendered":"https:\/\/blogs.univ-tlse2.fr\/colloquevinalbi2013\/?page_id=23"},"modified":"2016-03-29T12:43:09","modified_gmt":"2016-03-29T11:43:09","slug":"conference-invite","status":"publish","type":"page","link":"https:\/\/blogs.univ-tlse2.fr\/invinovarietas\/colloque-albi-2013\/conference-invite\/","title":{"rendered":"Conf\u00e9rences pl\u00e9ni\u00e8res"},"content":{"rendered":"<p><strong><a href=\"https:\/\/blogs.univ-tlse2.fr\/invinovarietas\/colloque-albi-2013\/conference-invite\/pierre-corjault-rade\/\">Pierre COURJAULT-RAD\u00c9<\/a><\/strong><\/p>\n<p><a title=\"Marie-Th\u00e9r\u00e8se MARTY\" href=\"https:\/\/blogs.univ-tlse2.fr\/invinovarietas\/colloque-albi-2013\/conference-invite\/marie-therese-marty\/\"><strong>Marie-Th\u00e9r\u00e8se MARTY<\/strong><\/a><\/p>\n<p><a title=\"R\u00e9my PECH\" href=\"https:\/\/blogs.univ-tlse2.fr\/invinovarietas\/colloque-albi-2013\/conference-invite\/remy-pech\/\"><strong>R\u00e9my PECH<\/strong><\/a><\/p>\n<p><strong><a title=\"Jean-Robert PITTE\" href=\"https:\/\/blogs.univ-tlse2.fr\/invinovarietas\/colloque-albi-2013\/conference-invite\/jean-robert-pitte\/\">Jean-Robert PITTE<\/a><\/strong><\/p>\n<p><a title=\"Pierre SILLI\u00c8RES\" href=\"https:\/\/blogs.univ-tlse2.fr\/invinovarietas\/colloque-albi-2013\/conference-invite\/pierre-sillieres\/\"><strong>Pierre SILLI\u00c8RES<\/strong><\/a><\/p>\n<p>&nbsp;<\/p>\n<p>&nbsp;<\/p>\n<p style=\"text-align: justify\">\n","protected":false},"excerpt":{"rendered":"<p>Pierre COURJAULT-RAD\u00c9 Marie-Th\u00e9r\u00e8se MARTY R\u00e9my PECH Jean-Robert PITTE Pierre SILLI\u00c8RES &nbsp; &nbsp;<\/p>\n","protected":false},"author":251,"featured_media":0,"parent":344,"menu_order":0,"comment_status":"closed","ping_status":"closed","template":"","meta":{"footnotes":""},"class_list":["post-23","page","type-page","status-publish","hentry"],"_links":{"self":[{"href":"https:\/\/blogs.univ-tlse2.fr\/invinovarietas\/wp-json\/wp\/v2\/pages\/23","targetHints":{"allow":["GET"]}}],"collection":[{"href":"https:\/\/blogs.univ-tlse2.fr\/invinovarietas\/wp-json\/wp\/v2\/pages"}],"about":[{"href":"https:\/\/blogs.univ-tlse2.fr\/invinovarietas\/wp-json\/wp\/v2\/types\/page"}],"author":[{"embeddable":true,"href":"https:\/\/blogs.univ-tlse2.fr\/invinovarietas\/wp-json\/wp\/v2\/users\/251"}],"replies":[{"embeddable":true,"href":"https:\/\/blogs.univ-tlse2.fr\/invinovarietas\/wp-json\/wp\/v2\/comments?post=23"}],"version-history":[{"count":1,"href":"https:\/\/blogs.univ-tlse2.fr\/invinovarietas\/wp-json\/wp\/v2\/pages\/23\/revisions"}],"predecessor-version":[{"id":697,"href":"https:\/\/blogs.univ-tlse2.fr\/invinovarietas\/wp-json\/wp\/v2\/pages\/23\/revisions\/697"}],"up":[{"embeddable":true,"href":"https:\/\/blogs.univ-tlse2.fr\/invinovarietas\/wp-json\/wp\/v2\/pages\/344"}],"wp:attachment":[{"href":"https:\/\/blogs.univ-tlse2.fr\/invinovarietas\/wp-json\/wp\/v2\/media?parent=23"}],"curies":[{"name":"wp","href":"https:\/\/api.w.org\/{rel}","templated":true}]}}