 {"id":374,"date":"2014-10-30T16:41:14","date_gmt":"2014-10-30T15:41:14","guid":{"rendered":"https:\/\/blogs.univ-tlse2.fr\/colloquevinalbi2013\/?page_id=374"},"modified":"2015-04-02T15:15:38","modified_gmt":"2015-04-02T14:15:38","slug":"appel-a-communication-2015","status":"publish","type":"page","link":"https:\/\/blogs.univ-tlse2.fr\/invinovarietas\/appel-a-communications-2015\/appel-a-communication-2015\/","title":{"rendered":"Appel \u00e0 communication 2015 &#8211; Nouveau calendrier"},"content":{"rendered":"<p><strong>Instructions pour la soumission des propositions\u00a0: <\/strong><\/p>\n<p>Date limite d\u2019envoi des r\u00e9sum\u00e9s\/posters :<strong> Nouveau calendrier, la date limite d\u2019envoi des r\u00e9sum\u00e9s\/posters est repouss\u00e9e au 20 janvier 2015<br \/>\n<\/strong>Toutes les propositions de communication ax\u00e9es sur la th\u00e9matique du m\u00e9tissage dans le monde du vin et issues tant du monde acad\u00e9mique que du monde professionnel sont les bienvenues.<\/p>\n<ul>\n<li><strong>R\u00e9sum\u00e9s\u00a0: <\/strong><\/li>\n<\/ul>\n<p><strong>Chaque proposition doit comporter :<br \/>\n&#8211; <\/strong>Noms et pr\u00e9noms des auteurs (le nom de l\u2019auteur qui pr\u00e9sentera l\u2019article sera en caract\u00e8res gras), fonction, affiliation, laboratoire, courriel, num\u00e9ro de t\u00e9l\u00e9phone, adresse<br \/>\n<strong>&#8211; <\/strong>6 Mots cl\u00e9s<br \/>\n<strong>&#8211; <\/strong>Titre et Texte. Le corps du r\u00e9sum\u00e9 sera limit\u00e9 \u00e0 3000 caract\u00e8res, espaces compris (Police Times New Roman, taille 12, interligne simple)<\/p>\n<p><strong>\u00a0<\/strong><strong>Posters :<\/strong><br \/>\nLes dimensions des posters ne devront pas d\u00e9passer 120 cm de haut et 90 cm de large.<\/p>\n<ul>\n<li><strong>Soumission des propositions\u00a0:<\/strong><strong><br \/>\n<\/strong><\/li>\n<\/ul>\n<p><strong>Merci de bien vouloir envoyer vos r\u00e9sum\u00e9s ou vos propositions de poster uniquement par courrier \u00e9lectronique aux adresses suivantes\u00a0:<\/strong><\/p>\n<p><strong>Danielle Cornot, CERTOP, <\/strong><a href=\"&#x6d;&#97;i&#x6c;&#x74;o:&#x63;&#x6f;rn&#x6f;&#116;&#46;&#x69;&#x6e;&#118;i&#x6e;&#x6f;va&#x72;&#105;e&#x74;&#x61;&#115;&#64;&#x75;&#x6e;iv&#x2d;&#116;ls&#x65;&#50;&#46;&#x66;&#x72;\"><strong>&#99;&#x6f;r&#x6e;o&#116;&#x2e;i&#x6e;v&#105;&#x6e;o&#x76;a&#x72;&#x69;e&#x74;a&#x73;&#64;&#117;&#x6e;i&#x76;-&#116;&#x6c;s&#x65;2&#46;&#x66;r<\/strong><\/a><br \/>\n<strong>J\u00e9r\u00f4me Grapy, D\u00e9partement de G\u00e9ographie, <\/strong><a href=\"&#x6d;&#x61;&#x69;&#108;to:&#x67;&#x72;&#x61;&#112;y&#64;u&#x6e;&#x69;&#x76;&#45;tls&#x65;&#x32;&#x2e;&#102;r\"><strong>grap&#121;&#64;&#x75;&#x6e;&#x69;&#x76;&#x2d;tlse&#50;&#46;&#x66;&#x72;<\/strong><\/a><br \/>\n<strong>Micha\u00ebl Pouzenc, Dynamiques Rurales<\/strong>, <strong><a href=\"mai&#108;&#x74;&#x6f;&#x3a;&#x70;ouz&#101;&#x6e;&#x63;&#x40;&#x75;niv&#45;&#116;&#x6c;&#x73;&#x65;&#x32;&#46;fr\">po&#117;&#x7a;&#x65;&#x6e;c&#64;&#117;&#x6e;&#x69;&#x76;-t&#108;&#x73;&#x65;&#x32;&#46;fr<\/a><\/strong><\/p>\n<p style=\"text-align: justify\">Tous les textes soumis seront examin\u00e9s. Les articles s\u00e9lectionn\u00e9s seront mis en ligne avant le colloque avec acc\u00e8s r\u00e9serv\u00e9 aux participants inscrits qui se verront remettre \u00e9galement une version num\u00e9rique le premier jour du symposium<\/p>\n<p><strong>Nouveau calendrier\/Dates importantes :<\/strong><\/p>\n<p>Date limite d\u2019envoi des r\u00e9sum\u00e9s\/posters : <strong>20 janvier 2015<\/strong><br \/>\nNotification aux auteurs\u00a0: <strong>2 mars 2015<\/strong><br \/>\nSoumission de la version d\u00e9finitive\u00a0: Suite \u00e0 la demande de plusieurs coll\u00e8gues, le comit\u00e9 scientifique a report\u00e9 <strong>la date de remise des articles au 11 mai 2015<\/strong>.<br \/>\nDates du colloque\u00a0: <strong>3-6 juin 2015<\/strong><\/p>\n<p><strong>\u00a0Comit\u00e9 Scientifique\u00a0:<\/strong><\/p>\n<p style=\"text-align: justify\">Jean-Pierre Albert (LISST, EHESS, Universit\u00e9 Toulouse &#8211; Jean Jaur\u00e8s), Alain Alcouffe (Universit\u00e9 de Toulouse I-Capitole), William Beezley (Department of History, University of Arizona, Etats-Unis), Marek Bienczyk (Institut de recherches litt\u00e9raires, Acad\u00e9mie Polonaise des Sciences, Varsovie, Pologne), G\u00e9rard Briane (Geode, Universit\u00e9 Toulouse \u2013 Jean Jaur\u00e8s), Alessandro Carassale (CeSA, Centro di studi sulla storia dell\u2019alimentazione e della cultura materiale, Italie), Eugenio Climent-Lopez (Institut Universitaire des Sciences Environnementales, Universit\u00e9 de Saragosse, Espagne), Maurice Comtat (LGC, Universit\u00e9 Toulouse III-Paul Sabatier), Danielle Cornot (CERTOP, Universit\u00e9 Toulouse &#8211; Jean Jaur\u00e8s), Christian Darles (LRA, ENS Architecture, Universit\u00e9 de Toulouse), Claude Fischler (Centre Edgar Morin, EHESS &amp; CNRS), Choi Hae-Wook (Department of wine and food fermentation technology, Young-Dong University, Cor\u00e9e du Sud), Peter Hayes (RMIT University, Australie), Ara Hovhannisyan (Armenian National Agrarian University, Yerevan, Arm\u00e9nie), Olivier Jacquet (Chaire UNESCO-Culture et Traditions du Vin, Universit\u00e9 de Bourgogne), Jean-Yves Laurichesse (PLH, Universit\u00e9 Toulouse &#8211; Jean Jaur\u00e8s), Alexandra Mendoza-Caminade (CDA, Universit\u00e9 de Toulouse I-Capitole), Val\u00e9rie Olivier-Salvagnac (AGIR, INPT-ENSAT), Jean-Marie Pailler (TRACES, Universit\u00e9 Toulouse &#8211; Jean Jaur\u00e8s), R\u00e9my Pech (FRAMESPA, Universit\u00e9 Toulouse &#8211; Jean Jaur\u00e8s), Jean-Pierre Poulain (CERTOP, Universit\u00e9 Toulouse &#8211; Jean Jaur\u00e8s &amp; Chair of Food Studies, Taylor\u2019s University, Malaisie), Micha\u00ebl Pouzenc (Dynamiques Rurales, Universit\u00e9 Toulouse &#8211; Jean-Jaur\u00e8s), Gilles de Revel (ISVV, Universit\u00e9 de Bordeaux), Eric Rouvellac (GEOLAB, Universit\u00e9 de Limoges), Jean-Marie Sablayrolles (Supagro-INRA Montpellier), Dominique Salameh (Facult\u00e9 des sciences de l\u2019Universit\u00e9 Saint-Joseph, Beyrouth, Liban), Rapha\u00ebl Schirmer (Ades, Universit\u00e9 de Bordeaux), Eva Schreck (GET, Universit\u00e9 de Toulouse III-Paul Sabatier), Jorge M. Ricardo-Da-Silva (Institut des Sciences Agronomiques, University of Lisbon, Portugal), Patricia Taillandier (LGC, INPT-ENSIACET, Universit\u00e9 de Toulouse), Panagiotis Tataridis (Department of Enology, Technological Educational Institute of Athens &amp; PANEPO, Gr\u00e8ce), Nathalie Vincent-Arnaud (CAS &amp; IRPALL, Universit\u00e9 Toulouse &#8211; Jean Jaur\u00e8s), Leanne White (School of International Business, Victoria University, Australie)<\/p>\n<p><strong>Comit\u00e9 d\u2019organisation\u00a0: <\/strong><\/p>\n<p style=\"text-align: justify\">Joseph Buosi (D\u00e9partement de G\u00e9ographie, Universit\u00e9 Toulouse &#8211; Jean Jaur\u00e8s), Christine Calvet (IRPALL, Universit\u00e9 Toulouse &#8211; Jean Jaur\u00e8s), Maurice Comtat (LGC, Universit\u00e9 de Toulouse III-Paul Sabatier), Danielle Cornot (CERTOP, Universit\u00e9 Toulouse &#8211; Jean Jaur\u00e8s), Pierre Courjault-Rad\u00e9 (GET, Universit\u00e9 de Toulouse III-Paul Sabatier), Christian Darles (ENS Architecture Toulouse, LRA, Universit\u00e9 de Toulouse), Dominique Deligny (Dynamiques Rurales, Universit\u00e9 Toulouse &#8211; Jean Jaur\u00e8s), Paul Fabre (IVSO, Interprofession des Vins du Sud-Ouest), Louis F\u00e9raud (IRIT, Universit\u00e9 de Toulouse III-Paul Sabatier), J\u00e9r\u00f4me Grapy (D\u00e9partement de G\u00e9ographie, Universit\u00e9 Toulouse &#8211; Jean Jaur\u00e8s), Micha\u00ebl Pouzenc (Dynamiques Rurales, Universit\u00e9 Toulouse &#8211; Jean Jaur\u00e8s), Anne Razous (CERTOP, Universit\u00e9 Toulouse &#8211; Jean Jaur\u00e8s), Eric Rouvellac (GEOLAB, Universit\u00e9 de Limoges), Pierre Strehaiano (LGC, INPT-ENSIACET, Universit\u00e9 de Toulouse), Nathalie Vincent-Arnaud (CAS &amp; IRPALL, Universit\u00e9 Toulouse &#8211; Jean Jaur\u00e8s)<\/p>\n","protected":false},"excerpt":{"rendered":"<p>Instructions pour la soumission des propositions\u00a0: Date limite d\u2019envoi des r\u00e9sum\u00e9s\/posters : Nouveau calendrier, la date limite d\u2019envoi des r\u00e9sum\u00e9s\/posters est repouss\u00e9e au 20 janvier 2015 Toutes les propositions de communication ax\u00e9es sur la th\u00e9matique du m\u00e9tissage dans le monde du vin et issues tant du monde acad\u00e9mique que du monde professionnel sont les bienvenues. [&hellip;]<\/p>\n","protected":false},"author":251,"featured_media":0,"parent":350,"menu_order":0,"comment_status":"closed","ping_status":"closed","template":"","meta":{"footnotes":""},"class_list":["post-374","page","type-page","status-publish","hentry"],"_links":{"self":[{"href":"https:\/\/blogs.univ-tlse2.fr\/invinovarietas\/wp-json\/wp\/v2\/pages\/374","targetHints":{"allow":["GET"]}}],"collection":[{"href":"https:\/\/blogs.univ-tlse2.fr\/invinovarietas\/wp-json\/wp\/v2\/pages"}],"about":[{"href":"https:\/\/blogs.univ-tlse2.fr\/invinovarietas\/wp-json\/wp\/v2\/types\/page"}],"author":[{"embeddable":true,"href":"https:\/\/blogs.univ-tlse2.fr\/invinovarietas\/wp-json\/wp\/v2\/users\/251"}],"replies":[{"embeddable":true,"href":"https:\/\/blogs.univ-tlse2.fr\/invinovarietas\/wp-json\/wp\/v2\/comments?post=374"}],"version-history":[{"count":6,"href":"https:\/\/blogs.univ-tlse2.fr\/invinovarietas\/wp-json\/wp\/v2\/pages\/374\/revisions"}],"predecessor-version":[{"id":632,"href":"https:\/\/blogs.univ-tlse2.fr\/invinovarietas\/wp-json\/wp\/v2\/pages\/374\/revisions\/632"}],"up":[{"embeddable":true,"href":"https:\/\/blogs.univ-tlse2.fr\/invinovarietas\/wp-json\/wp\/v2\/pages\/350"}],"wp:attachment":[{"href":"https:\/\/blogs.univ-tlse2.fr\/invinovarietas\/wp-json\/wp\/v2\/media?parent=374"}],"curies":[{"name":"wp","href":"https:\/\/api.w.org\/{rel}","templated":true}]}}