 {"id":417,"date":"2012-11-27T09:44:23","date_gmt":"2012-11-27T08:44:23","guid":{"rendered":"https:\/\/blogs.univ-tlse2.fr\/colloquevinalbi2013\/?page_id=6"},"modified":"2014-11-10T13:47:47","modified_gmt":"2014-11-10T12:47:47","slug":"organisateurs","status":"publish","type":"page","link":"https:\/\/blogs.univ-tlse2.fr\/invinovarietas\/colloque-albi-2013\/organisateurs\/","title":{"rendered":"Organisateurs"},"content":{"rendered":"<p><strong>Organisation scientifique\u00a0:<\/strong><\/p>\n<p>Danielle Cornot<br \/>\nCERTOP<br \/>\nUniversit\u00e9 de Toulouse II-Le Mirail<br \/>\n<a href=\"m&#97;&#x69;lt&#x6f;&#x3a;c&#111;&#x6c;&#x6c;o&#113;&#x75;ev&#x69;&#x6e;a&#108;&#x62;&#x69;&#64;&#117;&#x6e;iv&#x2d;&#x74;ls&#x65;&#x32;&#46;&#102;&#x72;\"><b>&#x63;o&#x6c;&#108;o&#x71;&#117;e&#x76;i&#x6e;&#x61;l&#x62;&#105;&#64;&#x75;n&#x69;&#x76;-&#x74;&#108;s&#x65;2&#46;&#x66;r<\/b><\/a><\/p>\n<p><strong>Comit\u00e9 Scientifique :<\/strong><\/p>\n<p style=\"text-align: justify\"><a href=\"http:\/\/w3.lisst.univ-tlse2.fr\/cv\/albert_jean-pierre.htm\">Jean-Pierre Albert<\/a> (UTM &#8211; LISST, EHESS), <a href=\"http:\/\/history.arizona.edu\/user\/92\">William Beezley<\/a> (University of Arizona), <a href=\"http:\/\/plh.univ-tlse2.fr\/accueil-plh\/pratique\/l-annuaire\/bonnet-corinne-28435.kjsp?RH=axes_commun\">Corinne Bonnet <\/a>(UTM &#8211; PLH,), <a href=\"http:\/\/w3.certop.univ-tlse2.fr\/spip.php?article153\">Franck Cochoy<\/a> (UTM &#8211; CERTOP), <a href=\"http:\/\/w3.certop.univ-tlse2.fr\/spip.php?article627\">Danielle Cornot<\/a> (UTM &#8211; CERTOP), <a href=\"http:\/\/www.lmtg.obs-mip.fr\/index.php\/Annuaire\/Courjault-Rade-Pierre\">Pierre Courjault-Rad\u00e9<\/a> (GET OMP, Universit\u00e9 Paul Sabatier), <a href=\"http:\/\/traces.univ-tlse2.fr\/accueil-traces\/equipes-et-poles-de-recherche\/equipe-cahpa-coordination-archeologie-et-histoire-protohistoire-et-antiquite\/darles-christian-91048.kjsp?RH=Afrique_traces\">Christian Darles <\/a>(UTM &#8211; LRA, ENS Architecture Toulouse), <a href=\"http:\/\/www.irit.fr\/-Annuaire-?code=130\">Louis F\u00e9raud<\/a> (IRIT, Universit\u00e9 Paul Sabatier), <a href=\"http:\/\/www.fischler.fr\/ClaudeFischlerPerso\/Home.html\">Claude Fischler<\/a> (Centre Edgar Morin, EHESS &amp; CNRS), <a href=\"http:\/\/w3.lisst.univ-tlse2.fr\/cv\/grossetti_michel.htm\">Michel Grossetti <\/a>(UTM &#8211; LISST, CNRS), <a href=\"http:\/\/plh.univ-tlse2.fr\/accueil-plh\/pratique\/l-annuaire\/lacroix-daniel-38762.kjsp?STNAV=&amp;RUBNAV=&amp;RH=PLH\">Daniel Lacroix<\/a> (UTM &#8211; PLH, Universit\u00e9 deToulouse II-Le Mirail), <a href=\"http:\/\/www.purpan.fr\/equipe-pedagogique\">Nathalie Mailhac <\/a>(INPT-EI Purpan), <a href=\"http:\/\/www.pagesvertes-carter.net\/enseignant-chercheur\/valerie-olivier-salvagnac\">Val\u00e9rie Olivier-Salvagnac<\/a> (Dynamiques Rurales, INPT-ENSAT), <a href=\"http:\/\/traces.univ-tlse2.fr\/accueil-traces\/equipes-de-recherche\/equipe-5-histoire-et-archeologie-du-metal\/pailler-jean-marie-50437.kjsp?RH=histoire_traces\">Jean-Marie Pailler<\/a> (TRACES, UTM), <a href=\"http:\/\/w3.framespa.univ-tlse2.fr\/chercheur\/chercheur_fiche.php?id=326\">R\u00e9my Pech<\/a> (FRAMESPA, UTM), <a href=\"http:\/\/w3.certop.univ-tlse2.fr\/spip.php?article635\">Jean-Pierre Poulain <\/a>(CERTOP, UTM &amp; Taylor\u2019s University, Malaisie), <a href=\"http:\/\/w3.certop.univ-tlse2.fr\/spip.php?article598\">Vincent Simoulin<\/a> (CERTOP, UTM), <a href=\"http:\/\/lgc.inp-toulouse.fr\/spip.php?rubrique1&amp;id=81\">Pierre Strehaiano<\/a> (LGC, Universit\u00e9 de Toulouse, UMR CNRS\/INPT\/UPS), <a href=\"http:\/\/w3.geode.univ-tlse2.fr\/permanents\/tulet.php\">Jean-Christian Tulet <\/a>(GEODE, UTM ).<\/p>\n<p><strong>Comit\u00e9 d&rsquo;organisation :<\/strong><\/p>\n<p style=\"text-align: justify\"><a href=\"http:\/\/w3.lisst.univ-tlse2.fr\/cv\/albert_jean-pierre.htm\">Jean-Pierre Albert<\/a> (UTM &#8211; LISST, EHESS), Laurent Cazottes (organisateur du festival des vins naturels),\u00a0<a href=\"http:\/\/w3.certop.univ-tlse2.fr\/spip.php?article627\">Danielle Cornot<\/a> (UTM &#8211; CERTOP), <a href=\"http:\/\/www.lmtg.obs-mip.fr\/index.php\/Annuaire\/Courjault-Rade-Pierre\">Pierre Courjault-Rad\u00e9<\/a> (GET OMP, Universit\u00e9 Paul Sabatier), <a href=\"http:\/\/traces.univ-tlse2.fr\/accueil-traces\/equipes-et-poles-de-recherche\/equipe-cahpa-coordination-archeologie-et-histoire-protohistoire-et-antiquite\/darles-christian-91048.kjsp?RH=Afrique_traces\">Christian Darles <\/a>(UTM &#8211; LRA, ENS Architecture Toulouse),\u00a0<a href=\"http:\/\/www.irit.fr\/-Annuaire-?code=130\">Louis F\u00e9raud<\/a> (IRIT, Universit\u00e9 Paul Sabatier), J\u00e9r\u00f4me Grapy (R\u00e9gisseur et administrateur du colloque, D\u00e9pt de g\u00e9ographie, UTM), Jean Jimenez (Chef de Service, R\u00e9alisateur audiovisuel, UTM &#8211; DTICE), <a href=\"http:\/\/plh.univ-tlse2.fr\/accueil-plh\/pratique\/l-annuaire\/marengo-philippe-27639.kjsp?STNAV=&amp;RUBNAV=&amp;RH=annuaire_PLH\">Philippe Marengo<\/a> (Responsable administratif PLH, UTM), <a href=\"http:\/\/lgc.inp-toulouse.fr\/spip.php?rubrique1&amp;id=81\">Pierre Strehaiano<\/a> (LGC, Universit\u00e9 de Toulouse, UMR CNRS\/INPT\/UPS).<\/p>\n","protected":false},"excerpt":{"rendered":"<p>Organisation scientifique\u00a0: Danielle Cornot CERTOP Universit\u00e9 de Toulouse II-Le Mirail &#x63;&#x6f;&#x6c;&#108;oqu&#x65;&#x76;&#x69;&#x6e;&#97;lbi&#x40;&#x75;&#x6e;&#105;&#118;-tl&#x73;&#x65;&#x32;&#46;fr Comit\u00e9 Scientifique : Jean-Pierre Albert (UTM &#8211; LISST, EHESS), William Beezley (University of Arizona), Corinne Bonnet (UTM &#8211; PLH,), Franck Cochoy (UTM &#8211; CERTOP), Danielle Cornot (UTM &#8211; CERTOP), Pierre Courjault-Rad\u00e9 (GET OMP, Universit\u00e9 Paul Sabatier), Christian Darles (UTM &#8211; LRA, ENS Architecture Toulouse), [&hellip;]<\/p>\n","protected":false},"author":251,"featured_media":0,"parent":344,"menu_order":0,"comment_status":"closed","ping_status":"closed","template":"","meta":{"footnotes":""},"class_list":["post-417","page","type-page","status-publish","hentry"],"_links":{"self":[{"href":"https:\/\/blogs.univ-tlse2.fr\/invinovarietas\/wp-json\/wp\/v2\/pages\/417","targetHints":{"allow":["GET"]}}],"collection":[{"href":"https:\/\/blogs.univ-tlse2.fr\/invinovarietas\/wp-json\/wp\/v2\/pages"}],"about":[{"href":"https:\/\/blogs.univ-tlse2.fr\/invinovarietas\/wp-json\/wp\/v2\/types\/page"}],"author":[{"embeddable":true,"href":"https:\/\/blogs.univ-tlse2.fr\/invinovarietas\/wp-json\/wp\/v2\/users\/251"}],"replies":[{"embeddable":true,"href":"https:\/\/blogs.univ-tlse2.fr\/invinovarietas\/wp-json\/wp\/v2\/comments?post=417"}],"version-history":[{"count":1,"href":"https:\/\/blogs.univ-tlse2.fr\/invinovarietas\/wp-json\/wp\/v2\/pages\/417\/revisions"}],"predecessor-version":[{"id":504,"href":"https:\/\/blogs.univ-tlse2.fr\/invinovarietas\/wp-json\/wp\/v2\/pages\/417\/revisions\/504"}],"up":[{"embeddable":true,"href":"https:\/\/blogs.univ-tlse2.fr\/invinovarietas\/wp-json\/wp\/v2\/pages\/344"}],"wp:attachment":[{"href":"https:\/\/blogs.univ-tlse2.fr\/invinovarietas\/wp-json\/wp\/v2\/media?parent=417"}],"curies":[{"name":"wp","href":"https:\/\/api.w.org\/{rel}","templated":true}]}}