 {"id":19,"date":"2019-12-03T10:29:35","date_gmt":"2019-12-03T09:29:35","guid":{"rendered":"https:\/\/blogs.univ-tlse2.fr\/ip3a\/?page_id=19"},"modified":"2025-01-12T17:36:56","modified_gmt":"2025-01-12T16:36:56","slug":"page-exemple-2","status":"publish","type":"page","link":"https:\/\/blogs.univ-tlse2.fr\/ip3a\/page-exemple-2\/","title":{"rendered":"Formation d&rsquo;enseignants"},"content":{"rendered":"\n<div class=\"wp-block-media-text has-media-on-the-right is-stacked-on-mobile\"><div class=\"wp-block-media-text__content\">\n<p><\/p>\n\n\n\n<p class=\"has-background\" style=\"background-color:#dadfe3\">Exemple d&rsquo;ANALYSE R\u00c9FLEXIVE d&rsquo;un MOOC sur l&rsquo;<a href=\"https:\/\/blogs.univ-tlse2.fr\/ip3a\/enseigner-le-concept-dattention-a-lecole-a-laide-dune-ressource-numerique-mooc\/\">ATTENTION \u00c0 L&rsquo;\u00c9COLE<\/a> &#8211; <em>Auteur : Manuel MUSIAL<\/em><\/p>\n\n\n\n<p><\/p>\n<\/div><figure class=\"wp-block-media-text__media\"><img loading=\"lazy\" decoding=\"async\" width=\"1024\" height=\"530\" src=\"https:\/\/blogs.univ-tlse2.fr\/ip3a\/files\/2025\/01\/ATTENTION_IMA-1024x530.jpg\" alt=\"\" class=\"wp-image-2101 size-full\" srcset=\"https:\/\/blogs.univ-tlse2.fr\/ip3a\/files\/2025\/01\/ATTENTION_IMA-1024x530.jpg 1024w, https:\/\/blogs.univ-tlse2.fr\/ip3a\/files\/2025\/01\/ATTENTION_IMA-300x155.jpg 300w, https:\/\/blogs.univ-tlse2.fr\/ip3a\/files\/2025\/01\/ATTENTION_IMA-768x398.jpg 768w, https:\/\/blogs.univ-tlse2.fr\/ip3a\/files\/2025\/01\/ATTENTION_IMA.jpg 1166w\" sizes=\"auto, (max-width: 1024px) 100vw, 1024px\" \/><\/figure><\/div>\n\n\n\n<hr class=\"wp-block-separator has-css-opacity\" \/>\n\n\n\n<p><\/p>\n\n\n\n<div class=\"wp-block-media-text alignwide has-media-on-the-right is-stacked-on-mobile\"><div class=\"wp-block-media-text__content\">\n<p class=\"has-background\" style=\"background-color:#dee8f0\">Exemple de conception d&rsquo;une formation d&rsquo;enseignants de Lettres \u00e0 la \u00ab\u00a0<a href=\"https:\/\/blogs.univ-tlse2.fr\/ip3a\/enseigner-la-lecture-litteraire-au-college\/\" data-type=\"URL\" data-id=\"https:\/\/blogs.univ-tlse2.fr\/ip3a\/enseigner-la-lecture-litteraire-au-college\/\" target=\"_blank\" rel=\"noreferrer noopener\"><strong>Lecture Litt\u00e9raire<\/strong><\/a>\u00ab\u00a0, au coll\u00e8ge &#8211; <em>Auteur : Sarah PARISER<\/em><\/p>\n<\/div><figure class=\"wp-block-media-text__media\"><img loading=\"lazy\" decoding=\"async\" width=\"1024\" height=\"511\" src=\"https:\/\/blogs.univ-tlse2.fr\/ip3a\/files\/2023\/02\/Lecture_IMAGE-1024x511.jpg\" alt=\"\" class=\"wp-image-1926 size-full\" srcset=\"https:\/\/blogs.univ-tlse2.fr\/ip3a\/files\/2023\/02\/Lecture_IMAGE-1024x511.jpg 1024w, https:\/\/blogs.univ-tlse2.fr\/ip3a\/files\/2023\/02\/Lecture_IMAGE-300x150.jpg 300w, https:\/\/blogs.univ-tlse2.fr\/ip3a\/files\/2023\/02\/Lecture_IMAGE-768x383.jpg 768w, https:\/\/blogs.univ-tlse2.fr\/ip3a\/files\/2023\/02\/Lecture_IMAGE.jpg 1226w\" sizes=\"auto, (max-width: 1024px) 100vw, 1024px\" \/><\/figure><\/div>\n\n\n\n<p><\/p>\n\n\n\n<hr class=\"wp-block-separator has-alpha-channel-opacity\" \/>\n\n\n\n<div class=\"wp-block-media-text alignwide has-media-on-the-right is-stacked-on-mobile\"><div class=\"wp-block-media-text__content\">\n<p><\/p>\n\n\n\n<p class=\"has-background has-normal-font-size\" style=\"background-color:#eaeff1\">Exemple de conception d&rsquo;un enseignement, en master MEEF , sur la <strong>\u00ab\u00a0<a rel=\"noreferrer noopener\" href=\"https:\/\/blogs.univ-tlse2.fr\/ip3a\/enseigner-la-planification-spiralaire-en-master-meef\/\" target=\"_blank\">PLANIFICATION SPIRALAIRE\u00a0\u00bb<\/a> <\/strong>&#8211; <em>Auteur : Manuel MUSIAL<\/em><\/p>\n\n\n\n<p><\/p>\n<\/div><figure class=\"wp-block-media-text__media\"><img loading=\"lazy\" decoding=\"async\" width=\"1024\" height=\"524\" src=\"https:\/\/blogs.univ-tlse2.fr\/ip3a\/files\/2021\/04\/CanevasSpiralaire_IMA_1-1024x524.jpg\" alt=\"\" class=\"wp-image-1638 size-full\" srcset=\"https:\/\/blogs.univ-tlse2.fr\/ip3a\/files\/2021\/04\/CanevasSpiralaire_IMA_1-1024x524.jpg 1024w, https:\/\/blogs.univ-tlse2.fr\/ip3a\/files\/2021\/04\/CanevasSpiralaire_IMA_1-300x153.jpg 300w, https:\/\/blogs.univ-tlse2.fr\/ip3a\/files\/2021\/04\/CanevasSpiralaire_IMA_1-768x393.jpg 768w, https:\/\/blogs.univ-tlse2.fr\/ip3a\/files\/2021\/04\/CanevasSpiralaire_IMA_1-1536x786.jpg 1536w, https:\/\/blogs.univ-tlse2.fr\/ip3a\/files\/2021\/04\/CanevasSpiralaire_IMA_1.jpg 1912w\" sizes=\"auto, (max-width: 1024px) 100vw, 1024px\" \/><\/figure><\/div>\n\n\n\n<hr class=\"wp-block-separator has-css-opacity\" \/>\n\n\n\n<p><\/p>\n\n\n\n<div class=\"wp-block-media-text alignwide has-media-on-the-right is-stacked-on-mobile\"><div class=\"wp-block-media-text__content\">\n<p class=\"has-background has-normal-font-size\" style=\"background-color:#e8edef\">Exemple de conception d&rsquo;un module de formation, en master 1 MEEF, \u00e0 une comp\u00e9tence professionnelle concernant l&rsquo;\u00e9laboration de <strong>trace \u00e9crite<\/strong> : <a rel=\"noreferrer noopener\" href=\"https:\/\/blogs.univ-tlse2.fr\/ip3a\/manu\/\" target=\"_blank\">Enseigner LA TRACE \u00c9CRITE en master MEEF<\/a> &#8211; <em>Auteur : Manuel MUSIAL<\/em><\/p>\n<\/div><figure class=\"wp-block-media-text__media\"><img loading=\"lazy\" decoding=\"async\" width=\"1024\" height=\"467\" src=\"https:\/\/blogs.univ-tlse2.fr\/ip3a\/files\/2020\/04\/Trace_Ecrite_IMAGE-1024x467.jpg\" alt=\"\" class=\"wp-image-723 size-full\" srcset=\"https:\/\/blogs.univ-tlse2.fr\/ip3a\/files\/2020\/04\/Trace_Ecrite_IMAGE-1024x467.jpg 1024w, https:\/\/blogs.univ-tlse2.fr\/ip3a\/files\/2020\/04\/Trace_Ecrite_IMAGE-300x137.jpg 300w, https:\/\/blogs.univ-tlse2.fr\/ip3a\/files\/2020\/04\/Trace_Ecrite_IMAGE-768x350.jpg 768w, https:\/\/blogs.univ-tlse2.fr\/ip3a\/files\/2020\/04\/Trace_Ecrite_IMAGE-1536x701.jpg 1536w, https:\/\/blogs.univ-tlse2.fr\/ip3a\/files\/2020\/04\/Trace_Ecrite_IMAGE-2048x934.jpg 2048w\" sizes=\"auto, (max-width: 1024px) 100vw, 1024px\" \/><\/figure><\/div>\n\n\n\n<p><\/p>\n\n\n\n<hr class=\"wp-block-separator has-css-opacity\" \/>\n\n\n\n<div class=\"wp-block-media-text alignwide has-media-on-the-right is-stacked-on-mobile\"><div class=\"wp-block-media-text__content\">\n<p class=\"has-background has-normal-font-size\" style=\"background-color:#eef2f4\">Exemple de conception d&rsquo;un enseignement, en master MEEF Sciences de l&rsquo;ing\u00e9nieur  , sur la pr\u00e9paration \u00e0 <strong><a href=\"https:\/\/blogs.univ-tlse2.fr\/ip3a\/former-a-lepreuve-de-lecon-en-master-meef-sciences-de-lingenieur\/\" data-type=\"URL\" data-id=\"https:\/\/blogs.univ-tlse2.fr\/ip3a\/former-a-lepreuve-de-lecon-en-master-meef-sciences-de-lingenieur\/\" target=\"_blank\" rel=\"noreferrer noopener\">\u00ab\u00a0l&rsquo;\u00c9PREUVE de LE\u00c7ON  du CAPET S2I <\/a>\u00ab\u00a0<\/strong>&#8211; <em>Auteur : Manuel MUSIAL<\/em><\/p>\n<\/div><figure class=\"wp-block-media-text__media\"><img loading=\"lazy\" decoding=\"async\" width=\"1024\" height=\"515\" src=\"https:\/\/blogs.univ-tlse2.fr\/ip3a\/files\/2021\/10\/IMA_TP_CAPET-1024x515.jpg\" alt=\"\" class=\"wp-image-1665 size-full\" srcset=\"https:\/\/blogs.univ-tlse2.fr\/ip3a\/files\/2021\/10\/IMA_TP_CAPET-1024x515.jpg 1024w, https:\/\/blogs.univ-tlse2.fr\/ip3a\/files\/2021\/10\/IMA_TP_CAPET-300x151.jpg 300w, https:\/\/blogs.univ-tlse2.fr\/ip3a\/files\/2021\/10\/IMA_TP_CAPET-768x386.jpg 768w, https:\/\/blogs.univ-tlse2.fr\/ip3a\/files\/2021\/10\/IMA_TP_CAPET-1536x772.jpg 1536w, https:\/\/blogs.univ-tlse2.fr\/ip3a\/files\/2021\/10\/IMA_TP_CAPET.jpg 1938w\" sizes=\"auto, (max-width: 1024px) 100vw, 1024px\" \/><\/figure><\/div>\n\n\n\n<p><\/p>\n","protected":false},"excerpt":{"rendered":"<p>Exemple d&rsquo;ANALYSE R\u00c9FLEXIVE d&rsquo;un MOOC sur l&rsquo;ATTENTION \u00c0 L&rsquo;\u00c9COLE &#8211; Auteur : Manuel MUSIAL Exemple de conception d&rsquo;une formation d&rsquo;enseignants de Lettres \u00e0 la \u00ab\u00a0Lecture Litt\u00e9raire\u00ab\u00a0, au coll\u00e8ge &#8211; Auteur : Sarah PARISER Exemple de conception d&rsquo;un enseignement, en master MEEF , sur la \u00ab\u00a0PLANIFICATION SPIRALAIRE\u00a0\u00bb &#8211; Auteur : Manuel MUSIAL Exemple de conception d&rsquo;un [&hellip;]<\/p>\n","protected":false},"author":756,"featured_media":0,"parent":0,"menu_order":0,"comment_status":"closed","ping_status":"closed","template":"page-templates\/template-full-width.php","meta":{"footnotes":""},"class_list":["post-19","page","type-page","status-publish","hentry"],"_links":{"self":[{"href":"https:\/\/blogs.univ-tlse2.fr\/ip3a\/wp-json\/wp\/v2\/pages\/19","targetHints":{"allow":["GET"]}}],"collection":[{"href":"https:\/\/blogs.univ-tlse2.fr\/ip3a\/wp-json\/wp\/v2\/pages"}],"about":[{"href":"https:\/\/blogs.univ-tlse2.fr\/ip3a\/wp-json\/wp\/v2\/types\/page"}],"author":[{"embeddable":true,"href":"https:\/\/blogs.univ-tlse2.fr\/ip3a\/wp-json\/wp\/v2\/users\/756"}],"replies":[{"embeddable":true,"href":"https:\/\/blogs.univ-tlse2.fr\/ip3a\/wp-json\/wp\/v2\/comments?post=19"}],"version-history":[{"count":36,"href":"https:\/\/blogs.univ-tlse2.fr\/ip3a\/wp-json\/wp\/v2\/pages\/19\/revisions"}],"predecessor-version":[{"id":2134,"href":"https:\/\/blogs.univ-tlse2.fr\/ip3a\/wp-json\/wp\/v2\/pages\/19\/revisions\/2134"}],"wp:attachment":[{"href":"https:\/\/blogs.univ-tlse2.fr\/ip3a\/wp-json\/wp\/v2\/media?parent=19"}],"curies":[{"name":"wp","href":"https:\/\/api.w.org\/{rel}","templated":true}]}}