 {"id":212,"date":"2019-12-05T09:17:40","date_gmt":"2019-12-05T08:17:40","guid":{"rendered":"https:\/\/blogs.univ-tlse2.fr\/ip3a\/?page_id=212"},"modified":"2020-02-11T13:02:09","modified_gmt":"2020-02-11T12:02:09","slug":"connaissances-utiles-a-lingenierie-pedagogique","status":"publish","type":"page","link":"https:\/\/blogs.univ-tlse2.fr\/ip3a\/connaissances-utiles-a-lingenierie-pedagogique\/","title":{"rendered":"Connaissances utiles \u00e0 l&rsquo;ing\u00e9nierie p\u00e9dagogique"},"content":{"rendered":"\n<p>Voici quelques connaissances issues de travaux de la Recherche utiles \u00e0 la conception p\u00e9dagogique<\/p>\n\n\n\n<p class=\"has-background has-very-light-gray-background-color\">Des sites web : <br><br>      <a rel=\"noreferrer noopener\" aria-label=\" (s\u2019ouvre dans un nouvel onglet)\" href=\"https:\/\/www.didask.com\/blog\/\" target=\"_blank\">Disdonc Didask<\/a><br>      <a rel=\"noreferrer noopener\" aria-label=\" (s\u2019ouvre dans un nouvel onglet)\" href=\"https:\/\/www.evidencebasedteaching.org.au\" target=\"_blank\">EVIDENCE-BASED TEACHING<\/a><br>      <a rel=\"noreferrer noopener\" aria-label=\"Psychologie cognitive pour l'enseignant (s\u2019ouvre dans un nouvel onglet)\" href=\"https:\/\/fr.wikibooks.org\/wiki\/Psychologie_cognitive_pour_l%27enseignant\" target=\"_blank\">Psychologie cognitive pour l&rsquo;enseignant<\/a><\/p>\n\n\n\n<p class=\"has-background has-very-light-gray-background-color\">Rapport de l&rsquo;OCDE : <br> <br><strong>Comment apprend-on ?- La recherche au service de la pratique (2010)<\/strong><br>Dumont, H., Istance, D., &amp; Benavides, F. (2010). Comment apprend-on.&nbsp;<em>La recherche au service de la pratique. Paris: Centre pour la recherche et l\u2019innovation dans l\u2019enseignement, OCDE<\/em>.<br><br>Hanna, D., David, I., &amp; Francisco, B. (Eds.). (2010).&nbsp;<em>La recherche et l&rsquo;innovation dans l&rsquo;enseignement Comment apprend-on? La recherche au service de la pratique: La recherche au service de la pratique<\/em>. OECD Publishing.<br><br><strong>Teachers as Designers of Learning Environments &#8211; THE IMPORTANCE OF INNOVATIVE PEDAGOGIES (2018)<\/strong><br>Paniagua, A., &amp; Istance, D. (2018).&nbsp;<em>Teachers as Designers of Learning Environments: The Importance of Innovative Pedagogies. Educational Research and Innovation<\/em>. OECD Publishing. 2, rue Andre Pascal, F-75775 Paris Cedex 16, France.<\/p>\n\n\n\n<p class=\"has-background has-very-light-gray-background-color\">Des ouvrages : <br><br>Hattie, J. (2020).\u00a0<em><strong>L&rsquo;apprentissage visible pour les enseignants<\/strong>: conna\u00eetre son impact pour maximiser le rendement des \u00e9l\u00e8ves<\/em>. PUQ.<br><br><strong>Collection Mythes &amp; R\u00e9alit\u00e9s <\/strong><br>Direction de la\u00a0<em>collection<\/em>\u00a0: Andr\u00e9 Tricot.\u00a0<br><a href=\"https:\/\/www.editions-retz.com\/collection\/mythes-et-realites\/\" target=\"_blank\" rel=\"noreferrer noopener\" aria-label=\"https:\/\/www.editions-retz.com\/collection\/mythes-et-realites\/ (s\u2019ouvre dans un nouvel onglet)\">https:\/\/www.editions-retz.com\/collection\/mythes-et-realites\/<\/a><\/p>\n","protected":false},"excerpt":{"rendered":"<p>Voici quelques connaissances issues de travaux de la Recherche utiles \u00e0 la conception p\u00e9dagogique Des sites web : Disdonc Didask EVIDENCE-BASED TEACHING Psychologie cognitive pour l&rsquo;enseignant Rapport de l&rsquo;OCDE : Comment apprend-on ?- La recherche au service de la pratique (2010)Dumont, H., Istance, D., &amp; Benavides, F. (2010). Comment apprend-on.&nbsp;La recherche au service de la [&hellip;]<\/p>\n","protected":false},"author":756,"featured_media":0,"parent":0,"menu_order":0,"comment_status":"closed","ping_status":"closed","template":"","meta":{"footnotes":""},"class_list":["post-212","page","type-page","status-publish","hentry"],"_links":{"self":[{"href":"https:\/\/blogs.univ-tlse2.fr\/ip3a\/wp-json\/wp\/v2\/pages\/212","targetHints":{"allow":["GET"]}}],"collection":[{"href":"https:\/\/blogs.univ-tlse2.fr\/ip3a\/wp-json\/wp\/v2\/pages"}],"about":[{"href":"https:\/\/blogs.univ-tlse2.fr\/ip3a\/wp-json\/wp\/v2\/types\/page"}],"author":[{"embeddable":true,"href":"https:\/\/blogs.univ-tlse2.fr\/ip3a\/wp-json\/wp\/v2\/users\/756"}],"replies":[{"embeddable":true,"href":"https:\/\/blogs.univ-tlse2.fr\/ip3a\/wp-json\/wp\/v2\/comments?post=212"}],"version-history":[{"count":20,"href":"https:\/\/blogs.univ-tlse2.fr\/ip3a\/wp-json\/wp\/v2\/pages\/212\/revisions"}],"predecessor-version":[{"id":447,"href":"https:\/\/blogs.univ-tlse2.fr\/ip3a\/wp-json\/wp\/v2\/pages\/212\/revisions\/447"}],"wp:attachment":[{"href":"https:\/\/blogs.univ-tlse2.fr\/ip3a\/wp-json\/wp\/v2\/media?parent=212"}],"curies":[{"name":"wp","href":"https:\/\/api.w.org\/{rel}","templated":true}]}}