 {"id":69,"date":"2019-12-04T10:06:55","date_gmt":"2019-12-04T09:06:55","guid":{"rendered":"https:\/\/blogs.univ-tlse2.fr\/ip3a\/?page_id=69"},"modified":"2024-06-05T22:11:43","modified_gmt":"2024-06-05T20:11:43","slug":"enseignement-au-lycee","status":"publish","type":"page","link":"https:\/\/blogs.univ-tlse2.fr\/ip3a\/enseignement-au-lycee\/","title":{"rendered":"Enseignement au Lyc\u00e9e"},"content":{"rendered":"\n<p><\/p>\n\n\n\n<div class=\"wp-block-media-text has-media-on-the-right is-stacked-on-mobile\" style=\"grid-template-columns:auto 44%\"><div class=\"wp-block-media-text__content\">\n<p class=\"has-background\" style=\"background-color:#ececee\">Enseigner le <strong><a href=\"https:\/\/blogs.univ-tlse2.fr\/ip3a\/enseigner-le-pfs-au-lycee-en-sti2d\/\">PFS<\/a><\/strong>, au lyc\u00e9e, en STI2D<\/p>\n<\/div><figure class=\"wp-block-media-text__media\"><img loading=\"lazy\" decoding=\"async\" width=\"1024\" height=\"507\" src=\"https:\/\/blogs.univ-tlse2.fr\/ip3a\/files\/2024\/06\/IMA_PFS-1024x507.jpg\" alt=\"\" class=\"wp-image-2015 size-full\" srcset=\"https:\/\/blogs.univ-tlse2.fr\/ip3a\/files\/2024\/06\/IMA_PFS-1024x507.jpg 1024w, https:\/\/blogs.univ-tlse2.fr\/ip3a\/files\/2024\/06\/IMA_PFS-300x149.jpg 300w, https:\/\/blogs.univ-tlse2.fr\/ip3a\/files\/2024\/06\/IMA_PFS-768x380.jpg 768w, https:\/\/blogs.univ-tlse2.fr\/ip3a\/files\/2024\/06\/IMA_PFS-1536x760.jpg 1536w, https:\/\/blogs.univ-tlse2.fr\/ip3a\/files\/2024\/06\/IMA_PFS.jpg 2008w\" sizes=\"auto, (max-width: 1024px) 100vw, 1024px\" \/><\/figure><\/div>\n\n\n\n<p><\/p>\n\n\n\n<div class=\"wp-block-media-text alignwide has-media-on-the-right is-stacked-on-mobile\" style=\"grid-template-columns:auto 44%\"><div class=\"wp-block-media-text__content\">\n<p class=\"has-background has-normal-font-size\" style=\"background-color:#e1e9ec\">Enseigner au lyc\u00e9e,&nbsp;<a rel=\"noreferrer noopener\" href=\"https:\/\/blogs.univ-tlse2.fr\/ip3a\/enseigner-en-sti2d-a-laide-dun-drone\/\" target=\"_blank\">en STI2D, \u00e0 l\u2019aide d\u2019un drone<\/a><\/p>\n<\/div><figure class=\"wp-block-media-text__media\"><img loading=\"lazy\" decoding=\"async\" width=\"1024\" height=\"517\" src=\"https:\/\/blogs.univ-tlse2.fr\/ip3a\/files\/2021\/11\/IMA_STI2D_Drone-1024x517.jpg\" alt=\"\" class=\"wp-image-1725 size-full\" srcset=\"https:\/\/blogs.univ-tlse2.fr\/ip3a\/files\/2021\/11\/IMA_STI2D_Drone-1024x517.jpg 1024w, https:\/\/blogs.univ-tlse2.fr\/ip3a\/files\/2021\/11\/IMA_STI2D_Drone-300x151.jpg 300w, https:\/\/blogs.univ-tlse2.fr\/ip3a\/files\/2021\/11\/IMA_STI2D_Drone-768x388.jpg 768w, https:\/\/blogs.univ-tlse2.fr\/ip3a\/files\/2021\/11\/IMA_STI2D_Drone.jpg 1204w\" sizes=\"auto, (max-width: 1024px) 100vw, 1024px\" \/><\/figure><\/div>\n\n\n\n<p><\/p>\n\n\n\n<div class=\"wp-block-media-text alignwide has-media-on-the-right is-stacked-on-mobile\" style=\"grid-template-columns:auto 44%\"><div class=\"wp-block-media-text__content\">\n<p class=\"has-background\" style=\"background-color:#e2e9ec\">Enseigner la<strong>&nbsp;<a rel=\"noreferrer noopener\" href=\"https:\/\/blogs.univ-tlse2.fr\/ip3a\/enseigner-la-cinetique-enzymatique-au-lycee\/\" target=\"_blank\">CIN\u00c9TIQUE ENZYMATIQUE<\/a><\/strong>, en Biotechnologie, au Lyc\u00e9e &#8211;   <em>Auteurs : Fabienne PRAD\u00c8RE (&amp; Manuel MUSIAL)<\/em><\/p>\n<\/div><figure class=\"wp-block-media-text__media\"><img loading=\"lazy\" decoding=\"async\" width=\"1024\" height=\"522\" src=\"https:\/\/blogs.univ-tlse2.fr\/ip3a\/files\/2021\/02\/Enzyme_IMA-1024x522.jpg\" alt=\"\" class=\"wp-image-1344 size-full\" srcset=\"https:\/\/blogs.univ-tlse2.fr\/ip3a\/files\/2021\/02\/Enzyme_IMA-1024x522.jpg 1024w, https:\/\/blogs.univ-tlse2.fr\/ip3a\/files\/2021\/02\/Enzyme_IMA-300x153.jpg 300w, https:\/\/blogs.univ-tlse2.fr\/ip3a\/files\/2021\/02\/Enzyme_IMA-768x392.jpg 768w, https:\/\/blogs.univ-tlse2.fr\/ip3a\/files\/2021\/02\/Enzyme_IMA-1536x783.jpg 1536w, https:\/\/blogs.univ-tlse2.fr\/ip3a\/files\/2021\/02\/Enzyme_IMA.jpg 1910w\" sizes=\"auto, (max-width: 1024px) 100vw, 1024px\" \/><\/figure><\/div>\n\n\n\n<p><\/p>\n\n\n\n<div class=\"wp-block-media-text alignwide has-media-on-the-right is-stacked-on-mobile\" style=\"grid-template-columns:auto 42%\"><div class=\"wp-block-media-text__content\">\n<p class=\"has-background has-normal-font-size\" style=\"background-color:#e4e7ea\">Exemple de conception d&rsquo;une s\u00e9quence d&rsquo;enseignement, au lyc\u00e9e, concernant la <strong>sch\u00e9matisation cin\u00e9matique d&rsquo;un m\u00e9canisme<\/strong> :<br><strong><a rel=\"noreferrer noopener\" href=\"https:\/\/blogs.univ-tlse2.fr\/ip3a\/enseigner-la-schematisation-cinematique-en-lycee\/\" target=\"_blank\">Enseigner la sch\u00e9matisation cin\u00e9matiq<\/a><\/strong><a rel=\"noreferrer noopener\" href=\"https:\/\/blogs.univ-tlse2.fr\/ip3a\/enseigner-la-schematisation-cinematique-en-lycee\/\" target=\"_blank\"><strong>ue d&rsquo;un m\u00e9canisme<\/strong><\/a> \u2013&nbsp;<em>Auteur : Manuel MUSIAL<\/em><\/p>\n<\/div><figure class=\"wp-block-media-text__media\"><img loading=\"lazy\" decoding=\"async\" width=\"1024\" height=\"832\" src=\"https:\/\/blogs.univ-tlse2.fr\/ip3a\/files\/2020\/04\/SchemCin_IMAGE-1024x832.jpg\" alt=\"\" class=\"wp-image-696 size-full\" srcset=\"https:\/\/blogs.univ-tlse2.fr\/ip3a\/files\/2020\/04\/SchemCin_IMAGE-1024x832.jpg 1024w, https:\/\/blogs.univ-tlse2.fr\/ip3a\/files\/2020\/04\/SchemCin_IMAGE-300x244.jpg 300w, https:\/\/blogs.univ-tlse2.fr\/ip3a\/files\/2020\/04\/SchemCin_IMAGE-768x624.jpg 768w, https:\/\/blogs.univ-tlse2.fr\/ip3a\/files\/2020\/04\/SchemCin_IMAGE-1536x1247.jpg 1536w, https:\/\/blogs.univ-tlse2.fr\/ip3a\/files\/2020\/04\/SchemCin_IMAGE-2048x1663.jpg 2048w\" sizes=\"auto, (max-width: 1024px) 100vw, 1024px\" \/><\/figure><\/div>\n\n\n\n<p><\/p>\n\n\n\n<div class=\"wp-block-media-text alignwide has-media-on-the-right is-stacked-on-mobile\" style=\"grid-template-columns:auto 44%\"><div class=\"wp-block-media-text__content\">\n<p class=\"has-background has-normal-font-size\" style=\"background-color:#e7eaed\">Exemple de conception d&rsquo;une s\u00e9quence d&rsquo;enseignement, au lyc\u00e9e, concernant la <strong>suivi de croissance bact\u00e9rienne<\/strong> :<br><strong><a rel=\"noreferrer noopener\" href=\"https:\/\/blogs.univ-tlse2.fr\/ip3a\/faire-comprendre-le-suivi-de-croissance-bacterienne-au-lycee\/\" target=\"_blank\">Enseigner le suivi de croissance bact\u00e9rienne<\/a><\/strong> \u2013&nbsp;<em>Auteurs : Fabienne PRAD\u00c8RE (&amp; Manuel MUSIAL)<\/em><\/p>\n<\/div><figure class=\"wp-block-media-text__media\"><img loading=\"lazy\" decoding=\"async\" width=\"1024\" height=\"474\" src=\"https:\/\/blogs.univ-tlse2.fr\/ip3a\/files\/2020\/06\/CourbeCroissance_IMA-1-1024x474.jpg\" alt=\"\" class=\"wp-image-970 size-full\" srcset=\"https:\/\/blogs.univ-tlse2.fr\/ip3a\/files\/2020\/06\/CourbeCroissance_IMA-1-1024x474.jpg 1024w, https:\/\/blogs.univ-tlse2.fr\/ip3a\/files\/2020\/06\/CourbeCroissance_IMA-1-300x139.jpg 300w, https:\/\/blogs.univ-tlse2.fr\/ip3a\/files\/2020\/06\/CourbeCroissance_IMA-1-768x355.jpg 768w, https:\/\/blogs.univ-tlse2.fr\/ip3a\/files\/2020\/06\/CourbeCroissance_IMA-1-1536x711.jpg 1536w, https:\/\/blogs.univ-tlse2.fr\/ip3a\/files\/2020\/06\/CourbeCroissance_IMA-1.jpg 1790w\" sizes=\"auto, (max-width: 1024px) 100vw, 1024px\" \/><\/figure><\/div>\n\n\n\n<p><\/p>\n\n\n\n<div class=\"wp-block-media-text alignwide has-media-on-the-right is-stacked-on-mobile\" style=\"grid-template-columns:auto 41%\"><div class=\"wp-block-media-text__content\">\n<p class=\"has-background has-normal-font-size\" style=\"background-color:#eceff2\">Exemple de conception d&rsquo;une s\u00e9quence d&rsquo;enseignement, au lyc\u00e9e, concernant le<strong> tabagisme actif et passif<\/strong> :<br><a rel=\"noreferrer noopener\" href=\"https:\/\/blogs.univ-tlse2.fr\/ip3a\/enseigner-le-tabagisme-au-lycee\/\" target=\"_blank\"><strong>Enseigner le tabagisme<\/strong><\/a><br><em>Auteurs : Fabienne PRADERE et Manuel MUSIAL<\/em><\/p>\n<\/div><figure class=\"wp-block-media-text__media\"><img loading=\"lazy\" decoding=\"async\" width=\"1024\" height=\"862\" src=\"https:\/\/blogs.univ-tlse2.fr\/ip3a\/files\/2020\/04\/Tabagisme_IMAGE-1024x862.jpg\" alt=\"\" class=\"wp-image-694 size-full\" srcset=\"https:\/\/blogs.univ-tlse2.fr\/ip3a\/files\/2020\/04\/Tabagisme_IMAGE-1024x862.jpg 1024w, https:\/\/blogs.univ-tlse2.fr\/ip3a\/files\/2020\/04\/Tabagisme_IMAGE-300x253.jpg 300w, https:\/\/blogs.univ-tlse2.fr\/ip3a\/files\/2020\/04\/Tabagisme_IMAGE-768x647.jpg 768w, https:\/\/blogs.univ-tlse2.fr\/ip3a\/files\/2020\/04\/Tabagisme_IMAGE.jpg 1394w\" sizes=\"auto, (max-width: 1024px) 100vw, 1024px\" \/><\/figure><\/div>\n\n\n\n<p><\/p>\n\n\n\n<div class=\"wp-block-media-text alignwide has-media-on-the-right is-stacked-on-mobile\" style=\"grid-template-columns:auto 41%\"><div class=\"wp-block-media-text__content\">\n<p class=\"has-background has-normal-font-size\" style=\"background-color:#ebeef0\">Exemple de conception d&rsquo;une s\u00e9quence d&rsquo;enseignement, au lyc\u00e9e, concernant la <strong>descente de charges d&rsquo;une structure porteuse<\/strong> :<br><a rel=\"noreferrer noopener\" href=\"https:\/\/blogs.univ-tlse2.fr\/ip3a\/enseigner-la-descente-de-charges-au-lycee\/\" target=\"_blank\"><strong>Enseigner la descente de charges<\/strong><\/a><br><em>Auteur : Manuel MUSIAL<\/em><\/p>\n<\/div><figure class=\"wp-block-media-text__media\"><img loading=\"lazy\" decoding=\"async\" width=\"1024\" height=\"724\" src=\"https:\/\/blogs.univ-tlse2.fr\/ip3a\/files\/2020\/04\/DescenteCharges_IMAGE-1024x724.jpg\" alt=\"\" class=\"wp-image-719 size-full\" srcset=\"https:\/\/blogs.univ-tlse2.fr\/ip3a\/files\/2020\/04\/DescenteCharges_IMAGE-1024x724.jpg 1024w, https:\/\/blogs.univ-tlse2.fr\/ip3a\/files\/2020\/04\/DescenteCharges_IMAGE-300x212.jpg 300w, https:\/\/blogs.univ-tlse2.fr\/ip3a\/files\/2020\/04\/DescenteCharges_IMAGE-768x543.jpg 768w, https:\/\/blogs.univ-tlse2.fr\/ip3a\/files\/2020\/04\/DescenteCharges_IMAGE-1536x1086.jpg 1536w, https:\/\/blogs.univ-tlse2.fr\/ip3a\/files\/2020\/04\/DescenteCharges_IMAGE-2048x1447.jpg 2048w\" sizes=\"auto, (max-width: 1024px) 100vw, 1024px\" \/><\/figure><\/div>\n\n\n\n<p><\/p>\n\n\n\n<div class=\"wp-block-media-text alignwide has-media-on-the-right is-stacked-on-mobile\" style=\"grid-template-columns:auto 41%\"><div class=\"wp-block-media-text__content\">\n<p class=\"has-background has-normal-font-size\" style=\"background-color:#e6ebef\">Exemple de conception d&rsquo;une s\u00e9quence d&rsquo;enseignement, au lyc\u00e9e, concernant le <strong>ph\u00e9nom\u00e8ne de r\u00e9sonance d&rsquo;une structure<\/strong> :<br><a rel=\"noreferrer noopener\" href=\"https:\/\/blogs.univ-tlse2.fr\/ip3a\/enseigner-le-phenomene-de-resonance-dune-structure-au-lycee\/\" target=\"_blank\"><strong>Enseigner le ph\u00e9nom\u00e8ne de r\u00e9sonance d&rsquo;une structure<\/strong><\/a><br><em>Auteur : Manuel MUSIAL<\/em><\/p>\n<\/div><figure class=\"wp-block-media-text__media\"><img loading=\"lazy\" decoding=\"async\" width=\"1024\" height=\"491\" src=\"https:\/\/blogs.univ-tlse2.fr\/ip3a\/files\/2020\/04\/Resonance_IMAGE-1024x491.jpg\" alt=\"\" class=\"wp-image-722 size-full\" srcset=\"https:\/\/blogs.univ-tlse2.fr\/ip3a\/files\/2020\/04\/Resonance_IMAGE-1024x491.jpg 1024w, https:\/\/blogs.univ-tlse2.fr\/ip3a\/files\/2020\/04\/Resonance_IMAGE-300x144.jpg 300w, https:\/\/blogs.univ-tlse2.fr\/ip3a\/files\/2020\/04\/Resonance_IMAGE-768x368.jpg 768w, https:\/\/blogs.univ-tlse2.fr\/ip3a\/files\/2020\/04\/Resonance_IMAGE-1536x736.jpg 1536w, https:\/\/blogs.univ-tlse2.fr\/ip3a\/files\/2020\/04\/Resonance_IMAGE-2048x982.jpg 2048w\" sizes=\"auto, (max-width: 1024px) 100vw, 1024px\" \/><\/figure><\/div>\n\n\n\n<p><\/p>\n\n\n\n<div class=\"wp-block-media-text alignwide has-media-on-the-right is-stacked-on-mobile\" style=\"grid-template-columns:auto 41%\"><div class=\"wp-block-media-text__content\">\n<p class=\"has-background\" style=\"background-color:#e8ecf0\">Exemple de conception d&rsquo;une s\u00e9quence d&rsquo;enseignement, au lyc\u00e9e, concernant leconcept <strong>d&rsquo;impact environnemental<\/strong> :<br><a rel=\"noreferrer noopener\" href=\"https:\/\/blogs.univ-tlse2.fr\/ip3a\/enseigner-le-concept-impact-environnemental-au-lycee\/\" target=\"_blank\"><strong>Enseigner le concept d&rsquo;impact environnemental<\/strong><\/a><br><em>Auteur : Manuel MUSIAL<\/em><\/p>\n<\/div><figure class=\"wp-block-media-text__media\"><img loading=\"lazy\" decoding=\"async\" width=\"1024\" height=\"646\" src=\"https:\/\/blogs.univ-tlse2.fr\/ip3a\/files\/2020\/04\/ImpactEnv_IMAGE-1024x646.jpg\" alt=\"\" class=\"wp-image-763 size-full\" srcset=\"https:\/\/blogs.univ-tlse2.fr\/ip3a\/files\/2020\/04\/ImpactEnv_IMAGE-1024x646.jpg 1024w, https:\/\/blogs.univ-tlse2.fr\/ip3a\/files\/2020\/04\/ImpactEnv_IMAGE-300x189.jpg 300w, https:\/\/blogs.univ-tlse2.fr\/ip3a\/files\/2020\/04\/ImpactEnv_IMAGE-768x485.jpg 768w, https:\/\/blogs.univ-tlse2.fr\/ip3a\/files\/2020\/04\/ImpactEnv_IMAGE-1536x969.jpg 1536w, https:\/\/blogs.univ-tlse2.fr\/ip3a\/files\/2020\/04\/ImpactEnv_IMAGE.jpg 1822w\" sizes=\"auto, (max-width: 1024px) 100vw, 1024px\" \/><\/figure><\/div>\n\n\n\n<p><\/p>\n","protected":false},"excerpt":{"rendered":"<p>Enseigner le PFS, au lyc\u00e9e, en STI2D Enseigner au lyc\u00e9e,&nbsp;en STI2D, \u00e0 l\u2019aide d\u2019un drone Enseigner la&nbsp;CIN\u00c9TIQUE ENZYMATIQUE, en Biotechnologie, au Lyc\u00e9e &#8211; Auteurs : Fabienne PRAD\u00c8RE (&amp; Manuel MUSIAL) Exemple de conception d&rsquo;une s\u00e9quence d&rsquo;enseignement, au lyc\u00e9e, concernant la sch\u00e9matisation cin\u00e9matique d&rsquo;un m\u00e9canisme :Enseigner la sch\u00e9matisation cin\u00e9matique d&rsquo;un m\u00e9canisme \u2013&nbsp;Auteur : Manuel MUSIAL Exemple [&hellip;]<\/p>\n","protected":false},"author":756,"featured_media":0,"parent":0,"menu_order":0,"comment_status":"closed","ping_status":"closed","template":"page-templates\/template-full-width.php","meta":{"footnotes":""},"class_list":["post-69","page","type-page","status-publish","hentry"],"_links":{"self":[{"href":"https:\/\/blogs.univ-tlse2.fr\/ip3a\/wp-json\/wp\/v2\/pages\/69","targetHints":{"allow":["GET"]}}],"collection":[{"href":"https:\/\/blogs.univ-tlse2.fr\/ip3a\/wp-json\/wp\/v2\/pages"}],"about":[{"href":"https:\/\/blogs.univ-tlse2.fr\/ip3a\/wp-json\/wp\/v2\/types\/page"}],"author":[{"embeddable":true,"href":"https:\/\/blogs.univ-tlse2.fr\/ip3a\/wp-json\/wp\/v2\/users\/756"}],"replies":[{"embeddable":true,"href":"https:\/\/blogs.univ-tlse2.fr\/ip3a\/wp-json\/wp\/v2\/comments?post=69"}],"version-history":[{"count":37,"href":"https:\/\/blogs.univ-tlse2.fr\/ip3a\/wp-json\/wp\/v2\/pages\/69\/revisions"}],"predecessor-version":[{"id":2062,"href":"https:\/\/blogs.univ-tlse2.fr\/ip3a\/wp-json\/wp\/v2\/pages\/69\/revisions\/2062"}],"wp:attachment":[{"href":"https:\/\/blogs.univ-tlse2.fr\/ip3a\/wp-json\/wp\/v2\/media?parent=69"}],"curies":[{"name":"wp","href":"https:\/\/api.w.org\/{rel}","templated":true}]}}