 {"id":1045,"date":"2016-06-23T17:44:53","date_gmt":"2016-06-23T16:44:53","guid":{"rendered":"https:\/\/blogs.univ-tlse2.fr\/iup-projetsterritoires\/?page_id=1045"},"modified":"2025-02-02T23:31:37","modified_gmt":"2025-02-02T22:31:37","slug":"insertion","status":"publish","type":"page","link":"https:\/\/blogs.univ-tlse2.fr\/iup-projetsterritoires\/insertion\/","title":{"rendered":"Insertion"},"content":{"rendered":"<p><strong>\u00c9tude sur l&rsquo;insertion de l&rsquo;Observatoire de la vie \u00e9tudiante<\/strong><\/p>\n<p>Les r\u00e9sultat des enqu\u00eates sur l&rsquo;insertion des dipl\u00f4m\u00e9s\u00a0 traduisent une bonne insertion, une grande vari\u00e9t\u00e9 de profils professionnels et des m\u00e9tiers en ad\u00e9quation avec le dipl\u00f4me pr\u00e9par\u00e9.<\/p>\n<p>La derni\u00e8re \u00e9tude conduite par la formation aupr\u00e8s des \u00e9tudiants dipl\u00f4m\u00e9s en 2020 qui fait le bilan de <strong>l&rsquo;insertion en mai 2021 (soit 8 mois apr\u00e8s le dipl\u00f4me) est r\u00e9sum\u00e9e <a href=\"https:\/\/blogs.univ-tlse2.fr\/iup-projetsterritoires\/files\/2021\/11\/2021-Insertion-de-la-promotion-M2-APTER-2020.pdf\">ici<\/a><\/strong><\/p>\n<p>La derni\u00e8re \u00e9tude conduite par l&rsquo;Universit\u00e9\u00a0 est \u00e0 consulter ici :<\/p>\n<p>https:\/\/sphinx-enquetes.univ-tlse2.fr\/report\/(T(2umjf3jvm8))\/r.aspx<\/p>\n<p>&nbsp;<\/p>\n<p><strong>\u00a0T\u00e9moignages de dipl\u00f4m\u00e9\u00b7es<\/strong><strong> :<br \/>\n<\/strong><\/p>\n<p><strong><a href=\"https:\/\/www.canal-u.tv\/video\/universite_toulouse_ii_le_mirail\/trajectoires_3_geographe_urbaniste.12169\">J\u00e9r\u00e9my P\u00e9rez, Urbaniste\u00a0 : <\/a><\/strong><em>Ce film suit J\u00e9r\u00e9my P\u00e9rez, dipl\u00f4m\u00e9 du Master APTER, dans l&rsquo;exercice de ses activit\u00e9s professionnelles sur le terrain et dans son bureau d&rsquo;\u00e9tudes.<\/em><\/p>\n<p style=\"text-align: right\"><strong>Morgane Lavergne, dipl\u00f4m\u00e9e en 2015.<br \/>\nCharg\u00e9e d\u2019op\u00e9rations \u00e0 SOLIHA Paris-Hauts de Seine-Val d\u2019Oise.<\/strong><\/p>\n<p style=\"text-align: center\">La force de la formation APTER\u00a0est de faire d\u00e9couvrir une palette large de pratiques en am\u00e9nagement, de nous apporter une vaste ouverture d\u2019esprit et ce dans tous les secteurs (mobilit\u00e9s, habitat, \u00e9conomie, d\u00e9veloppement social, environnement\u2026) aussi bien sur des territoires ruraux que tr\u00e8s urbains dans le but de fa\u00e7onner notre regard d\u2019am\u00e9nageur.<\/p>\n<p style=\"text-align: center\">J\u2019ai choisi mes stages dans l\u2019optique de me confronter \u00e0 des th\u00e9matiques que je ne connaissais pas et dans des structures o\u00f9 le travail de terrain \u00e9tait pr\u00e9dominant\u00a0: le premier au sein d\u2019un jardin familial et le deuxi\u00e8me dans une association d\u2019accompagnement social li\u00e9 au logement. Ces exp\u00e9riences m\u2019ont permis d\u2019\u00eatre avertie en mati\u00e8re de dispositifs Politique de la Ville, de politique publique d\u2019habitat social, de comprendre les enjeux de la grande pr\u00e9carit\u00e9 ou encore de l\u2019agriculture urbaine.<\/p>\n<p style=\"text-align: center\">Aujourd\u2019hui, je travaille chez SOLIHA (anciennement PACT), dans l\u2019accompagnement d\u2019une Op\u00e9ration Programm\u00e9e d\u2019Am\u00e9lioration de l\u2019Habitat (OPAH). Je suis un interm\u00e9diaire entre des propri\u00e9taires souhaitant r\u00e9aliser des travaux d\u2019\u00e9conomie d\u2019\u00e9nergie, les collectivit\u00e9s territoriales et des agences nationales telles que l\u2019ANAH.<\/p>\n<p style=\"text-align: center\">L\u2019opportunit\u00e9 que m\u2019a offert la formation APTER de rencontrer des professionnels de l\u2019am\u00e9nagement, de m\u2019essayer \u00e0 des modes d\u2019action innovants (gr\u00e2ce aux ateliers, aux workshops), de r\u00e9aliser des stages dans lesquelles je me suis impliqu\u00e9e, sont autant d\u2019\u00e9l\u00e9ments qui ont encourag\u00e9 mon insertion professionnelle et qui m\u2019ont permis d\u2019\u00eatre arm\u00e9e pour faire face au monde du travail en am\u00e9nagement.<\/p>\n<p style=\"text-align: center\">Enfin, la solidarit\u00e9 sur le plan professionnel qui s\u2019op\u00e8re post-APTER entre anciens \u00e9tudiants d\u00e9montre d\u2019une r\u00e9elle coh\u00e9sion pendant la formation et finalement d\u2019une v\u00e9ritable mise en r\u00e9seau.<\/p>\n<p style=\"text-align: right\"><strong>Laura Willems, Dipl\u00f4m\u00e9e en 2014<br \/>\nUrbaniste, ind\u00e9pendante<\/strong><\/p>\n<p style=\"text-align: center\">Apr\u00e8s quatre ann\u00e9es d&rsquo;\u00e9tudes \u00e0 Sciences Po Toulouse, j&rsquo;ai souhait\u00e9 int\u00e9grer la formation APTER, avec l&rsquo;envie de me sp\u00e9cialiser dans le domaine de l&rsquo;am\u00e9nagement du territoire et de renforcer mes comp\u00e9tences sur le volet op\u00e9rationnel. Cette formation m&rsquo;a en effet s\u00e9duite par la richesse des enseignements propos\u00e9s permettant d&rsquo;acqu\u00e9rir une v\u00e9ritable culture de l&rsquo;am\u00e9nagement et de ses enjeux actuels mais aussi une exp\u00e9rience professionnelle concr\u00e8te \u00e0 travers les ateliers de travail aupr\u00e8s des collectivit\u00e9s locales : \u00e9laboration d&rsquo;un diagnostic strat\u00e9gique et proposition d&rsquo;une m\u00e9thode de concertation (Communaut\u00e9 de Communes du Frontonnais), \u00e9tude relative \u00e0 l&rsquo;am\u00e9nagement de la base de loisirs du Lac de la Cavay\u00e8re et sc\u00e9narios prospectifs (Communaut\u00e9 d&rsquo;Agglom\u00e9ration de Carcassonne). Mon stage de fin d&rsquo;\u00e9tudes au sein de Toulouse M\u00e9tropole a \u00e9t\u00e9 une exp\u00e9rience particuli\u00e8rement enrichissante et m&rsquo;a permis de renforcer mes connaissances dans le domaine de l&rsquo;urbanisme durable, th\u00e8me sur lequel j&rsquo;ai r\u00e9alis\u00e9 mon m\u00e9moire.<br \/>\nA la suite de la formation, j&rsquo;ai int\u00e9gr\u00e9 un bureau d&rsquo;\u00e9tudes toulousain et particip\u00e9 \u00e0 l&rsquo;accompagnement de collectivit\u00e9s locales pour l&rsquo;\u00e9laboration de leurs projets de territoire et de d\u00e9veloppement durable. Aujourd&rsquo;hui consultante ind\u00e9pendante, je poursuis cette activit\u00e9 de conseil aupr\u00e8s des collectivit\u00e9s territoriales (PLU, Agenda 21, projet de territoire&#8230;).<\/p>\n<p style=\"text-align: right\"><strong>Camille Jarrot, Dipl\u00f4m\u00e9e en 2014<br \/>\nCharg\u00e9e de d\u00e9veloppement du massif et zones rurales (CD09)<\/strong><\/p>\n<p style=\"text-align: center\">J\u2019ai eu l\u2019opportunit\u00e9 d\u2019effectuer mes deux ann\u00e9es de Master au sein de la formation APTER en 2012-2013 et 2013-2014. Cette formation m\u2019a apport\u00e9 une vision d\u2019ensemble sur les politiques d\u2019am\u00e9nagement du territoire. La pluridisciplinarit\u00e9 qu\u2019elle offre a fait de moi un agent territorial polyvalent et ayant une vision globale des politiques territoriales.<\/p>\n<p style=\"text-align: center\">Mes deux stages (aupr\u00e8s de la D\u00e9l\u00e9gation de la R\u00e9gion Picardie \u00e0 Bruxelles, puis au sein d\u2019une Association de Pays en Ari\u00e8ge) m\u2019ont permis de mieux cibler mon projet professionnel et surtout de me constituer un r\u00e9seau solide. Depuis octobre 2014, je travaille au Conseil D\u00e9partemental de l\u2019Ari\u00e8ge, au sein du Service Europe et je suis charg\u00e9e \u00ab du d\u00e9veloppement du massif et des zones rurales \u00bb. Plus concr\u00e8tement, je suis charg\u00e9e de mobiliser les financements europ\u00e9ens pour les projets de d\u00e9veloppement local Ari\u00e9geois, qu\u2019ils soient port\u00e9s par ma collectivit\u00e9, par d\u2019autres collectivit\u00e9s du territoire ou par des acteurs priv\u00e9s. J\u2019informe les porteurs de projet, je les accompagne, les alerte et les guide dans leur d\u00e9marche de recherche de cofinancement europ\u00e9en. Parall\u00e8lement, je suis sollicit\u00e9e par ma hi\u00e9rarchie sur des sujets plus vari\u00e9s en lien avec le d\u00e9veloppement du territoire (accompagnement dans l\u2019\u00e9laboration du projet de territoire d\u2019un PETR, \u00e9laboration d\u2019une strat\u00e9gie d\u2019action s\u2019inscrivant dans les Contrats R\u00e9gionaux Uniques, etc.).<br \/>\nLa formation APTER m\u2019a offert un large spectre de connaissances me permettant de mieux appr\u00e9hender les actions et missions de la collectivit\u00e9 dans laquelle je travaille. Je pense que c\u2019est en partie gr\u00e2ce \u00e0 ce que m\u2019a apport\u00e9 cette formation que j\u2019occupe aujourd\u2019hui un poste dans une collectivit\u00e9 qui me permette d\u2019agir dans diff\u00e9rents domaines en faveur de l\u2019am\u00e9nagement du territoire.<\/p>\n<p style=\"text-align: right\"><strong>Lilian Tronche, Dipl\u00f4m\u00e9 en 2014<br \/>\nChef de projets \u00e9oliens, EPURON<\/strong><\/p>\n<p style=\"text-align: center\">La formation L3 et Master APTER m\u2019a permis d\u2019accro\u00eetre mes connaissances des acteurs de l\u2019am\u00e9nagement du territoire, de d\u00e9couvrir les m\u00e9tiers \u00e0 travers les nombreux intervenants professionnels de la formation et surtout d\u2019acqu\u00e9rir des comp\u00e9tences dans les diff\u00e9rents champs de l\u2019am\u00e9nagement\u00a0; de l\u2019urbanisme, \u00e0 la gestion des transports, en passant par le d\u00e9veloppement local,\u2026 jusqu\u2019au fonctionnement des finances publiques. Cette formation m\u2019a ouvert l\u2019esprit aux diff\u00e9rents domaines de l\u2019am\u00e9nagement du territoire qui, je le constate aujourd\u2019hui, sont tous en corr\u00e9lation.<br \/>\nChef de projets \u00e9oliens aupr\u00e8s d\u2019EPURON qui r\u00e9alise le d\u00e9veloppement, la construction et l\u2019exploitation de parcs \u00e9oliens en France, j\u2019ai l\u2019occasion chaque jour de c\u00f4toyer ceux qui animent (agents territoriaux) et repr\u00e9sentent (\u00e9lus) les diff\u00e9rents \u00e9chelons des collectivit\u00e9s territoriales et administrations. A travers mon m\u00e9tier, je participe au d\u00e9veloppement des \u00e9nergies renouvelables qui permettent de lutter contre le r\u00e9chauffement climatique et favorisent la baisse de notre consommation d\u2019\u00e9nergies fossiles &#8211; tout en r\u00e9alisant une production \u00e9nerg\u00e9tique qui \u00ab\u00a0s\u2019apparente aux circuits courts\u00a0\u00bb puisque les premiers b\u00e9n\u00e9ficiaires de cette \u00e9lectricit\u00e9 issue de sources renouvelables en sont les riverains.<br \/>\nJ\u2019effectue un m\u00e9tier passionnant dans lequel il faut sans cesse se remettre en question pour prendre en compte les \u00e9volutions de r\u00e9glementation, faire face \u00e0 une opposition de plus en plus grandissante, s\u2019adapter aux diff\u00e9rents interlocuteurs que je suis amen\u00e9 \u00e0 c\u00f4toyer, tout en restant en accord avec ma conscience \u00e9cologique.<\/p>\n<p style=\"text-align: right\"><strong>Marine MORO, dipl\u00f4m\u00e9e en 2012<br \/>\nCharg\u00e9e de mission veille-prospective \u00e9conomiques et immobilier d\u2019entreprise<br \/>\nEtablissement Public Territorial Val-de-Bi\u00e8vre Seine-Amont<\/strong><\/p>\n<p style=\"text-align: center\">Apr\u00e8s l\u2019obtention de ma licence en Urbanisme et Am\u00e9nagement \u00e0 l\u2019Universit\u00e9 Paris Sorbonne IV, j\u2019ai souhait\u00e9 \u00e9largir mon tour d\u2019horizon des probl\u00e9matiques territoriales jusqu\u2019alors franciliennes en candidatant au Master IUP APTER \u00e0 l\u2019Universit\u00e9 Toulouse le Mirail. \u00a0En effet, cette formation m\u2019a particuli\u00e8rement s\u00e9duite au regard de son offre de formation traitant l\u2019ensemble du spectre des missions aff\u00e9rentes aux m\u00e9tiers de l\u2019am\u00e9nagement et du d\u00e9veloppement territorial. La qualit\u00e9 des intervenants issus du milieu de la recherche universitaire mais aussi du milieu professionnel en constitue l\u2019un des ind\u00e9niables atouts.<br \/>\nOutre les nombreux cas pratiques r\u00e9alis\u00e9s au cours de ces deux ann\u00e9es (tant sur le format \u00ab\u00a0projets\u00a0\u00bb que celui des expos\u00e9s nous formant aux situations que nous rencontrons dans le cadre de la vie professionnelle), la possibilit\u00e9 de r\u00e9aliser deux stages \u00ab\u00a0longs\u00a0\u00bb &#8211; constituants forts de cette formation &#8211; a \u00e9t\u00e9 une r\u00e9elle opportunit\u00e9 personnelle et professionnelle. A ce titre, j\u2019ai ainsi pu approfondir et confirmer mon int\u00e9r\u00eat pour la probl\u00e9matique fonci\u00e8re. D\u2019une part, mes deux premi\u00e8res exp\u00e9riences au sein de la Direction R\u00e9gionale RFF Midi-Pyr\u00e9n\u00e9es m\u2019ont amen\u00e9es \u00e0 repenser l\u2019utilisation du foncier ferroviaire \u00ab inutile \u00bb \u00e0 l\u2019activit\u00e9 de ma structure d\u2019accueil au profit de l\u2019am\u00e9nagement des territoires. D\u2019autre part, mon exp\u00e9rience au sein de l\u2019Agglom\u00e9ration C\u00f4te Basque \u2013 Adour m\u2019a conduite \u00e0 produire un atlas du foncier \u00e9conomique, v\u00e9ritable enjeu pour cette intercommunalit\u00e9 qui connait de vives tensions sur son march\u00e9, afin de r\u00e9pondre plus efficacement aux diff\u00e9rents besoins exprim\u00e9s sur ce territoire particuli\u00e8rement attractif. De m\u00eame, j\u2019ai ainsi pu \u00eatre confront\u00e9e aux diff\u00e9rents jeux d\u2019acteurs (collectivit\u00e9s territoriales, organismes parapublics, chambres consulaires, \u2026) et me rendre compte de leur complexit\u00e9 ainsi que de leur importance dans la bonne mise en \u0153uvre des politiques et strat\u00e9gies territoriales.<br \/>\nTrois mois apr\u00e8s l\u2019obtention de mon dipl\u00f4me, l\u2019ensemble de ces exp\u00e9riences a constitu\u00e9 un argument important dans le cadre de mon recrutement au sein de la Communaut\u00e9 d\u2019Agglom\u00e9ration de Val de Bi\u00e8vre (Val-de-Marne) en qualit\u00e9 de charg\u00e9e de mission observatoire \u00e9conomique. Cela fait d\u00e9sormais plus de trois ans que je suis en poste au sein de cette structure, devenue depuis le 1<sup>er<\/sup> janvier 2016 Etablissement Public Territorial, et que l\u2019on me confie progressivement de nouvelles responsabilit\u00e9s. Outre mes sujets d\u2019observation et veille \u00e9conomique, j\u2019exerce de nombreuses missions relatives \u00e0 l\u2019immobilier d\u2019entreprise et \u00e0 l\u2019am\u00e9nagement \u00e9conomique par exemple. Enfin, ma r\u00e9ussite au concours d\u2019attach\u00e9 territorial me permet d\u00e9sormais d\u2019\u00e9voluer plus sereinement dans ma \u00ab\u00a0carri\u00e8re publique\u00a0\u00bb et m\u2019a m\u00eame men\u00e9e \u00e0 retrouver d\u2019anciens camarades de Toulouse en formation CNFPT\u00a0: le milieu de la territoriale si riche et diversifi\u00e9 soit il n\u2019en reste pas moins un \u00ab\u00a0petit cercle\u00a0\u00bb\u00a0professionnel\u00a0!<\/p>\n","protected":false},"excerpt":{"rendered":"<p>\u00c9tude sur l&rsquo;insertion de l&rsquo;Observatoire de la vie \u00e9tudiante Les r\u00e9sultat des enqu\u00eates sur l&rsquo;insertion des dipl\u00f4m\u00e9s\u00a0 traduisent une bonne insertion, une grande vari\u00e9t\u00e9 de profils professionnels et des m\u00e9tiers en ad\u00e9quation avec le dipl\u00f4me pr\u00e9par\u00e9. La derni\u00e8re \u00e9tude conduite &hellip; <a href=\"https:\/\/blogs.univ-tlse2.fr\/iup-projetsterritoires\/insertion\/\">Continuer la lecture <span class=\"meta-nav\">&rarr;<\/span><\/a><\/p>\n","protected":false},"author":132,"featured_media":0,"parent":0,"menu_order":0,"comment_status":"closed","ping_status":"closed","template":"","meta":{"footnotes":""},"class_list":["post-1045","page","type-page","status-publish","hentry"],"_links":{"self":[{"href":"https:\/\/blogs.univ-tlse2.fr\/iup-projetsterritoires\/wp-json\/wp\/v2\/pages\/1045","targetHints":{"allow":["GET"]}}],"collection":[{"href":"https:\/\/blogs.univ-tlse2.fr\/iup-projetsterritoires\/wp-json\/wp\/v2\/pages"}],"about":[{"href":"https:\/\/blogs.univ-tlse2.fr\/iup-projetsterritoires\/wp-json\/wp\/v2\/types\/page"}],"author":[{"embeddable":true,"href":"https:\/\/blogs.univ-tlse2.fr\/iup-projetsterritoires\/wp-json\/wp\/v2\/users\/132"}],"replies":[{"embeddable":true,"href":"https:\/\/blogs.univ-tlse2.fr\/iup-projetsterritoires\/wp-json\/wp\/v2\/comments?post=1045"}],"version-history":[{"count":13,"href":"https:\/\/blogs.univ-tlse2.fr\/iup-projetsterritoires\/wp-json\/wp\/v2\/pages\/1045\/revisions"}],"predecessor-version":[{"id":1876,"href":"https:\/\/blogs.univ-tlse2.fr\/iup-projetsterritoires\/wp-json\/wp\/v2\/pages\/1045\/revisions\/1876"}],"wp:attachment":[{"href":"https:\/\/blogs.univ-tlse2.fr\/iup-projetsterritoires\/wp-json\/wp\/v2\/media?parent=1045"}],"curies":[{"name":"wp","href":"https:\/\/api.w.org\/{rel}","templated":true}]}}