 {"id":19,"date":"2012-02-29T08:52:39","date_gmt":"2012-02-29T07:52:39","guid":{"rendered":"https:\/\/blogs.univ-tlse2.fr\/iup-projetsterritoires\/?page_id=19"},"modified":"2016-06-23T17:51:02","modified_gmt":"2016-06-23T16:51:02","slug":"metiers-vises-et-insertion","status":"publish","type":"page","link":"https:\/\/blogs.univ-tlse2.fr\/iup-projetsterritoires\/metiers-vises-et-insertion\/","title":{"rendered":"M\u00e9tiers"},"content":{"rendered":"<h3><strong>Diff\u00e9rentes sph\u00e8res professionnelles<\/strong><\/h3>\n<p>Les dipl\u00f4m\u00e9s du Master APTER int\u00e8grent les <strong>diff\u00e9rentes sph\u00e8res professionnelles <\/strong>de l\u2019am\u00e9nagement et de l\u2019action territoriale\u00a0:<\/p>\n<ul>\n<li>collectivit\u00e9s territoriales et intercommunalit\u00e9s (services transversaux\u00a0: d\u00e9veloppement ou politiques territoriales, planification, prospective, \u00e9valuation, attractivit\u00e9\u00a0; services sectoriels\u00a0: \u00e9conomie, culture, am\u00e9nagement urbain, transport),<\/li>\n<li>territoires de projets (PNR, PETR),<\/li>\n<li>services d\u00e9concentr\u00e9s de l\u2019Etat (DDT, SGAR,\u2026),<\/li>\n<li>bureaux d\u2019\u00e9tudes (planification, montage et \u00e9valuation de projets), SEM d\u2019am\u00e9nagement, agences d\u2019urbanisme,<\/li>\n<li>observatoires th\u00e9matiques et territoriaux,<\/li>\n<li><em>Et aussi\u00a0<\/em>: CAUE, chambres consulaires (CCI, CA), associations de d\u00e9veloppement, conseils de d\u00e9veloppement, entreprises int\u00e9grant la connaissance territoriale dans leurs activit\u00e9s (EDF, V\u00e9olia, EADS, etc).<\/li>\n<li><em>Et encore\u00a0<\/em>: Universit\u00e9<\/li>\n<\/ul>\n<h3><strong>Des m\u00e9tiers diversifi\u00e9s\u00a0<\/strong>:<\/h3>\n<ul>\n<li>Charg\u00e9 de mission \/ chef de projets en am\u00e9nagement, politiques territoriales, urbanisme<\/li>\n<\/ul>\n<ul>\n<li>Charg\u00e9 de d\u00e9veloppement \u00e9conomique, social, culturel, transports, TIC<\/li>\n<\/ul>\n<ul>\n<li>Chef de projet politique de la ville, renouvellement urbain, \u00e9nergie renouvelable<\/li>\n<\/ul>\n<ul>\n<li>Chef de projet programmes europ\u00e9ens (LEADER, URBAN, INTERREG, etc.)<\/li>\n<\/ul>\n<ul>\n<li>Charg\u00e9 d\u2019\u00e9tudes en planification, \u00e9tudes prospectives<\/li>\n<\/ul>\n<ul>\n<li>Agent de d\u00e9veloppement territorial, chef de projet d\u00e9veloppement territorial<\/li>\n<\/ul>\n<ul>\n<li>Charg\u00e9 de recherche, enseignant-chercheur en urbanisme-am\u00e9nagement (section 24), g\u00e9ographie (section 23)<\/li>\n<\/ul>\n<p>&nbsp;<\/p>\n","protected":false},"excerpt":{"rendered":"<p>Diff\u00e9rentes sph\u00e8res professionnelles Les dipl\u00f4m\u00e9s du Master APTER int\u00e8grent les diff\u00e9rentes sph\u00e8res professionnelles de l\u2019am\u00e9nagement et de l\u2019action territoriale\u00a0: collectivit\u00e9s territoriales et intercommunalit\u00e9s (services transversaux\u00a0: d\u00e9veloppement ou politiques territoriales, planification, prospective, \u00e9valuation, attractivit\u00e9\u00a0; services sectoriels\u00a0: \u00e9conomie, culture, am\u00e9nagement urbain, transport), &hellip; <a href=\"https:\/\/blogs.univ-tlse2.fr\/iup-projetsterritoires\/metiers-vises-et-insertion\/\">Continuer la lecture <span class=\"meta-nav\">&rarr;<\/span><\/a><\/p>\n","protected":false},"author":107,"featured_media":0,"parent":0,"menu_order":0,"comment_status":"closed","ping_status":"closed","template":"","meta":{"footnotes":""},"class_list":["post-19","page","type-page","status-publish","hentry"],"_links":{"self":[{"href":"https:\/\/blogs.univ-tlse2.fr\/iup-projetsterritoires\/wp-json\/wp\/v2\/pages\/19","targetHints":{"allow":["GET"]}}],"collection":[{"href":"https:\/\/blogs.univ-tlse2.fr\/iup-projetsterritoires\/wp-json\/wp\/v2\/pages"}],"about":[{"href":"https:\/\/blogs.univ-tlse2.fr\/iup-projetsterritoires\/wp-json\/wp\/v2\/types\/page"}],"author":[{"embeddable":true,"href":"https:\/\/blogs.univ-tlse2.fr\/iup-projetsterritoires\/wp-json\/wp\/v2\/users\/107"}],"replies":[{"embeddable":true,"href":"https:\/\/blogs.univ-tlse2.fr\/iup-projetsterritoires\/wp-json\/wp\/v2\/comments?post=19"}],"version-history":[{"count":21,"href":"https:\/\/blogs.univ-tlse2.fr\/iup-projetsterritoires\/wp-json\/wp\/v2\/pages\/19\/revisions"}],"predecessor-version":[{"id":1048,"href":"https:\/\/blogs.univ-tlse2.fr\/iup-projetsterritoires\/wp-json\/wp\/v2\/pages\/19\/revisions\/1048"}],"wp:attachment":[{"href":"https:\/\/blogs.univ-tlse2.fr\/iup-projetsterritoires\/wp-json\/wp\/v2\/media?parent=19"}],"curies":[{"name":"wp","href":"https:\/\/api.w.org\/{rel}","templated":true}]}}