 {"id":4,"date":"2012-02-29T08:37:03","date_gmt":"2012-02-29T07:37:03","guid":{"rendered":"https:\/\/blogs.univ-tlse2.fr\/iup-projetsterritoires\/?page_id=4"},"modified":"2026-02-18T08:52:10","modified_gmt":"2026-02-18T07:52:10","slug":"presentation-de-la-formation","status":"publish","type":"page","link":"https:\/\/blogs.univ-tlse2.fr\/iup-projetsterritoires\/","title":{"rendered":"Pr\u00e9sentation"},"content":{"rendered":"\n<p><\/p>\n\n\n<p style=\"text-align: center\"><strong>\u00a0<\/strong><\/p>\n<p>La Licence 3 et le MASTER Action locale et Projets de Territoire (APTER) pr\u00e9parent les \u00e9tudiants aux champs professionnels du d\u00e9veloppement territorial, de l\u2019am\u00e9nagement, de l\u2019urbanisme et de la planification.<\/p>\n<p><strong>La Licence 3\u00a0 APTER initie les \u00e9tudiants \u00e0 l&rsquo;urbanisme et \u00e0 l&rsquo;am\u00e9nagement du territoire, en apportant les fondamentaux pour la compr\u00e9hension des territoires et les leviers de leur transformation (projets urbains, d\u00e9veloppement local, projets de transitions, planification).\u00a0<\/strong><\/p>\n<p><strong>Le MASTER APTER vise \u00e0 former les \u00e9tudiants aux d\u00e9fis contemporains dans une perspective d&rsquo;am\u00e9lioration de la qualit\u00e9 de vie dans tout type de territoire:\u00a0 int\u00e9gration des pratiques et \u00a0besoins des habitants par leur participation, r\u00e9ponses et adaptation aux bouleversements climatiques et \u00e9cologiques, conditions de l&rsquo;habitabilit\u00e9, renforcement de la place de la nature en faveur de l&rsquo;hospitalit\u00e9 des lieux, compl\u00e9mentarit\u00e9 entre territoires urbains et ruraux, n\u00e9cessaire justice sociale et importance des services publics, place de la culture en faveur du bien vivre territorial, production et alimentation locales, bio-inspiration, accompagnement de la mutation des mod\u00e8les \u00e9conomiques et des mobilit\u00e9s.<\/strong><\/p>\n<p><em>Chaque ann\u00e9e de formation APTER peut \u00eatre int\u00e9gr\u00e9e selon les pr\u00e9-requis suivants : <br \/><\/em><\/p>\n<ul>\n<li><em>la Licence 3 APTER : apr\u00e8s un Bac +2 (CPGE, L2 de g\u00e9ographie, sociologie, \u00e9conomie, sciences politiques, BTS)<br \/><\/em><\/li>\n<li><em><em>le Master 1 APTER (Mention Urbanisme-Am\u00e9nagement) : Licence de g\u00e9ographie, am\u00e9nagement, histoire, sociologie, sciences politiques, anthropologie, \u00e9conomie, architecture, BUT Carri\u00e8res sociales Parcours Villes et territoires durables<br \/><\/em><\/em><\/li>\n<li><em>le Master 2 APTER (Mention Urbanisme-Am\u00e9nagement) : ouvert \u00e0 diff\u00e9rents M1 ou M2 (voir directement avec les responsables p\u00e9dagogiques)<br \/><\/em><\/li>\n<\/ul>\n<p>La formation APTER apporte les comp\u00e9tences d\u2019analyse et de compr\u00e9hension des dynamiques territoriales \u00e0 diverses \u00e9chelles et permet l&rsquo;appropriation des outils de l\u2019action collective (innovation sociale, participation), de la maitrise du pilotage et de l\u2019animation de projets publics, priv\u00e9s ou du tiers secteur (associations, acteurs de l&rsquo;ESS).<\/p>\n<p>Les niveaux Licence 3, Master 1 et 2 favorisent les apprentissages par les m\u00e9thodes actives et privil\u00e9gient les contacts avec le terrain et les professionnels (interventions nombreuses de professionnels, travaux de terrains,\u00a0 Ateliers, stages, voyage d&rsquo;\u00e9tude europ\u00e9en).<\/p>\n<p><a href=\"https:\/\/blogs.univ-tlse2.fr\/iup-projetsterritoires\/files\/2025\/02\/2025-Comm-L3-APTER.pdf\">2025 Pr\u00e9sentation L3 APTER<\/a><\/p>\n<p><a href=\"https:\/\/blogs.univ-tlse2.fr\/iup-projetsterritoires\/files\/2025\/02\/2025-Presentation-Master-APTER.pdf\">2025 Pre\u0301sentation Master APTER<\/a><\/p>\n<p><a href=\"https:\/\/blogs.univ-tlse2.fr\/iup-projetsterritoires\/files\/2024\/03\/2024-De\u0301tail-UE-Master-APTER-.pdf\">2025 De\u0301tail UE Master 1 et 2 APTER<\/a><\/p>\n<ul>\n<li><strong><em>Dossier de candidature Licence 3\u00a0 : <a href=\"https:\/\/ecandidat.univ-tlse2.fr\">Candidature sur ecandida<\/a><a href=\"https:\/\/ecandidat.univ-tlse2.fr\">t<\/a><\/em><\/strong><\/li>\n<li><strong><em>Dossier de candidature Master 1 : <a href=\"https:\/\/www.monmaster.gouv.fr\/recherche\">Plateforme MON MASTER<\/a><\/em><\/strong><\/li>\n<li><em><strong>Dossier de candidature Master 2\u00a0 :<a href=\"https:\/\/ecandidat.univ-tlse2.fr\"> Candidature sur ecandidat<\/a><\/strong><\/em><\/li>\n<\/ul>\n<p><strong>Engag\u00e9e dans l\u2019accompagnement de l\u2019\u00e9volution des formes coop\u00e9ratives d\u2019action locale, la formation met en avant la capacit\u00e9 des acteurs locaux, dans leur diversit\u00e9, \u00e0 faire \u00e9merger des projets visant un <em>d\u00e9veloppement sensible des territoires et le bien vivre, <\/em>port\u00e9 par le d\u00e9sir d\u2019innovation (organisationnelle et op\u00e9rationnelle), en lien avec les d\u00e9fis contemporains. Ceci implique pour les \u00e9tudiants la ma\u00eetrise de nouveaux outils et m\u00e9thodes d\u2019accompagnement (collaboratifs, cr\u00e9atifs) et la prise en compte d\u2019une grande vari\u00e9t\u00e9 d\u2019initiatives et de porteurs de projets. <\/strong><\/p>\n<p><strong>Les connaissances <\/strong>sont construites \u00e0 la crois\u00e9e d\u2019enseignements acad\u00e9miques et de mises en situation concr\u00e8tes et professionnelles (cours interactifs, atelier, stage, voyage d\u2019\u00e9tude)\u00a0; elles s\u2019articulent autour de quatre grandes dimensions de l\u2019action locale\u00a0:<\/p>\n<ul>\n<li>Analyse et compr\u00e9hension des dynamiques territoriales \u00e0 diverses \u00e9chelles et dans diff\u00e9rents contextes (urbain, rural, p\u00e9riurbain\u00a0; local, r\u00e9gional\u00a0; fran\u00e7ais, europ\u00e9en\u2026)<\/li>\n<li>Maitrise du contexte de bouleversements climatiques et \u00e9cologiques et des enjeux environnementaux<\/li>\n<li>M\u00e9canismes et dispositifs de l\u2019action publique territoriale (politiques territorialis\u00e9es et politiques sectorielles\u00a0: urbanisme, \u00e9conomie, culture, social, environnement, transport\u2026)<\/li>\n<li>Outils et grands concepts du d\u00e9veloppement territorial (ressources territoriales, projets ascendants, \u2026)<\/li>\n<li>Conception, conduite et animation des projets (communication, animation de groupe, outils participatifs, intelligence collective,\u2026 ).<\/li>\n<\/ul>\n<p><strong>\u00a0<\/strong><strong>Les comp\u00e9tences <\/strong>vis\u00e9es r\u00e9pondent aux besoins des territoires\u00a0:<\/p>\n<ul>\n<li>Production et partage de connaissances sur un territoire (de l\u2019observation au diagnostic, \u00e9valuation),<\/li>\n<\/ul>\n<ul>\n<li>Accompagnement \u00e0 l\u2019\u00e9laboration d\u2019orientations strat\u00e9giques d\u2019am\u00e9nagement et de projets de d\u00e9veloppement territorial (de la participation \u00e0 la construction d\u2019un projet partag\u00e9, prospective)<\/li>\n<li>Conduite, pilotage et animation de projet(s) de territoire<\/li>\n<\/ul>\n<p><strong>\u00a0<\/strong><strong>Les d\u00e9bouch\u00e9s professionnels<\/strong> sont multiples, tant en termes de structures que de th\u00e9matiques\u00a0:<\/p>\n<ul>\n<li><u>Structures<\/u>: collectivit\u00e9s, associations, coop\u00e9ratives, bureaux d\u2019\u00e9tudes, agence d\u2019urbanisme, entreprises, organismes consulaires<\/li>\n<li><u>Domaines d\u2019intervention<\/u>: transitions, participation citoyenne, urbanisme et planification, d\u00e9veloppement urbain, \u00e9conomie sociale et solidaire, culture, social, agriculture et alimentation.<\/li>\n<\/ul>\n<p>&nbsp;<\/p>\n<p><strong>Les r\u00e9seaux :<\/strong> Cr\u00e9\u00e9e en 1993 et initialement intitul\u00e9e <em>Am\u00e9nagement et d\u00e9veloppement des teritoires,<\/em> cette formation professionnalisante met \u00e0 disposition des \u00e9tudiants et dipl\u00f4m\u00e9s un r\u00e9seau de professionnels en France et \u00e0 l&rsquo;international : autant d&rsquo;opportunit\u00e9s d&rsquo;offres de stages et d&#8217;emplois, d&rsquo;\u00e9changes sur les pratiques et probl\u00e9matiques du d\u00e9veloppement territorial dans tout type d&rsquo;espace (m\u00e9tropoles, villes petites et moyennes, espace de faible densit\u00e9).<\/p>\n<p>Le r\u00e9seau est actif, en particulier <em>via<\/em> <strong>www.linkedin.com\/school\/formationapter<\/strong><\/p>\n<p>R\u00e9pondant aux cadres de l\u2019action locale et aux exigences des <strong>r\u00e9seaux de professionnels<\/strong> tels que\u00a0 <u>l\u2019<a href=\"http:\/\/www.aperau.org\/\">APERAU<\/a><\/u> dont elle est membre (Association pour la Promotion de l\u2019enseignement et de la Recherche en Am\u00e9nagement et Urbanisme)\u00a0 <u>l\u2019<a href=\"http:\/\/unadel.org\/\">UNADEL<\/a><\/u> (Union Nationale des Acteurs et structures de D\u00e9veloppement local) ou le CNJU, la formation APTER est int\u00e9gr\u00e9e dans les r\u00e9seaux de r\u00e9flexion sur les m\u00e9tiers li\u00e9s aux dynamiques territoriales. Les m\u00e9tiers vis\u00e9s s\u2019exercent \u00e0 diff\u00e9rentes \u00e9chelles, dans des structures de proximit\u00e9 (associatives, collectivit\u00e9s locales), d\u00e9partementales, r\u00e9gionales, nationales et internationales.<\/p>\n<p>En <strong>formation continue<\/strong>, APTER s\u2019adresse aux professionnels souhaitant se<br \/>diversifier et\/ou consolider leurs comp\u00e9tences dans le champ du d\u00e9veloppement territorial et de la conduite de projet.<\/p>\n<p>Pour toute d\u00e9marche de <strong>VAE<\/strong> (validation des acquis de l\u2019exp\u00e9rience), un service sp\u00e9cifique accompagne les candidats\u00a0: <u>&#118;&#x61;&#101;&#x40;&#117;&#x6e;&#105;&#x76;&#45;&#x74;&#108;&#x73;&#101;&#x32;&#46;&#x66;&#114;<\/u><\/p>\n<h3>\u00a0<\/h3>\n<h3><strong>Une formation dans l&rsquo;actualit\u00e9 de l&rsquo;urbanisme et de l&rsquo;am\u00e9nagement gr\u00e2ce au lien avec la recherche<br \/><\/strong><\/h3>\n<p>La formation s\u2019appuie sur<strong> l\u2019actualit\u00e9 scientifique<\/strong> des laboratoires de recherche auxquels sont rattach\u00e9s les enseignants-chercheurs de l\u2019\u00e9quipe p\u00e9dagogique (UMR CNRS du LISST-Cieu, Dynamiques rurales (<a href=\"https:\/\/lisst.univ-tlse2.fr\/\"><u>lien LISST<\/u><\/a>) . L\u2019implication dans la recherche acad\u00e9mique et la recherche-action des principaux enseignants contribue \u00e0 l\u2019articulation entre actualit\u00e9 scientifique et \u00e9volutions du monde professionnel.<\/p>\n<p>&nbsp;<\/p>","protected":false},"excerpt":{"rendered":"<p>\u00a0 La Licence 3 et le MASTER Action locale et Projets de Territoire (APTER) pr\u00e9parent les \u00e9tudiants aux champs professionnels du d\u00e9veloppement territorial, de l\u2019am\u00e9nagement, de l\u2019urbanisme et de la planification. La Licence 3\u00a0 APTER initie les \u00e9tudiants \u00e0 l&rsquo;urbanisme &hellip; <a href=\"https:\/\/blogs.univ-tlse2.fr\/iup-projetsterritoires\/\">Continuer la lecture <span class=\"meta-nav\">&rarr;<\/span><\/a><\/p>\n","protected":false},"author":107,"featured_media":0,"parent":0,"menu_order":0,"comment_status":"closed","ping_status":"closed","template":"","meta":{"footnotes":""},"class_list":["post-4","page","type-page","status-publish","hentry"],"_links":{"self":[{"href":"https:\/\/blogs.univ-tlse2.fr\/iup-projetsterritoires\/wp-json\/wp\/v2\/pages\/4","targetHints":{"allow":["GET"]}}],"collection":[{"href":"https:\/\/blogs.univ-tlse2.fr\/iup-projetsterritoires\/wp-json\/wp\/v2\/pages"}],"about":[{"href":"https:\/\/blogs.univ-tlse2.fr\/iup-projetsterritoires\/wp-json\/wp\/v2\/types\/page"}],"author":[{"embeddable":true,"href":"https:\/\/blogs.univ-tlse2.fr\/iup-projetsterritoires\/wp-json\/wp\/v2\/users\/107"}],"replies":[{"embeddable":true,"href":"https:\/\/blogs.univ-tlse2.fr\/iup-projetsterritoires\/wp-json\/wp\/v2\/comments?post=4"}],"version-history":[{"count":137,"href":"https:\/\/blogs.univ-tlse2.fr\/iup-projetsterritoires\/wp-json\/wp\/v2\/pages\/4\/revisions"}],"predecessor-version":[{"id":1907,"href":"https:\/\/blogs.univ-tlse2.fr\/iup-projetsterritoires\/wp-json\/wp\/v2\/pages\/4\/revisions\/1907"}],"wp:attachment":[{"href":"https:\/\/blogs.univ-tlse2.fr\/iup-projetsterritoires\/wp-json\/wp\/v2\/media?parent=4"}],"curies":[{"name":"wp","href":"https:\/\/api.w.org\/{rel}","templated":true}]}}