 {"id":49,"date":"2024-02-17T21:19:54","date_gmt":"2024-02-17T20:19:54","guid":{"rendered":"https:\/\/blogs.univ-tlse2.fr\/japonais\/?page_id=49"},"modified":"2024-03-11T18:23:05","modified_gmt":"2024-03-11T17:23:05","slug":"cooperations-internationales","status":"publish","type":"page","link":"https:\/\/blogs.univ-tlse2.fr\/japonais\/cooperations-internationales\/","title":{"rendered":"Coop\u00e9rations internationales"},"content":{"rendered":"\n<p><br>La section de japonais n\u00e9gocie \u00e9galement chaque ann\u00e9e un certain nombre de bourses ou de s\u00e9jours au Japon \u00e0 des conditions particuli\u00e8res avec les <strong>15 universit\u00e9s japonaises<\/strong> avec lesquelles l&rsquo;UT2J a sign\u00e9 des conventions d&rsquo;\u00e9change :<\/p>\n\n\n<div class=\"wp-block-image\">\n<figure class=\"alignleft is-resized\"><img loading=\"lazy\" decoding=\"async\" width=\"230\" height=\"260\" src=\"https:\/\/blogs.univ-tlse2.fr\/japonais\/files\/2024\/02\/jmap.png\" alt=\"\" class=\"wp-image-132\" style=\"width:273px;height:auto\" \/><\/figure>\n<\/div>\n\n\n<ul class=\"wp-block-list\">\n<li><strong>AICHI University<\/strong><\/li>\n\n\n\n<li><strong>AKITA International University<\/strong><\/li>\n\n\n\n<li><strong>CH\u00db\u00d4 University<\/strong><\/li>\n\n\n\n<li><strong>HIROSHIMA University<\/strong><\/li>\n\n\n\n<li><strong>ICU<\/strong><\/li>\n\n\n\n<li><strong>KANAZAWA University<\/strong><\/li>\n\n\n\n<li><strong>NAGASAKI University of Foreign Studies<\/strong><\/li>\n\n\n\n<li><strong>NAGOYA University of Foreign Studies<\/strong><\/li>\n\n\n\n<li><strong>\u00d4SAKA University of Foreign Studies<\/strong><\/li>\n\n\n\n<li><strong>RITSUMEIKAN<\/strong><\/li>\n\n\n\n<li><strong>RY\u00dbKY\u00db University <\/strong><\/li>\n\n\n\n<li><strong>SEINAN GAKUIN University<\/strong><\/li>\n\n\n\n<li><strong>T\u00d4KY\u00d4 GAKUGEI University<\/strong><\/li>\n\n\n\n<li><strong>TSURU University<\/strong><\/li>\n\n\n\n<li><strong>WASEDA University<\/strong><\/li>\n<\/ul>\n\n\n\n<p><\/p>\n\n\n\n<p><strong>D\u00e9parts sur une ann\u00e9e universitaire compl\u00e8te : 2 semestres de septembre \u00e0 juillet<\/strong><\/p>\n\n\n\n<p>BOURSES DE LANGUE :<br>Ces bourses sont offertes par le minist\u00e8re de l&rsquo;Education japonais aux \u00e9tudiants qui d\u00e9sirent poursuivre des \u00e9tudes de langue ou de civilisation japonaises dans les universit\u00e9s japonaises. Le montant mensuel de la bourse est d&rsquo;environ 140 000 yens (1998), le logement est en chambre universitaire (ou \u00e9quivalent) et le billet aller-retour est offert. La dur\u00e9e de la bourse est de 12 mois maximum (pas de prolongation possible). Le d\u00e9part est en g\u00e9n\u00e9ral pr\u00e9vu courant septembre ou octobre. Les candidats doivent avoir entre 18 et 30 ans, \u00eatre r\u00e9guli\u00e8rement inscrits, au moment de la s\u00e9lection, en 3e ann\u00e9e de japonais \u00e0 l&rsquo;universit\u00e9, et avoir une bonne connaissance du japonais parl\u00e9 et \u00e9crit. Le retrait des dossiers d&rsquo;inscriptions a lieu en g\u00e9n\u00e9ral \u00e0 partir du d\u00e9but du mois d&rsquo;avril et la date limite de d\u00e9p\u00f4t des candidaturesest fix\u00e9e vers le tout d\u00e9but du mois de mai. Les dossiers d&rsquo;inscriptions sont \u00e0 retirer soit directement aupr\u00e8s du <strong>Service culturel et d&rsquo;information de l&rsquo;Ambassade du Japon<\/strong>, 7 rue de Tilsitt, 75017 PARIS, soit aupr\u00e8s de la <strong>Section de japonais<\/strong> si le service culturel nous en fait parvenir.<\/p>\n\n\n\n<p>BOURSES D&rsquo;ETUDES ET DE RECHERCHE :<br>Chaque ann\u00e9e le minist\u00e8re de l&rsquo;Education japonais offre une vingtaine de bourses d&rsquo;\u00e9tudes ou de recherche \u00e0 des \u00e9tudiants fran\u00e7ais ayant achev\u00e9 le 2e cycle universitaire. Ces bourses sont accord\u00e9es pour toutes les disciplines litt\u00e9raires (sciences humaines et sciences sociales), artistiques et scientifiques (que les \u00e9tudiants aient d\u00e9j\u00e0 \u00e9tudi\u00e9s le japonais ou non). Les conditions requises impliquent d&rsquo;avoir la nationalit\u00e9 fran\u00e7aise (ou en passe de l&rsquo;obtenir). Le montant de la bourse est d&rsquo;environ 190 000 yens par mois (1998) et le billet d&rsquo;avion aller-retour est offert. La dur\u00e9e des \u00e9tudes est d&rsquo;un an et demi (possibilit\u00e9 de prolonger). Les dossiers sont \u00e0 retirer \u00e0 partir du mois de mai soit aupr\u00e8s du <strong>minist\u00e8re des Affaires \u00e9trang\u00e8res, division de la formation des Fran\u00e7ais \u00e0 l&rsquo;\u00e9tranger<\/strong>, 6 rue de Marignan, 75008, PARIS (T\u00e9l: 01.40.66.63.31), soit aupr\u00e8s de <strong>l&rsquo;Ambassade du Japon \u00e0 Paris<\/strong>, 7 avenue Hoche, 75008, PARIS (t\u00e9l: 01.47.66.02.22), soit aupr\u00e8s de la <strong>Section de japonais<\/strong> si le service culturel nous en fait parvenir. La date limite du d\u00e9p\u00f4t des candidatures est en g\u00e9n\u00e9ral fix\u00e9e \u00e0 la mi-octobre.<\/p>\n\n\n\n<p>PROGRAMME JET :<br>Le programme JET est une action men\u00e9e par les collectivit\u00e9s locales du Japon en collaboration avec le Minist\u00e8re des Affaires Etrang\u00e8res, le Minist\u00e8re de l&rsquo;Education, de la Culture, des Sports, des Sciences et de la Technologie, le Minist\u00e8re de la Gestion Publique, des Affaires Int\u00e9rieures, des Postes et T\u00e9l\u00e9communications et le CLAIR (Council of Local Authorities for International Relations), et a pour objectif d&rsquo;inviter des jeunes des pays \u00e9trangers dans des bureaux des collectivit\u00e9s locales ainsi que dans des \u00e9tablissements scolaires et de promouvoir la compr\u00e9hension mutuelle entre le Japon, la France et les autres pays ainsi que d&rsquo;encourager l&rsquo;internationalisation du Japon en y renfor\u00e7ant l&rsquo;enseignement des langues \u00e9trang\u00e8res et en favorisant les \u00e9changes internationaux au niveau r\u00e9gional.<\/p>\n\n\n\n<p>Les dossiers de candidature pouvant \u00eatre assez longs \u00e0 constituer, les \u00e9tudiants sont invit\u00e9s \u00e0 s&rsquo;y int\u00e9resser le plus t\u00f4t possible<br><\/p>\n\n\n\n<p>BOURSES DE LA FONDATION POUR L&rsquo;ETUDE DE LA LANGUE ET DE LA CIVILISATION JAPONAISES :<br>Bourses de s\u00e9jours linguistiques d&rsquo;\u00e9t\u00e9 au Japon (sous l&rsquo;\u00e9gide de la Fondation de France). Les bourses sont d&rsquo;un montant de 3 050 euros.<br>Conditions :<br>&#8211; \u00eatre inscrit dans une universit\u00e9 fran\u00e7aise en deuxi\u00e8me cycle de japonais<br>&#8211; avoir obtenu un DEUG dans de bonnes conditions<br>&#8211; avoir un projet d&rsquo;\u00e9tudes linguistiques en liaison avec un organisme reconnu durant le s\u00e9jour au Japon.<\/p>\n\n\n\n<p>Nombre de bourses : 15<br><\/p>\n\n\n\n<p><strong>Pour d&rsquo;autres informations, les sites :<br><\/strong>&#8211; le site <a href=\"http:\/\/www.studyjapan.go.jp\/fr\/index.html\" target=\"_blank\" rel=\"noreferrer noopener\">Study in Japan<\/a><br>&#8211; le site de l&rsquo;<a href=\"http:\/\/www.ambafrance-jp.org\/rubrique.php3?id_rubrique=283\" target=\"_blank\" rel=\"noreferrer noopener\">Ambassade de France au Japon<\/a> &#8211; d\u00e9tail sur les <a href=\"http:\/\/www.fr.emb-japan.go.jp\/consulaire\/visa\/wh.html\" target=\"_blank\" rel=\"noreferrer noopener\">visas vacance-travail<\/a><a href=\"http:\/\/www.ambafrance-jp.org\/rubrique.php3?id_rubrique=283\" target=\"_blank\" rel=\"noreferrer noopener\"><br><\/a>&#8211; le site de l&rsquo;<a href=\"http:\/\/www.fr.emb-japan.go.jp\/jp_fr\/culture_menu.html\" target=\"_blank\" rel=\"noreferrer noopener\">Ambassade du Japon en France<\/a><\/p>\n","protected":false},"excerpt":{"rendered":"<p>La section de japonais n\u00e9gocie \u00e9galement chaque ann\u00e9e un certain nombre de bourses ou de s\u00e9jours au Japon \u00e0 des conditions particuli\u00e8res avec les 15 universit\u00e9s japonaises avec lesquelles l&rsquo;UT2J a sign\u00e9 des conventions&#46;&#46;&#46;<\/p>\n","protected":false},"author":1420,"featured_media":0,"parent":0,"menu_order":0,"comment_status":"closed","ping_status":"closed","template":"","meta":{"footnotes":""},"class_list":["post-49","page","type-page","status-publish","hentry"],"_links":{"self":[{"href":"https:\/\/blogs.univ-tlse2.fr\/japonais\/wp-json\/wp\/v2\/pages\/49","targetHints":{"allow":["GET"]}}],"collection":[{"href":"https:\/\/blogs.univ-tlse2.fr\/japonais\/wp-json\/wp\/v2\/pages"}],"about":[{"href":"https:\/\/blogs.univ-tlse2.fr\/japonais\/wp-json\/wp\/v2\/types\/page"}],"author":[{"embeddable":true,"href":"https:\/\/blogs.univ-tlse2.fr\/japonais\/wp-json\/wp\/v2\/users\/1420"}],"replies":[{"embeddable":true,"href":"https:\/\/blogs.univ-tlse2.fr\/japonais\/wp-json\/wp\/v2\/comments?post=49"}],"version-history":[{"count":3,"href":"https:\/\/blogs.univ-tlse2.fr\/japonais\/wp-json\/wp\/v2\/pages\/49\/revisions"}],"predecessor-version":[{"id":159,"href":"https:\/\/blogs.univ-tlse2.fr\/japonais\/wp-json\/wp\/v2\/pages\/49\/revisions\/159"}],"wp:attachment":[{"href":"https:\/\/blogs.univ-tlse2.fr\/japonais\/wp-json\/wp\/v2\/media?parent=49"}],"curies":[{"name":"wp","href":"https:\/\/api.w.org\/{rel}","templated":true}]}}